Selezionare il report desiderato (mese/anno)

Report relativo al mese/anno: Feb 2019
                   Monthly Climatological Summary for feb 2019

Name: MeteoBellaria   City: Bellaria I.M. (RN)   State: Italy
Elevation: 4 m  Lat: N 44 08' 38"   Lon: E 012 27' 55"

                  Temperature (C), Rain (mm), Wind Speed (km/h)

                                      Heat  Cool        Avg
    Mean                              Deg   Deg         Wind                 Dom
Day Temp  High   Time   Low    Time   Days  Days  Rain  Speed High   Time    Dir
----------------------------------------------------------------------------------
 1   9.6  16.5   19.24   3.5   04.22   8.7   0.0   0.0  18.9  64.8   23.52     S
 2   9.3  16.1   00.17   4.4   06.08   9.0   0.0   0.0  12.0  61.2   00.15     S
 3   5.9   8.6   14.18   1.7   08.18  12.4   0.0   0.0   4.5  28.1   00.58    NO
 4   7.5  10.4   15.38   4.7   22.18  10.8   0.0   0.0   8.2  28.1   13.02    NO
 5   5.9   9.9   15.11   3.4   06.40  12.4   0.0   0.0   8.5  31.7   09.55   ONO
 6   6.5  10.3   13.18   3.3   07.34  11.8   0.0   0.0   9.1  33.1   05.52   ONO
 7   5.6   9.9   15.36   0.7   07.28  12.7   0.0   0.0   2.0  18.4   11.09    NO
 8   6.1  11.6   14.24   2.6   07.48  12.2   0.0   0.0   2.1  20.9   10.28    NO
 9   5.9   9.9   14.16   1.3   08.30  12.4   0.0   0.0   1.4  39.2   08.40     E
10  12.2  16.3   12.27   6.1   01.44   6.0   0.0   0.0  11.4  50.0   19.15     S
11   9.7  15.4   01.25   6.0   07.35   8.6   0.0   0.0  10.4  55.1   01.53   ONO
12   8.4  13.6   12.32   4.6   23.58   9.9   0.0   0.0   6.4  33.1   10.37   ONO
13   6.9  11.4   10.25   2.9   07.44  11.4   0.0   0.0   2.6  18.4   13.10    SE
14   6.0  11.8   12.35   0.6   05.05  12.3   0.0   0.0   6.3 165.0   11.48     O
15   6.3  12.0   15.06   1.0   06.23  12.0   0.0   0.0   6.8  20.9   10.32   ONO
16   7.4  13.7   16.20   2.0   07.00  10.9   0.0   0.0   6.1  23.4   02.06   ONO
17   7.8  13.0   13.56   2.2   05.53  10.5   0.0   0.0   5.5  14.8   14.12    SO
18   8.4  14.4   12.18   3.4   06.54   9.9   0.0   0.0   5.4  18.4   14.51     S
19   8.0  12.9   10.53   3.6   08.14  10.3   0.0   0.0   3.5  17.3   14.11   ENE
20   4.6   8.9   15.25  -0.9   05.49  13.7   0.0   0.0   4.3  17.3   11.31   NNE
----------------------------------------------------------------------------------
     7.4  16.5     1    -0.9    20   217.9   0.0   0.0   6.8 165.0    14     OSO

Max >=  30.0:  0
Max <=  20.0: 20
Min <=   0.0:  1
Min <=  -5.0:  0
Max Rain: 0.0 on day 0
Days of Rain: 0 (>= 1.0 mm)  0 (>= 5.0 mm)  0 (>= 20.0 mm)
Heat Base: 18.3  Cool Base: 18.3  Method: Integration