Selezionare il report desiderato (mese/anno)

Report relativo al mese/anno: Mag 2019
                   Monthly Climatological Summary for mag 2019

Name: MeteoBellaria   City: Bellaria I.M. (RN)   State: Italy
Elevation: 4 m  Lat: N 44 08' 38"   Lon: E 012 27' 55"

                  Temperature (C), Rain (mm), Wind Speed (km/h)

                                      Heat  Cool        Avg
    Mean                              Deg   Deg         Wind                 Dom
Day Temp  High   Time   Low    Time   Days  Days  Rain  Speed High   Time    Dir
----------------------------------------------------------------------------------
 1  16.8  19.1   18.29  13.6   06.22   1.7   0.2   0.0   6.0  24.5   15.11    SE
 2  18.4  19.9   12.54  12.4   07.29   0.7   0.7   0.0   8.1  20.9   00.00   ESE
 3  16.6  21.1   14.17  14.2   06.14   2.0   0.3   0.0   6.9  41.8   01.46   SSO
 4  15.9  18.1   11.24  14.0   06.59   2.4   0.0   0.0   3.1  20.9   00.00    SE
 5  13.3  17.4   10.05   8.6   19.42   5.0   0.0   0.0   5.6  57.6   20.11   NNE
 6  11.8  16.1   17.38   5.0   05.39   6.5   0.0   0.0   9.6  54.0   00.11     N
 7  14.7  15.7   16.47   9.9   07.26   3.6   0.0   0.0   8.9  33.1   14.52    SE
 8  14.0  18.3   16.44   8.2   04.59   4.3   0.0   0.0   2.0  24.5   14.27     E
 9  15.6  18.1   14.13  11.2   10.05   2.7   0.0   0.0   8.8  43.9   09.13   SSE
10  16.2  20.1   09.59  11.0   03.58   2.3   0.2   0.0   3.3  23.4   17.55   ESE
11  17.7  24.0   17.38  11.7   06.14   1.9   1.3   0.0   4.6  35.6   22.52    SO
12  13.1  17.3   00.00  12.0   06.29   5.2   0.0   0.0  15.1  61.2   20.39     N
13  14.6  15.7   01.29  13.3   16.49   3.7   0.0   0.0  20.3  55.1   00.29    NE
14  13.1  40.7   04.37  11.8   04.59   5.3   0.1   0.0  10.7  88.2   04.37     E
15  10.6  14.1   16.57   6.6   09.57   7.7   0.0   0.0  10.8  47.9   01.42     N
16  16.1  41.0   21.36   7.5   02.36   4.5   2.3   0.0   1.4  14.8   07.37    NO
17  22.5  41.0   00.00   8.5   06.30   2.0   6.2   0.0   5.9  27.0   14.49    SE
18  15.9  17.3   15.09  13.7   03.11   2.4   0.0   0.0   8.0  28.1   08.52   ESE
19  15.3  17.5   13.42  13.7   05.18   3.0   0.0   0.0   2.4  11.2   17.42    NO
20  16.6  19.8   14.28  12.9   06.42   1.8   0.1   0.0   5.0  27.0   18.30   ONO
21  19.1  23.7   18.25  15.1   05.46   1.1   1.9   0.0   2.8  29.5   16.29   ONO
----------------------------------------------------------------------------------
    15.6  41.0    16     5.0     6    69.8  13.3   0.0   7.1  88.2    14     ENE

Max >=  30.0:  3
Max <=  20.0: 14
Min <=   0.0:  0
Min <=  -5.0:  0
Max Rain: 0.0 on day 0
Days of Rain: 0 (>= 1.0 mm)  0 (>= 5.0 mm)  0 (>= 20.0 mm)
Heat Base: 18.3  Cool Base: 18.3  Method: Integration