Selezionare il report desiderato (mese/anno)

Report relativo al mese/anno: Mar 2012
                   Monthly Climatological Summary for mar 2012

Name: MeteoBellaria   City: Bellaria I.M. (RN)   State: Italy
Elevation: 4 m  Lat: N 44 08' 38"   Lon: E 012 27' 55"

                  Temperature (C), Rain (mm), Wind Speed (km/h)

                                      Heat  Cool        Avg
    Mean                              Deg   Deg         Wind                 Dom
Day Temp  High   Time   Low    Time   Days  Days  Rain  Speed High   Time    Dir
----------------------------------------------------------------------------------
 1   9,8  15,3   14.06   5,1   03.32   8,5   0,0   0.0   5,2  20,9   18.29   ESE
 2  10,8  16,0   14.35   5,6   05.11   7,6   0,0   0.0   4,3  15,8   18.25   ESE
 3  10,1  15,4   13.49   5,7   07.14   8,3   0,0   0.0   5,1  18,4   15.39    NO
 4   9,3  13,7   12.09   4,7   05.07   9,0   0,0   0.0   4,6  18,4   12.17     N
 5   9,7  11,4   10.01   6,9   07.21   8,6   0,0   0.0   4,1  22,0   18.12   ESE
 6   7,8  10,4   00.00   5,7   22.54  10,5   0,0  14.7   7,0  36,7   07.23     E
 7   7,8  10,9   15.10   5,0   06.22  10,5   0,0   0.0   7,6  28,1   08.50    NO
 8   8,5  11,5   15.40   3,3   23.52   9,8   0,0   0.0   5,3  18,4   14.37    NE
 9   7,9  11,3   14.53   2,5   02.24  10,4   0,0   0.0  14,3  51,5   06.38    NE
10   6,6  11,6   17.13   1,3   03.34  11,7   0,0   0.0   8,9  24,5   08.45    NO
11   8,2  15,5   16.43   3,0   05.56  10,1   0,0   0.0   9,6  31,7   12.15    NO
12   9,1  13,2   14.36   3,8   06.02   9,2   0,0   0.0   9,9  33,1   17.32    SE
13   9,3  14,6   15.20   2,9   06.57   9,0   0,0   0.0   5,1  19,4   13.38    SE
14   9,7  14,1   13.50   4,9   06.21   8,6   0,0   0.0   5,5  20,9   15.08    SE
15  10,0  14,6   15.52   4,7   06.34   8,3   0,0   0.0   5,8  22,0   15.55   ESE
16   9,7  14,1   14.19   4,5   06.05   8,6   0,0   0.0   5,0  18,4   09.25   NNO
17   9,5  13,3   16.41   5,0   06.26   8,8   0,0   0.0   4,1  19,4   15.37   NNE
18  13,7  19,2   13.05  11,1   09.39   4,6   0,0   0.3  10,4  47,9   15.55   SSE
19  14,5  20,5   13.10   8,4   23.55   4,0   0,2   0.0  11,6  45,4   13.58     S
20   9,7  13,1   14.02   5,6   05.06   8,6   0,0   0.0   7,5  30,6   08.22    NO
21  13,0  18,8   16.47   8,2   05.45   5,3   0,0   0.0   6,1  27,0   09.16   ONO
22  12,0  16,7   16.21   7,2   06.10   6,3   0,0   0.0   4,8  17,3   14.12   ESE
23  11,9  17,2   16.29   5,8   06.04   6,4   0,0   0.0   4,5  19,4   12.18   ESE
24  13,2  17,3   10.28   9,6   04.33   5,0   0,0   0.0   5,2  27,0   11.17   NNO
25  12,7  18,5   17.13   6,8   05.13   5,4   0,0   0.0   5,6  25,6   11.25    NO
26  13,3  18,8   17.51   8,2   05.13   5,0   0,0   0.0   6,3  20,9   09.39    NO
27  12,2  17,4   17.45   5,8   04.36   6,1   0,0   0.0   4,3  17,3   10.30   NNO
28  14,2  20,7   16.34   7,7   07.29   4,5   0,3   0.0   5,7  24,5   13.28     S
29  17,4  26,1   16.44   9,8   06.37   2,7   1,8   0.0   9,1  45,4   18.16     O
30  18,7  24,0   13.07  14,5   23.22   0,7   1,0   0.0  11,0  42,8   11.16     O
31  15,3  20,7   15.09   9,2   05.35   3,1   0,1   0.0   5,6  28,1   16.05   ESE
----------------------------------------------------------------------------------
    11,1  26,1    29     1,3    10   225,2   3,4  15,0   6,7  51,5     9     NNE

Max >=  30,0:  0
Max <=  20,0: 26
Min <=   0,0:  0
Min <=  -5,0:  0
Max Rain: 5,1 on day 6
Days of Rain: 2 (>= 1,0 mm)  1 (>= 5,0 mm)  0 (>= 20,0 mm)
Heat Base: 18,3  Cool Base: 18,3  Method: Integration