Selezionare il report desiderato (mese/anno)

Report relativo al mese/anno: Apr 2012
                   Monthly Climatological Summary for apr 2012

Name: MeteoBellaria   City: Bellaria I.M. (RN)   State: Italy
Elevation: 4 m  Lat: N 44 08' 38"   Lon: E 012 27' 55"

                  Temperature (C), Rain (mm), Wind Speed (km/h)

                                      Heat  Cool        Avg
    Mean                              Deg   Deg         Wind                 Dom
Day Temp  High   Time   Low    Time   Days  Days  Rain  Speed High   Time    Dir
----------------------------------------------------------------------------------
 1  12,9  18,3   00.00   9,7   07.52   5,4   0,0   0,0  13,4  50,0   10.25   ESE
 2  10,7  15,3   15.54   4,1   06.20   7,6   0,0   0,0   7,2  27,0   15.12   ESE
 3  12,5  14,1   13.15  10,3   07.04   5,8   0,0   0,3   4,8  17,3   12.51   NNE
 4  12,6  14,0   12.35  10,5   05.42   5,7   0,0   1,3   4,9  20,9   16.04   NNE
 5  13,8  16,5   11.32  12,5   00.53   4,5   0,0   3,0   5,1  27,0   12.32     E
 6  14,4  17,9   10.49   8,7   07.01   3,9   0,0   0,0   6,0  33,1   17.53    SE
 7  15,4  19,9   12.55  10,8   06.06   3,1   0,1   0,0  11,2  52,6   14.52   OSO
 8  10,9  14,4   00.09   6,6   23.01   7,4   0,0  12,4  12,2  76,0   11.45     N
 9   8,8  10,6   14.18   5,7   23.55   9,5   0,0   0,3  12,0  37,8   01.38     E
10   8,5  13,4   15.09   1,5   07.01   9,8   0,0   0,0   8,8  34,2   14.22    SE
11  11,4  14,1   12.43   7,1   23.28   6,9   0,0  10,7  13,1  43,9   12.09    SE
12  12,1  19,5   14.15   4,8   06.35   6,3   0,0   0,0   7,9  33,1   12.40   SSO
13  11,8  13,2   01.14   9,7   06.21   6,5   0,0  13,5  10,5  47,9   14.23     E
14  11,2  12,3   13.56   9,7   07.21   7,1   0,0   4,8  11,1  33,1   00.39    NO
15  11,6  14,7   15.44   9,6   06.21   6,7   0,0   7,1   7,0  23,4   17.29    NE
16  11,7  13,9   15.44   9,7   06.32   6,7   0,0   1,0   7,6  25,6   22.56    NO
17  12,4  15,6   16.26   8,1   23.56   5,9   0,0   1,8   5,7  19,4   03.48   ESE
18  11,0  15,1   13.56   5,6   06.24   7,3   0,0   1,0   7,4  27,0   13.27    SE
19  13,3  18,3   14.01   7,8   06.23   5,0   0,0   0,0  10,6  39,2   16.59   SSO
20  12,7  15,5   18.58  10,2   06.05   5,6   0,0   1,8   6,4  31,7   22.55     S
21  15,4  20,9   17.53   8,7   06.13   3,3   0,4   1,5  14,6  58,7   03.07     O
22  15,1  21,4   15.13  12,5   05.45   3,5   0,4   0,0  11,6  43,9   17.33   OSO
23  14,7  19,5   15.41  10,6   02.34   3,7   0,1   0,0   8,9  35,6   12.37   OSO
24  15,0  18,5   15.51  12,0   00.19   3,3   0,0   1,0  16,1  73,4   12.43   SSO
25  15,2  19,0   14.43  10,5   06.36   3,1   0,0   0,0   6,9  28,1   02.25    SE
26  14,4  17,8   15.56   8,5   05.54   3,9   0,0   0,0   7,6  27,0   15.03   ESE
27  15,1  20,5   14.41  10,1   05.39   3,3   0,1   0,0   6,3  24,5   16.19   NNE
28  17,0  22,5   14.56  10,9   06.47   2,2   0,9   0,0   7,3  23,4   21.10     E
29  18,1  26,8   11.19  12,8   05.53   1,4   1,2   0,0   5,3  35,6   12.08     O
30  18,1  21,3   14.25  14,8   02.39   1,0   0,9   0,0   5,6  25,6   14.33   ESE
----------------------------------------------------------------------------------
    13,3  26,8    29     1,5    10   155,4   4,1  61,5   8,8  76,0     8      SE

Max >=  30,0:  0
Max <=  20,0: 24
Min <=   0,0:  0
Min <=  -5,0:  0
Max Rain: 5,7 on day 14
Days of Rain: 7 (>= 1,0 mm)  2 (>= 5,0 mm)  0 (>= 20,0 mm)
Heat Base: 18,3  Cool Base: 18,3  Method: Integration