Selezionare il report desiderato (mese/anno)

Report relativo al mese/anno: Mag 2012
                   Monthly Climatological Summary for mag 2012

Name: MeteoBellaria   City: Bellaria I.M. (RN)   State: Italy
Elevation: 4 m  Lat: N 44 08' 38"   Lon: E 012 27' 55"

                  Temperature (C), Rain (mm), Wind Speed (km/h)

                                      Heat  Cool        Avg
    Mean                              Deg   Deg         Wind                 Dom
Day Temp  High   Time   Low    Time   Days  Days  Rain  Speed High   Time    Dir
----------------------------------------------------------------------------------
 1  18,6  21,0   14.25  15,5   23.56   0,4   0,6   2,5   4,2  17,3   12.58   NNE
 2  17,0  22,1   18.42  11,5   05.51   2,0   0,8   0,0   6,6  28,1   10.18    NO
 3  16,8  20,6   15.14  11,6   05.53   2,0   0,5   0,0   7,1  27,0   16.29   SSE
 4  17,3  21,6   15.00  13,0   05.46   1,7   0,6   0,0   6,5  30,6   17.41   ESE
 5  18,7  24,1   15.18  12,7   05.19   1,2   1,7   0,0   9,7  47,9   12.38    SO
 6  18,0  20,7   13.17  15,3   23.55   0,7   0,4   1,0   8,6  29,5   07.38     S
 7  15,8  19,6   15.37  12,8   23.53   2,6   0,1   7,6   7,7  25,6   10.05    NO
 8  15,8  20,7   16.34  10,2   05.29   2,8   0,3   0,0   5,9  20,9   14.08     E
 9  18,6  23,0   15.09  13,9   04.21   1,3   1,7   0,0   5,5  19,4   08.58     N
10  19,8  26,2   18.26  13,7   05.33   1,2   2,7   0,0   5,8  20,9   10.38   ONO
11  21,0  27,5   18.41  15,0   04.20   0,7   3,4   0,0   5,2  15,8   10.00   ESE
12  21,8  27,0   15.41  15,6   05.33   0,5   3,9   0,0   6,1  22,0   17.16    SE
13  14,6  21,3   02.39  11,1   12.11   4,1   0,4   9,9  20,1  74,5   08.35   ENE
14  13,0  16,8   18.21   9,1   23.53   5,3   0,0   0,0  10,5  49,0   11.04     N
15  13,9  18,8   15.23   7,6   03.44   4,4   0,0   0,0   8,0  27,0   19.22    SE
16  12,0  14,9   07.20   9,4   23.46   6,3   0,0   3,0  13,6  72,4   10.24    NO
17  13,4  18,6   16.12   7,1   03.53   4,9   0,0   0,0   8,2  25,6   09.08   ONO
18  13,4  17,8   15.57   6,4   05.20   4,9   0,0   0,0   9,9  34,2   13.49   ESE
19  14,7  19,4   15.09   8,9   05.59   3,6   0,0   0,0   6,3  25,6   12.48    SE
20  15,2  17,8   11.13  10,5   05.20   3,1   0,0   4,6   6,1  30,6   22.38   ESE
21  15,7  18,7   14.51  13,4   04.45   2,6   0,0   7,6   7,9  31,7   01.51    SE
22  15,5  18,7   12.13  10,1   05.31   2,9   0,0   0,0   7,1  25,6   11.07   ONO
23  18,4  30,1   05.19  15,4   05.51   1,1   1,2   0,0   6,5  25,6   16.14   ONO
24  22,2  29,1   18.03  17,4   02.44   0,1   4,0   0,0   8,8  28,1   09.19    NO
25  20,7  24,5   13.07  15,6   05.32   0,5   2,9   0,0   4,4  18,4   12.04   NNE
26  17,6  22,1   17.08  12,5   05.07   1,7   1,1   0,0   5,7  19,4   07.10   NNO
27  17,7  23,5   16.24  10,3   06.01   2,3   1,7   0,0   6,0  19,4   11.39   NNO
28  18,4  24,1   17.24  13,3   05.37   1,6   1,7   0,0   6,9  22,0   14.03   ESE
29  20,3  25,9   18.31  14,2   04.54   1,1   3,1   0,0   6,5  27,0   15.08   SSE
30  21,2  24,8   15.32  16,3   05.12   0,2   3,1   0,0   6,9  23,4   02.11   ESE
31  21,0  25,8   11.34  16,0   05.22   0,3   3,0   0,0   7,2  34,2   12.41   ESE
----------------------------------------------------------------------------------
    17,4  30,1    23     6,4    18    68,1  38,9  36,2   7,6  74,5    13     ENE

Max >=  30,0:  1
Max <=  20,0: 10
Min <=   0,0:  0
Min <=  -5,0:  0
Max Rain: 9,2 on day 13
Days of Rain: 7 (>= 1,0 mm)  3 (>= 5,0 mm)  0 (>= 20,0 mm)
Heat Base: 18,3  Cool Base: 18,3  Method: Integration