Selezionare il report desiderato (mese/anno)

Report relativo al mese/anno: Giu 2012
                   Monthly Climatological Summary for giu 2012

Name: MeteoBellaria   City: Bellaria I.M. (RN)   State: Italy
Elevation: 4 m  Lat: N 44 08' 38"   Lon: E 012 27' 55"

                  Temperature (C), Rain (mm), Wind Speed (km/h)

                                      Heat  Cool        Avg
    Mean                              Deg   Deg         Wind                 Dom
Day Temp  High   Time   Low    Time   Days  Days  Rain  Speed High   Time    Dir
----------------------------------------------------------------------------------
 1  23,5  28,7   18.58  17,9   06.03   0,0   5,2   0,0   7,1  23,4   10.23     S
 2  22,9  26,8   13.12  19,1   06.03   0,0   4,6   0,0   7,6  34,2   15.08    SE
 3  23,0  29,3   18.40  18,0   05.40   0,0   4,7   0,0   9,9  33,1   14.21   SSE
 4  20,0  23,2   09.45  16,7   17.28   0,2   1,8   2,5  10,8  47,9   08.11   SSO
 5  19,4  23,0   17.19  14,9   02.42   0,8   1,9   0,0  11,1  28,1   03.46   NNE
 6  20,3  25,0   19.07  15,1   05.28   0,7   2,7   0,0   6,6  25,6   13.39    SE
 7  21,8  25,6   12.56  16,5   06.06   0,1   3,6   0,0   9,7  33,1   17.51    SE
 8  23,2  28,3   15.53  21,2   00.00   0,0   4,9   0,0  11,3  40,3   12.20     S
 9  24,0  24,0   00.00  24,0   00.00   0,0   5,7   0,0  13,3  19,4   00.00    SE
10  23,9  27,3   15.22  18,4   23.45   0,0   5,6   3,3  12,1  37,8   15.56   SSO
11  22,8  28,1   17.18  18,3   05.01   0,0   4,5   0,0   8,9  43,9   17.27   OSO
12  21,6  26,4   15.48  18,9   03.38   0,0   3,3   7,1  15,4  55,1   18.36   OSO
13  22,3  26,4   15.13  17,7   23.56   0,0   4,0   0,0  14,5  45,4   09.49     O
14  20,3  23,7   16.23  14,7   04.25   0,4   2,4   0,0   7,5  27,0   18.53   ENE
15  20,8  25,2   15.25  14,3   05.17   0,8   3,3   0,0   7,7  27,0   17.07   ESE
16  21,7  26,4   17.08  15,5   05.55   0,4   3,8   0,0   6,6  23,4   14.37     E
17  22,9  27,5   15.37  16,4   05.19   0,2   4,8   0,0   5,3  19,4   14.30   ENE
18  25,0  30,1   13.39  18,4   03.38   0,0   6,7   0,0   5,9  23,4   17.43   ESE
19  26,4  30,8   19.13  20,3   04.30   0,0   8,1   0,0   7,0  25,6   15.25   ESE
20  27,0  31,2   17.11  22,2   06.29   0,0   8,7   0,0   6,2  22,0   18.37   ESE
21  27,7  32,0   13.36  22,2   05.49   0,0   9,4   0,0   7,9  27,0   15.31   ESE
22  27,6  31,6   13.15  21,2   23.48   0,0   9,3   0,0   8,2  31,7   12.06   ONO
23  25,6  28,4   15.46  21,0   05.46   0,0   7,3   0,0   6,6  24,5   13.19    NE
24  25,3  28,9   16.44  20,2   06.20   0,0   7,0   0,0   7,7  22,0   15.22   ESE
25  25,6  29,5   15.05  20,6   05.40   0,0   7,3   0,0   7,7  25,6   14.40   ESE
26  24,3  29,3   07.40  21,0   15.15   0,0   6,0   0,0  11,6  31,7   07.55   SSE
27  24,6  27,8   18.13  19,2   05.35   0,0   6,3   0,0  10,7  34,2   16.25   ESE
28  24,6  28,0   17.19  18,9   06.09   0,0   6,3   0,0   8,1  28,1   17.58   ESE
29  26,8  30,3   11.32  21,9   06.32   0,0   8,5   0,3   8,5  31,7   17.47   ESE
30  28,1  31,9   13.25  22,7   06.18   0,0   9,8   0,0   8,0  29,5   16.09    SE
----------------------------------------------------------------------------------
    23,8  32,0    21    14,3    15     3,6 167,5  12,9   9,0  55,1    12      SE

Max >=  30,0:  7
Max <=  20,0:  0
Min <=   0,0:  0
Min <=  -5,0:  0
Max Rain: 125,1 on day 25
Days of Rain: 5 (>= 1,0 mm)  2 (>= 5,0 mm)  1 (>= 20,0 mm)
Heat Base: 18,3  Cool Base: 18,3  Method: Integration