Selezionare il report desiderato (mese/anno)

Report relativo al mese/anno: Lug 2012
                   Monthly Climatological Summary for lug 2012

Name: MeteoBellaria   City: Bellaria I.M. (RN)   State: Italy
Elevation: 4 m  Lat: N 44 08' 38"   Lon: E 012 27' 55"

                  Temperature (C), Rain (mm), Wind Speed (km/h)

                                      Heat  Cool        Avg
    Mean                              Deg   Deg         Wind                 Dom
Day Temp  High   Time   Low    Time   Days  Days  Rain  Speed High   Time    Dir
----------------------------------------------------------------------------------
 1  27,8  32,3   09.38  22,3   05.44   0,0   9,5   0,0   7,8  28,1   17.44   ESE
 2  28,7  33,2   20.48  21,1   09.15   0,0  10,4   0,0   8,8  43,9   17.18   ESE
 3  26,8  29,7   11.21  22,4   06.13   0,0   8,5   0,0  10,3  29,5   17.48     N
 4  26,1  29,1   18.53  21,4   06.09   0,0   7,8   0,0   8,7  24,5   17.17     E
 5  26,1  28,9   14.42  21,7   05.10   0,0   7,8   0,0  10,7  27,0   03.02    NE
 6  25,6  28,7   09.47  21,2   19.50   0,0   6,7   5,8   9,7  39,2   19.57     N
 7  27,5  29,3   15.53  21,3   00.03   0,0   4,7   0,0  12,1  29,5   17.04   ESE
 8  26,0  29,9   16.15  19,5   05.54   0,0   7,8   0,0   8,4  34,2   18.12     E
 9  27,3  29,7   16.21  24,2   06.33   0,0   9,0   0,0   9,8  24,5   13.34   ESE
10  27,3  30,6   15.31  22,6   04.07   0,0   9,0   0,0   7,5  28,1   17.08   ESE
11  26,9  31,6   11.36  20,6   05.37   0,0   8,6   0,0   9,3  31,7   18.51    SE
12  27,5  30,9   12.38  23,5   04.26   0,0   9,2   0,0  12,4  41,8   11.50   ONO
13  27,1  32,1   18.16  21,8   02.47   0,0   8,8   0,0  13,4  51,5   15.17     O
14  27,4  30,5   20.55  22,2   05.58   0,0   9,1   0,0  11,2  37,8   22.30    SE
15  28,7  32,0   15.11  22,9   23.55   0,0  10,4   0,0  17,4  57,6   15.37     O
16  23,2  26,0   12.38  19,3   23.58   0,0   4,9   0,0  11,8  54,0   05.26   NNO
17  22,4  26,8   18.09  16,1   04.40   0,4   4,4   0,0   8,7  27,0   16.12    SE
18  24,0  27,8   15.05  17,2   04.59   0,1   5,7   0,0   9,0  30,6   17.11   ESE
19  27,1  35,4   18.36  20,2   06.34   0,0   8,9   0,0   7,2  33,1   18.28    SE
20  28,9  36,6   18.27  22,0   06.46   0,0  10,6   0,0   9,9  40,3   21.10   SSE
21  25,9  29,8   09.43  21,8   21.59   0,0   7,6   0,0   9,4  47,9   16.08   NNO
22  22,3  24,7   15.35  19,6   08.24   0,0   4,1  14,4  14,8  58,7   22.22    NE
23  22,5  25,1   18.05  20,8   05.36   0,0   4,2   0,0  22,7  62,3   09.35    NE
24  23,1  26,3   18.06  19,1   06.40   0,0   4,8   0,0  11,9  36,7   00.53   NNO
25  24,2  27,3   12.52  20,3   06.30   0,0   5,9   0,0  10,4  29,5   18.29     E
26  24,6  27,9   18.33  20,2   06.39   0,0   6,3   0,0   7,1  23,4   13.21     E
27  26,0  29,0   16.37  21,3   06.24   0,0   7,7   0,0   7,9  27,0   18.34   ESE
28  28,2  37,1   19.21  22,4   06.18   0,0   9,9   0,0   9,1  41,8   18.09   SSE
29  27,9  31,1   11.54  23,5   05.19   0,0   9,6   0,0   9,8  36,7   17.42    SE
30  26,8  29,6   10.37  24,0   03.27   0,0   8,5   0,0   7,5  29,5   15.30   ESE
31  25,0  28,0   14.40  19,9   05.55   0,0   6,7   0,0   7,2  20,9   13.02   ENE
----------------------------------------------------------------------------------
    26,1  37,1    28    16,1    17     0,5 237,1  20,2  10,4  62,3    23       E

Max >=  30,0: 12
Max <=  20,0:  0
Min <=   0,0:  0
Min <=  -5,0:  0
Max Rain: 14,4 on day 22
Days of Rain: 2 (>= 1,0 mm)  2 (>= 5,0 mm)  0 (>= 20,0 mm)
Heat Base: 18,3  Cool Base: 18,3  Method: Integration