Selezionare il report desiderato (mese/anno)

Report relativo al mese/anno: Ago 2012
                   Monthly Climatological Summary for ago 2012

Name: MeteoBellaria   City: Bellaria I.M. (RN)   State: Italy
Elevation: 4 m  Lat: N 44 08' 38"   Lon: E 012 27' 55"

                  Temperature (C), Rain (mm), Wind Speed (km/h)

                                      Heat  Cool        Avg
    Mean                              Deg   Deg         Wind                 Dom
Day Temp  High   Time   Low    Time   Days  Days  Rain  Speed High   Time    Dir
----------------------------------------------------------------------------------
 1  25,2  28,9   15.01  20,1   05.15   0,0   6,9   0,0   6,8  18,4   09.07   NNE
 2  25,5  29,4   15.16  18,9   05.54   0,0   7,2   0,0   8,6  27,0   14.14   ESE
 3  27,0  31,1   13.22  21,0   06.09   0,0   8,7   0,0   8,2  35,6   15.29   ESE
 4  27,0  30,2   14.04  21,7   06.29   0,0   8,7   0,0   8,1  29,5   18.03   ESE
 5  27,1  31,6   10.07  23,1   05.54   0,0   8,8   0,0  11,4  33,1   16.47     E
 6  28,9  34,9   18.41  25,6   05.38   0,0  10,6   0,0  12,1  47,9   20.32     E
 7  27,2  30,0   13.49  23,3   06.31   0,0   8,9   0,0   9,5  30,6   14.56   ESE
 8  25,4  29,3   19.09  18,6   06.17   0,0   7,2   0,0   7,6  22,0   09.02   ENE
 9  25,3  29,3   17.03  20,0   06.15   0,0   7,0   0,0   6,0  19,4   10.47   ESE
10  24,6  27,8   13.16  21,1   03.54   0,0   6,3   0,0   7,8  24,5   08.02   NNO
11  23,6  26,7   16.01  18,0   06.21   0,0   5,3   0,0   9,1  35,6   23.55     E
12  24,4  26,3   11.05  19,4   07.03   0,0   6,1   0,0  16,2  46,4   15.24   ESE
13  23,7  26,7   14.12  18,9   06.11   0,0   5,4   0,0   9,7  30,6   16.39     E
14  24,6  26,7   15.24  21,2   06.21   0,0   6,4   0,0  10,3  30,6   17.00     E
15  24,9  27,2   09.35  20,5   06.01   0,0   6,7   0,0   9,5  33,1   18.50   ESE
16  26,7  30,5   12.03  21,8   05.12   0,0   8,4   0,0   6,9  29,5   17.07   ESE
17  25,7  28,7   10.51  21,8   05.36   0,0   7,4   0,0   7,4  25,6   08.22     N
18  25,3  29,3   14.56  19,9   06.40   0,0   7,0   0,0   5,7  17,3   12.43   ENE
19  25,7  29,8   16.46  19,8   06.29   0,0   7,4   0,0   6,2  18,4   13.24     E
20  26,3  31,0   15.09  20,7   03.44   0,0   8,0   0,0   6,1  20,9   16.56   ESE
21  26,2  29,2   13.58  21,1   06.08   0,0   7,9   0,0   7,2  25,6   14.04   ESE
22  26,2  29,2   14.20  21,3   05.20   0,0   7,9   0,0   7,5  31,7   18.07   ESE
23  27,6  31,1   12.17  22,8   06.31   0,0   9,3   0,0   7,9  25,6   13.35    NE
24  27,7  31,3   19.06  21,6   07.19   0,0   9,4   0,0   8,3  36,7   18.54   ESE
25  29,2  33,2   10.15  25,7   05.19   0,0  10,9   0,0  10,8  33,1   18.38    SE
26  26,0  30,9   18.15  21,3   11.55   0,0   7,7   2,4  10,8  61,2   21.27    SO
27  22,3  26,0   15.50  17,8   06.53   0,0   4,1   0,0   9,6  34,2   09.15    NO
28  22,0  26,7   16.21  15,8   06.08   0,5   4,2   0,0   9,4  29,5   14.46     E
29  23,3  27,4   17.15  17,1   06.23   0,1   5,1   0,0   7,3  20,9   09.31     E
30  24,8  28,0   15.03  19,7   06.32   0,0   6,5   0,0   7,8  29,5   17.48     E
31  22,5  25,3   02.51  20,1   11.47   0,0   4,2   5,7   8,5  31,7   13.00     S
----------------------------------------------------------------------------------
    25,5  34,9     6    15,8    28     0,6 225,6   8,1   8,7  61,2    26       E

Max >=  30,0: 11
Max <=  20,0:  0
Min <=   0,0:  0
Min <=  -5,0:  0
Max Rain: 5,7 on day 31
Days of Rain: 2 (>= 1,0 mm)  1 (>= 5,0 mm)  0 (>= 20,0 mm)
Heat Base: 18,3  Cool Base: 18,3  Method: Integration