Selezionare il report desiderato (mese/anno)

Report relativo al mese/anno: Nov 2012
                   Monthly Climatological Summary for nov 2012

Name: MeteoBellaria   City: Bellaria I.M. (RN)   State: Italy
Elevation: 4 m  Lat: N 44 08' 38"   Lon: E 012 27' 55"

                  Temperature (C), Rain (mm), Wind Speed (km/h)

                                      Heat  Cool        Avg
    Mean                              Deg   Deg         Wind                 Dom
Day Temp  High   Time   Low    Time   Days  Days  Rain  Speed High   Time    Dir
----------------------------------------------------------------------------------
 1  13.8  18.4   14.24   9.7   05.29   4.5   0.0   1.2   9.1  36.7   12.31   OSO
 2  15.2  20.9   13.19   8.9   05.54   3.7   0.6   0.0   9.1  50.0   14.23   OSO
 3  14.6  19.5   11.20   9.3   07.06   3.8   0.1   0.0   9.9  39.2   13.33     S
 4  17.1  21.6   23.58  13.8   20.13   1.6   0.5   0.6  13.7  37.8   23.26   SSE
 5  20.2  23.1   11.58  15.9   22.58   0.5   2.4   0.6  21.9  64.8   14.44   OSO
 6  15.8  19.2   14.20  11.6   22.11   2.6   0.1   0.0  14.7  55.1   12.55     O
 7  11.1  15.2   14.08   7.2   23.55   7.2   0.0   0.0  10.5  36.7   09.31   ONO
 8   9.1  14.2   15.21   5.1   05.56   9.2   0.0   0.0   5.0  13.3   09.47     O
 9  10.5  16.0   12.07   5.0   05.58   7.8   0.0   0.0   4.2  14.8   15.52    SO
10  12.2  15.4   22.46   8.6   03.33   6.1   0.0   0.0   6.1  39.2   22.22     S
11  16.8  22.2   09.38  13.2   22.30   1.8   0.3  16.8  18.0  64.8   09.34    SE
12  12.5  15.2   00.25  11.3   23.34   5.8   0.0  42.7  10.4  66.2   17.29   OSO
13  12.6  14.1   14.50  10.9   01.01   5.7   0.0   0.0   2.8  19.4   10.43   ONO
14  13.0  15.0   16.27  11.4   22.09   5.3   0.0   0.3   0.8  19.4   05.39   ONO
15  10.0  12.3   11.53   7.3   21.36   8.4   0.0   0.0   0.9  30.6   23.29     O
16   9.1  11.0   13.09   6.5   04.48   9.2   0.0   0.0  10.2  31.7   08.57   ONO
17  10.1  11.2   13.56   8.9   07.37   8.2   0.0   0.0   8.2  20.9   11.54   ONO
18   9.1   9.6   13.31   8.4   07.01   9.2   0.0   0.0   9.2  24.5   11.24   ONO
19   9.2  10.1   21.51   8.6   10.56   9.1   0.0  15.0  13.4  37.8   13.56   ONO
20  11.2  12.7   14.40   9.8   03.37   7.1   0.0   3.6  11.3  29.5   04.39   ONO
21  10.0  12.7   16.04   7.4   23.59   8.3   0.0   0.0   8.3  28.1   11.26   ONO
22   9.1  12.5   13.42   5.2   06.35   9.2   0.0   0.0   3.2  12.2   12.46     O
23   9.5  13.7   12.42   6.6   06.27   8.8   0.0   0.0   3.6  14.8   12.46    SO
24   9.6  13.0   13.16   6.8   06.49   8.7   0.0   0.0   3.3  12.2   11.26   ONO
25   9.8  13.7   14.26   6.8   06.10   8.5   0.0   0.0   4.5  18.4   11.29   ONO
26  12.7  18.7   13.18   6.3   05.08   5.7   0.0   0.0   7.7  33.1   13.34     S
27  13.5  14.8   09.16  11.8   20.40   4.9   0.0   1.8  14.0  34.2   12.18    SE
28  13.6  14.8   09.37  11.5   00.51   4.7   0.0  12.0  14.4  50.0   18.38    SE
29  11.1  12.8   12.28   8.8   23.57   7.2   0.0   2.1  10.7  31.7   03.24   SSE
30   9.7  12.1   13.55   6.5   23.47   8.6   0.0   0.6  10.9  35.6   13.52    SO
----------------------------------------------------------------------------------
    12.1  23.1     5     5.0     9   191.4   4.0  97.3   9.0  66.2    12      SO

Max >=  30.0:  0
Max <=  20.0: 26
Min <=   0.0:  0
Min <=  -5.0:  0
Max Rain: 42.7 on day 12
Days of Rain: 8 (>= 1.0 mm)  4 (>= 5.0 mm)  1 (>= 20.0 mm)
Heat Base: 18.3  Cool Base: 18.3  Method: Integration