Selezionare il report desiderato (mese/anno)

Report relativo al mese/anno: Dic 2012
                   Monthly Climatological Summary for dic 2012

Name: MeteoBellaria   City: Bellaria I.M. (RN)   State: Italy
Elevation: 4 m  Lat: N 44 08' 38"   Lon: E 012 27' 55"

                  Temperature (C), Rain (mm), Wind Speed (km/h)

                                      Heat  Cool        Avg
    Mean                              Deg   Deg         Wind                 Dom
Day Temp  High   Time   Low    Time   Days  Days  Rain  Speed High   Time    Dir
----------------------------------------------------------------------------------
 1   7.7  10.9   17.57   5.3   00.51  10.6   0.0   2.1   7.1  29.5   16.05     O
 2   6.6   8.4   23.49   5.6   21.51  11.7   0.0   4.0  12.7  57.6   22.46    NO
 3   5.9  10.3   14.57   2.5   20.47  12.4   0.0   0.6  13.6  54.0   01.20   ONO
 4   5.8  12.2   13.24   1.6   23.56  12.5   0.0   4.6  11.4  43.9   16.12    SO
 5   3.4   6.6   13.46   0.5   05.24  14.9   0.0   0.0   5.1  17.3   16.03     O
 6   3.3   7.7   14.45   0.3   23.21  15.0   0.0   0.3   8.0  30.6   10.42   ONO
 7   2.7   6.6   19.25  -1.2   06.49  15.6   0.0   0.9   7.1  45.4   23.49   OSO
 8   1.7   5.6   23.44  -0.2   07.25  16.6   0.0   6.3  25.3  67.3   23.57   NNO
 9   2.5   7.0   03.41  -1.7   08.22  15.8   0.0   0.0  14.5  67.3   03.21    NO
10   1.5   4.9   14.27  -1.8   07.11  16.8   0.0   0.0   9.0  34.2   23.02   ONO
11   3.6   8.6   14.44  -0.7   06.53  14.7   0.0   3.9   9.3  36.7   23.32   ONO
12   1.5   5.4   14.46  -1.9   08.29  16.8   0.0   6.0   7.1  33.1   00.43     O
13  -0.6   0.8   18.22  -3.8   06.48  18.9   0.0   0.0   5.8  19.4   20.48     O
14   0.6   1.3   14.10  -0.3   06.12  17.7   0.0   0.0   8.3  25.6   13.56   ONO
15   1.8   3.3   15.02   0.6   01.01  16.5   0.0   0.3   6.9  28.1   13.55   ONO
16   2.7   6.7   11.15   1.4   02.39  15.6   0.0   0.0   5.3  19.4   13.06   ONO
17   2.5   4.6   22.16   1.2   03.56  15.8   0.0   0.0   9.2  28.1   13.53   ONO
18   2.2   4.3   00.00  -0.5   05.35  16.1   0.0   0.0  12.3  34.2   11.09   ONO
19   2.0   7.3   14.45  -1.4   05.18  16.3   0.0   0.3  11.1  29.5   11.43   ONO
20   2.2   5.4   13.04  -1.7   07.29  16.1   0.0   0.0   4.4  14.8   02.12   ONO
21   2.6   4.0   06.33   1.9   12.50  15.7   0.0   5.1   7.4  22.0   09.31   ONO
22   3.1   5.6   13.29   1.4   23.54  15.2   0.0   0.0   7.0  28.1   07.26   ONO
23   2.1   4.2   15.19  -0.9   08.21  16.2   0.0   0.0   4.5  14.8   04.44   ONO
24   3.3   5.8   21.41   0.8   04.48  15.0   0.0   0.0   4.2  17.3   08.33     O
25   5.4   6.3   13.12   4.9   06.59  12.9   0.0   0.0   4.3  15.8   16.56   ONO
26   5.5   6.5   19.38   4.9   00.11  12.8   0.0   5.4   6.5  24.5   22.36   ONO
27   5.1   5.6   11.05   4.6   17.33  13.2   0.0   0.0   5.1  23.4   00.54   ONO
28   5.4  10.7   13.59   2.5   08.39  12.9   0.0   0.0   8.9  40.3   07.31   ONO
29   4.3   9.9   14.26   0.3   08.24  14.0   0.0   0.0   7.9  24.5   14.44   ONO
30   2.9   8.0   15.03  -1.3   07.39  15.4   0.0   0.0   4.7  18.4   02.08   OSO
31   2.7   8.1   15.01  -1.6   08.08  15.6   0.0   0.0   6.5  22.0   10.42     O
----------------------------------------------------------------------------------
     3.3  12.2     4    -3.8    13   465.3   0.0  39.8   8.4  67.3     8     ONO

Max >=  30.0:  0
Max <=  20.0: 31
Min <=   0.0: 14
Min <=  -5.0:  0
Max Rain: 6.3 on day 8
Days of Rain: 8 (>= 1.0 mm)  4 (>= 5.0 mm)  0 (>= 20.0 mm)
Heat Base: 18.3  Cool Base: 18.3  Method: Integration