Selezionare il report desiderato (mese/anno)

Report relativo al mese/anno: Gen 2013
                   Monthly Climatological Summary for gen 2013

Name: MeteoBellaria   City: Bellaria I.M. (RN)   State: Italy
Elevation: 4 m  Lat: N 44 08' 38"   Lon: E 012 27' 55"

                  Temperature (C), Rain (mm), Wind Speed (km/h)

                                      Heat  Cool        Avg
    Mean                              Deg   Deg         Wind                 Dom
Day Temp  High   Time   Low    Time   Days  Days  Rain  Speed High   Time    Dir
----------------------------------------------------------------------------------
 1   2.4   6.7   14.08  -1.8   06.34  15.9   0.0   0.0   4.1  12.2   15.03   SSO
 2   4.3   5.3   20.22   2.6   00.00  14.0   0.0   0.0  13.3  35.6   22.44   ONO
 3   7.0  11.1   15.09   3.6   23.15  11.3   0.0   0.6  10.2  33.1   00.51   ONO
 4   5.4  10.2   14.42   1.5   05.35  12.9   0.0   0.3   4.4  15.8   14.38     O
 5   5.7  13.0   12.51   1.8   03.36  12.6   0.0   0.0   3.9  22.0   12.27   OSO
 6   6.0  10.7   13.49   1.8   08.31  12.3   0.0   0.0   4.0  28.1   22.50     O
 7   3.8   6.3   12.21   0.1   08.28  14.5   0.0   0.0   4.7  19.4   16.42   SSO
 8   5.2   6.8   14.06   3.7   02.51  13.1   0.0   0.0   6.6  19.4   13.29   ONO
 9   6.6   7.6   14.02   5.8   03.37  11.7   0.0   0.0   5.1  17.3   06.35   ONO
10   5.7   6.8   16.07   3.5   21.40  12.6   0.0   0.6   4.3  19.4   05.12     O
11   3.7   5.4   13.01   0.2   05.57  14.6   0.0   1.8   7.2  29.5   18.49   ONO
12   3.9   5.0   12.37   2.7   07.49  14.4   0.0   0.3   5.3  28.1   01.23   ONO
13   4.0   4.8   15.51   3.1   08.11  14.3   0.0   3.9   6.1  20.9   22.48   ONO
14   3.3   4.7   14.30   1.9   08.55  15.0   0.0   3.0   8.5  34.2   14.07   ONO
15   2.9   6.1   18.15   0.1   07.25  15.4   0.0   0.3   4.9  20.9   10.06   OSO
16   3.9   6.9   01.53   1.1   13.10  14.4   0.0  14.4  10.7  46.4   11.27   ONO
17   2.2   6.7   23.46   0.1   17.27  16.1   0.0  12.0  11.3  42.8   23.14    NO
18   3.1   6.8   00.07   1.9   07.10  15.2   0.0   1.8  15.4  43.9   06.37   ONO
19   4.4   8.4   12.10   1.1   05.57  13.9   0.0   2.1   8.5  34.2   18.14   SSE
20   3.7   5.2   00.00   3.2   02.47  14.6   0.0   6.3  10.5  33.1   02.35   ONO
21   3.9   5.8   15.47   1.1   23.48  14.4   0.0   1.5   7.0  27.0   15.02   ONO
22   5.9  10.8   10.11   1.2   00.00  12.4   0.0   0.3   7.3  33.1   14.57     O
23   4.8   9.2   11.51   0.5   07.20  13.5   0.0   0.0   6.1  28.1   23.33   SSO
24   5.4   7.9   22.54   4.4   00.00  12.9   0.0  15.0  17.1  46.4   11.51    NO
25   6.6   7.7   03.57   4.9   02.10  11.7   0.0   0.0  15.7  47.9   06.31    NE
26   3.2   6.0   00.00   0.3   23.57  15.1   0.0   0.0  12.5  40.3   13.54    NO
27   2.3   6.5   16.08  -1.2   07.34  16.0   0.0   0.0   5.9  18.4   14.02   ONO
28   2.5   4.0   12.29   0.7   00.09  15.8   0.0   7.2  10.0  37.8   18.10   ONO
29   3.4   6.7   10.16   1.8   00.16  14.9   0.0   0.3   6.5  27.0   00.38   ONO
30   2.6   4.0   18.48   1.1   07.30  15.7   0.0   0.0   3.1  13.3   00.07    NO
31   4.7   6.4   15.09   2.3   05.25  13.6   0.0   0.0   5.8  22.0   04.56    NO
----------------------------------------------------------------------------------
     4.3  13.0     5    -1.8     1   434.8   0.0  71.7   7.9  47.9    25     ONO

Max >=  30.0:  0
Max <=  20.0: 31
Min <=   0.0:  2
Min <=  -5.0:  0
Max Rain: 15.0 on day 24
Days of Rain: 11 (>= 1.0 mm)  5 (>= 5.0 mm)  0 (>= 20.0 mm)
Heat Base: 18.3  Cool Base: 18.3  Method: Integration