Selezionare il report desiderato (mese/anno)

Report relativo al mese/anno: Feb 2013
                   Monthly Climatological Summary for feb 2013

Name: MeteoBellaria   City: Bellaria I.M. (RN)   State: Italy
Elevation: 4 m  Lat: N 44 08' 38"   Lon: E 012 27' 55"

                  Temperature (C), Rain (mm), Wind Speed (km/h)

                                      Heat  Cool        Avg
    Mean                              Deg   Deg         Wind                 Dom
Day Temp  High   Time   Low    Time   Days  Days  Rain  Speed High   Time    Dir
----------------------------------------------------------------------------------
 1   4.4   5.9   16.11   2.5   08.13  13.9   0.0   0.0   3.9  17.3   00.27    NO
 2   8.1  15.7   12.44   3.2   21.23  10.2   0.0  12.9  16.9  78.5   23.58     O
 3   6.2   8.7   15.50   1.1   23.57  12.1   0.0  20.7  16.3  73.4   00.00     N
 4   6.0  11.2   13.23   1.1   00.00  12.3   0.0   0.0   5.4  15.8   13.08     S
 5   7.1  12.7   23.47   3.4   06.07  11.2   0.0   0.0   5.3  49.0   23.26    SO
 6   8.1  12.6   01.07   3.9   23.58  10.2   0.0   0.0  10.4  63.7   09.43     O
 7   4.8   8.2   13.38   2.5   06.12  13.5   0.0   0.0  11.7  35.6   14.53    NO
 8   4.5   8.5   13.44   0.9   23.59  13.8   0.0   0.0  10.1  28.1   01.38    NO
 9   2.9   6.0   15.08   0.4   01.21  15.4   0.0   0.0  11.8  37.8   07.31    NO
10   2.2   5.4   15.31  -0.1   07.40  16.1   0.0   0.3   9.3  56.2   00.45    NO
11   3.2   6.5   17.50   0.0   00.17  15.1   0.0   0.0  16.3  54.0   11.11   SSE
12   2.3   5.0   14.29  -0.4   06.07  16.0   0.0   0.0   8.5  24.5   13.40   ONO
13   2.5   4.3   16.40   0.8   08.04  15.8   0.0   2.7  14.8  43.9   10.21   ONO
14   4.8   9.0   15.43   2.3   00.12  13.5   0.0   0.3  12.6  30.6   02.07   ONO
15   4.0   8.3   14.56  -0.2   07.07  14.3   0.0   0.0   7.2  22.0   23.33   ONO
16   5.4   8.9   15.14   2.5   06.23  12.9   0.0   0.0  11.4  33.1   11.16   ONO
17   4.9   8.0   13.40   3.1   08.55  13.4   0.0   4.8  10.1  31.7   10.32   ONO
18   4.4   7.4   14.08   2.3   23.27  13.9   0.0   0.6  11.3  37.8   10.58   ONO
19   4.4   8.7   13.54   1.0   23.59  13.9   0.0   0.0   9.5  29.5   06.15   ONO
20   4.3   7.5   16.35   0.1   05.52  14.0   0.0   1.5   4.4  19.4   16.46     O
21   4.0   6.3   04.20   0.2   21.40  14.3   0.0   6.9  11.7  45.4   18.16   ONO
22   0.2   0.6   01.27  -0.2   20.10  18.1   0.0   2.1  13.1  33.1   10.58   ONO
23   0.2   0.9   12.34  -0.1   00.00  18.1   0.0   9.6   2.9  19.4   22.41     O
24   4.4   9.2   14.06   0.0   07.19  13.9   0.0   4.2  11.7  42.8   11.58     S
25   5.8   9.5   12.29   3.1   23.17  12.4   0.0   0.0   9.7  30.6   14.50   SSE
26   4.7   9.4   15.38   0.3   07.31  13.6   0.0   0.0  13.3  45.4   11.31   ONO
27   5.3   6.1   05.25   3.4   00.27  13.0   0.0   0.6  11.4  30.6   17.06   ONO
28   5.6   9.5   12.22   2.6   23.45  12.7   0.0   0.0   5.7  24.5   09.49   ONO
----------------------------------------------------------------------------------
     4.5  15.7     2    -0.4    12   387.6   0.0  67.2  10.2  78.5     2     ONO

Max >=  30.0:  0
Max <=  20.0: 28
Min <=   0.0:  7
Min <=  -5.0:  0
Max Rain: 20.7 on day 3
Days of Rain: 9 (>= 1.0 mm)  4 (>= 5.0 mm)  1 (>= 20.0 mm)
Heat Base: 18.3  Cool Base: 18.3  Method: Integration