Selezionare il report desiderato (mese/anno)

Report relativo al mese/anno: Mar 2013
                   Monthly Climatological Summary for mar 2013

Name: MeteoBellaria   City: Bellaria I.M. (RN)   State: Italy
Elevation: 4 m  Lat: N 44 08' 38"   Lon: E 012 27' 55"

                  Temperature (C), Rain (mm), Wind Speed (km/h)

                                      Heat  Cool        Avg
    Mean                              Deg   Deg         Wind                 Dom
Day Temp  High   Time   Low    Time   Days  Days  Rain  Speed High   Time    Dir
----------------------------------------------------------------------------------
 1   5.8   8.6   14.23   1.2   03.45  12.5   0.0   0.0   4.7  24.5   22.35    NE
 2   6.6  10.3   11.58   3.3   06.33  11.7   0.0   0.0   7.6  24.5   13.31    NO
 3   6.2  10.7   16.38   1.0   07.06  12.1   0.0   0.0   6.0  17.3   10.44   ONO
 4   6.0  11.1   14.01   1.0   05.04  12.3   0.0   0.0   5.0  17.3   14.59   OSO
 5   5.1   8.6   13.12  -0.1   06.44  13.2   0.0   0.9   4.2  17.3   21.37   ONO
 6   7.8   9.5   14.07   6.5   01.20  10.5   0.0  10.2   3.1  18.4   02.08   ONO
 7   9.3  11.6   11.46   7.6   07.13   9.0   0.0   0.9   4.4  17.3   15.32    NE
 8   9.6  10.7   15.52   8.1   01.30   8.7   0.0   4.8   4.9  18.4   12.51   NNO
 9  11.1  12.8   12.20   9.6   05.06   7.2   0.0   1.2   8.1  28.1   21.12   SSE
10  11.1  14.0   14.06   8.7   05.17   7.2   0.0   2.7   7.6  37.8   14.47   SSO
11   9.9  14.0   09.26   7.6   23.30   8.4   0.0  11.0   6.1  37.8   16.39     S
12   9.6  13.3   11.53   5.4   05.31   8.7   0.0   0.0   6.5  22.0   16.12     S
13   9.6  14.5   12.45   7.2   05.42   8.7   0.0   4.8   5.9  51.5   15.26     O
14   7.5   9.0   02.36   6.9   06.49  10.8   0.0  30.2  17.9  56.2   15.09   NNE
15   6.0   8.2   13.01   2.1   22.28  12.3   0.0   0.0  11.7  45.4   04.14   ENE
16   5.0   7.4   12.38   1.2   07.03  13.3   0.0   0.0  11.4  34.2   18.17    SE
17   7.1  11.6   13.31   1.7   04.32  11.2   0.0   0.4  11.0  41.8   16.44    SE
18  10.1  17.0   12.50   5.3   15.42   8.3   0.0   2.9  19.9  77.0   22.58     S
19  12.7  16.6   14.07   7.9   23.48   5.6   0.0   0.0  20.7  58.7   11.07     O
20  10.2  13.6   08.35   6.9   00.50   8.1   0.0   9.7   6.8  29.5   12.26    SE
21  10.6  16.7   15.50   6.6   23.45   7.7   0.0   4.3  14.0  49.0   05.22   ONO
22   9.6  14.0   12.19   4.6   06.25   8.7   0.0   0.0   7.6  27.0   16.54    SE
23  10.4  13.2   09.45   6.8   06.36   7.9   0.0   0.0   5.8  19.4   12.35   ESE
24  10.5  11.7   12.31   9.4   00.00   7.8   0.0   4.7  11.5  43.9   15.09     E
25   5.5  10.1   00.00   2.5   21.28  12.8   0.0  23.0  17.0  45.4   16.32    NO
26   3.7   6.2   14.40   2.5   03.33  14.6   0.0   3.2   9.2  39.2   00.00   ONO
27   6.1   8.9   13.19   2.9   06.07  12.1   0.0   0.0   7.4  22.0   16.39   SSE
28   9.3  12.0   16.16   7.1   03.22   9.0   0.0   0.0   9.7  31.7   16.59    SE
29   7.9  10.5   21.48   6.2   04.10  10.4   0.0   0.0   8.9  35.6   01.00    NO
30   9.7  14.4   18.02   8.2   00.11   8.6   0.0   3.6  11.8  45.4   16.23    SE
31  10.0  12.6   12.12   8.4   07.48   8.0   0.0   0.0   8.6  29.5   13.45   NNO
----------------------------------------------------------------------------------
     8.4  17.0    18    -0.1     5   307.4   0.0 118.5   9.2  77.0    18     SSO

Max >=  30.0:  0
Max <=  20.0: 31
Min <=   0.0:  1
Min <=  -5.0:  0
Max Rain: 30.2 on day 14
Days of Rain: 14 (>= 1.0 mm)  5 (>= 5.0 mm)  2 (>= 20.0 mm)
Heat Base: 18.3  Cool Base: 18.3  Method: Integration