Selezionare il report desiderato (mese/anno)

Report relativo al mese/anno: Apr 2013
                   Monthly Climatological Summary for apr 2013

Name: MeteoBellaria   City: Bellaria I.M. (RN)   State: Italy
Elevation: 4 m  Lat: N 44 08' 38"   Lon: E 012 27' 55"

                  Temperature (C), Rain (mm), Wind Speed (km/h)

                                      Heat  Cool        Avg
    Mean                              Deg   Deg         Wind                 Dom
Day Temp  High   Time   Low    Time   Days  Days  Rain  Speed High   Time    Dir
----------------------------------------------------------------------------------
 1   9.8  11.6   11.26   6.8   07.24   8.5   0.0   2.9   9.7  34.2   22.55    NE
 2   9.4  11.2   00.00   8.2   23.55   8.9   0.0  29.3  14.7  46.4   04.52   NNE
 3   8.7  11.2   16.19   6.1   23.36   9.6   0.0   0.0  10.5  33.1   11.16   ONO
 4   9.2  11.6   22.42   4.4   06.30   9.1   0.0   0.0  13.8  41.8   12.15   ESE
 5  11.0  12.3   10.09  10.0   21.36   7.3   0.0   5.2  13.8  42.8   13.33   ONO
 6  11.1  12.9   14.08   9.1   04.34   7.2   0.0   0.0   5.6  17.3   14.16   ENE
 7  10.6  12.2   14.41   7.4   23.59   7.7   0.0   0.0   5.9  25.6   10.28    NE
 8   8.8  11.1   12.51   4.6   06.53   9.5   0.0   0.0   8.6  30.6   19.38    SE
 9  10.1  14.5   23.45   6.7   06.35   8.2   0.0   0.0   9.9  31.7   18.20     S
10  11.6  14.3   00.30   9.2   06.43   6.7   0.0   0.7   8.6  28.1   01.03     E
11  12.3  16.7   11.44   6.7   06.34   6.0   0.0   0.3   7.9  35.6   19.14    SE
12  17.5  22.4   17.06  13.2   00.13   1.5   0.7   0.0  16.3  50.0   15.12   SSO
13  16.2  20.1   11.21  11.9   07.30   2.2   0.1   0.0   8.6  31.7   09.46     S
14  13.9  17.5   16.49   9.6   05.33   4.4   0.0   0.0   6.4  18.4   15.30     E
15  14.6  18.0   17.07  10.1   07.14   3.7   0.0   0.0   6.7  20.9   13.49   ESE
16  15.2  18.1   16.25  11.7   06.29   3.1   0.0   0.0   7.0  22.0   14.42     E
17  15.5  20.1   16.44  10.0   06.27   3.1   0.2   0.0   5.8  22.0   08.50     N
18  16.1  20.4   15.47  11.1   06.36   2.5   0.3   0.0   6.3  20.9   16.27   ESE
19  16.9  20.4   19.27  12.3   04.52   1.7   0.3   0.0  10.3  36.6   19.05   ESE
20  16.2  20.0   09.48  13.5   23.58   2.3   0.1  20.7  13.9  50.0   10.33    SE
21  13.8  15.3   17.15  12.8   04.10   4.5   0.0   2.4   5.6  23.4   18.26     E
22  13.6  16.3   14.22  10.2   23.51   4.7   0.0   0.0   8.9  30.6   18.15    SE
23  12.9  16.3   16.45   8.2   06.45   5.4   0.0   0.0   8.5  27.0   15.43    NE
24  13.6  17.5   15.10   7.9   04.59   4.7   0.0   0.0   6.4  23.4   12.14    NE
25  15.3  19.9   15.04   9.6   05.43   3.1   0.1   0.0   6.8  20.9   15.53     E
26  16.1  20.0   12.59  11.9   02.07   2.2   0.1   0.0   5.9  31.7   13.53   ESE
27  18.0  21.0   15.15  15.3   05.27   0.8   0.5   0.0  11.9  41.8   18.03   SSE
28  17.9  22.9   13.01  16.0   23.17   1.0   0.6   0.0  14.7  41.8   15.28    SE
29  16.6  18.4   14.07  14.5   05.37   1.7   0.0   0.0   7.1  23.4   00.44     N
30  16.8  18.6   16.49  14.7   03.33   1.5   0.0   0.0   5.1  24.5   15.45   ENE
----------------------------------------------------------------------------------
    13.6  22.9    28     4.4     4   142.8   3.0  61.5   9.0  50.0    12     ESE

Max >=  30.0:  0
Max <=  20.0: 23
Min <=   0.0:  0
Min <=  -5.0:  0
Max Rain: 29.3 on day 2
Days of Rain: 5 (>= 1.0 mm)  3 (>= 5.0 mm)  2 (>= 20.0 mm)
Heat Base: 18.3  Cool Base: 18.3  Method: Integration