Selezionare il report desiderato (mese/anno)

Report relativo al mese/anno: Lug 2013
                   Monthly Climatological Summary for lug 2013

Name: MeteoBellaria   City: Bellaria I.M. (RN)   State: Italy
Elevation: 4 m  Lat: N 44 08' 38"   Lon: E 012 27' 55"

                  Temperature (C), Rain (mm), Wind Speed (km/h)

                                      Heat  Cool        Avg
    Mean                              Deg   Deg         Wind                 Dom
Day Temp  High   Time   Low    Time   Days  Days  Rain  Speed High   Time    Dir
----------------------------------------------------------------------------------
 1  21.7  24.8   15.48  16.2   04.22   0.3   3.7   0.0  11.7  37.8   15.00    SE
 2  22.6  25.8   19.24  17.0   05.45   0.1   4.4   0.0   8.1  29.5   17.31   ESE
 3  23.5  27.4   10.10  18.5   02.55   0.0   5.2   0.0   6.3  28.1   15.22   ESE
 4  23.9  26.7   15.22  20.3   05.43   0.0   5.6   0.0   8.5  27.0   01.21   ONO
 5  24.2  29.8   19.27  18.6   05.11   0.0   5.9   0.0   6.6  23.4   07.39   NNO
 6  24.9  28.8   16.19  18.9   05.27   0.0   6.6   0.0   6.8  19.4   08.07   NNO
 7  24.4  27.3   17.43  20.2   06.19   0.0   6.1   0.0   9.1  28.1   14.23     N
 8  24.2  27.3   15.42  20.3   06.17   0.0   5.9   0.0   8.3  23.4   11.59   NNO
 9  24.6  28.6   19.38  19.4   03.50   0.0   6.3   0.0   7.8  25.6   09.26   NNO
10  24.6  28.1   10.46  19.5   05.52   0.0   6.3   0.0   7.4  29.5   12.47   NNO
11  24.3  28.8   12.54  20.1   04.37   0.0   6.0   0.0   6.4  40.3   14.36    SO
12  24.2  26.8   12.39  21.3   06.23   0.0   5.9   0.0   9.6  27.0   08.22     N
13  23.9  28.0   15.21  20.0   06.25   0.0   5.6   0.0   7.1  42.8   16.46   ESE
14  23.7  27.1   19.00  18.8   06.43   0.0   5.4   1.4  11.3  67.3   01.44     N
15  24.2  27.9   16.56  17.9   06.07   0.0   5.9   0.0   9.0  27.0   19.12   ESE
16  24.6  27.4   13.06  19.7   05.37   0.0   6.3   0.0  10.6  34.2   14.29   ESE
17  24.2  27.1   16.07  18.6   06.09   0.0   5.9   0.0   7.2  20.9   13.58     E
18  23.6  28.1   15.46  17.1   05.48   0.1   5.4   0.0   7.7  22.0   15.10   ESE
19  24.6  28.0   18.05  20.2   03.53   0.0   6.3   0.0   8.9  33.1   08.37   NNO
20  24.9  29.5   15.18  18.8   06.17   0.0   6.6   0.0   6.6  23.4   11.40     N
21  24.6  28.7   17.12  19.2   05.16   0.0   6.3   0.0   6.9  25.6   09.04   NNE
22  24.7  29.0   19.02  19.0   06.07   0.0   6.5   0.0   7.0  22.0   15.01   ESE
23  25.0  30.0   17.30  18.0   06.07   0.0   6.8   0.0   9.6  27.0   09.27    SE
24  26.6  31.2   16.08  20.6   05.51   0.0   8.3   0.0   6.4  24.5   15.56    SE
25  26.8  29.8   11.02  21.3   05.50   0.0   8.5   0.0   7.9  24.5   10.18    NE
26  27.0  30.8   18.17  22.4   05.56   0.0   8.7   0.0   6.6  23.4   15.33   ESE
27  27.8  31.3   15.10  22.8   06.26   0.0   9.5   0.0   7.3  28.1   17.28   ESE
28  29.2  34.8   20.17  23.3   04.14   0.0  10.9   0.0   8.5  31.7   17.26    SE
29  28.4  34.1   14.25  22.9   16.27   0.0  10.1   1.4   9.2  72.4   14.40   OSO
30  24.0  27.8   17.07  19.5   04.23   0.0   5.7   0.0  10.2  36.7   10.08    NO
31  24.6  29.0   14.53  18.6   06.13   0.0   6.3   0.0   6.7  20.9   06.26     N
----------------------------------------------------------------------------------
    24.8  34.8    28    16.2     1     0.5 202.9   2.8   8.1  72.4    29      NE

Max >=  30.0:  6
Max <=  20.0:  0
Min <=   0.0:  0
Min <=  -5.0:  0
Max Rain: 1.4 on day 14
Days of Rain: 2 (>= 1.0 mm)  0 (>= 5.0 mm)  0 (>= 20.0 mm)
Heat Base: 18.3  Cool Base: 18.3  Method: Integration