Selezionare il report desiderato (mese/anno)

Report relativo al mese/anno: Ago 2013
                   Monthly Climatological Summary for ago 2013

Name: MeteoBellaria   City: Bellaria I.M. (RN)   State: Italy
Elevation: 4 m  Lat: N 44 08' 38"   Lon: E 012 27' 55"

                  Temperature (C), Rain (mm), Wind Speed (km/h)

                                      Heat  Cool        Avg
    Mean                              Deg   Deg         Wind                 Dom
Day Temp  High   Time   Low    Time   Days  Days  Rain  Speed High   Time    Dir
----------------------------------------------------------------------------------
 1  25.2  30.2   16.38  18.7   05.34   0.0   6.9   0.0   5.9  18.4   13.00   ONO
 2  25.9  30.8   15.54  20.2   05.42   0.0   7.6   0.0   6.5  17.3   13.38    SE
 3  26.8  31.8   18.42  19.9   06.09   0.0   8.5   0.0   6.5  25.6   17.24    SE
 4  28.3  32.4   11.57  23.2   06.22   0.0  10.0   0.0   6.7  20.9   13.14     N
 5  28.3  32.4   14.59  23.2   05.17   0.0  10.0   0.0   7.0  22.0   18.14   ESE
 6  27.9  31.1   13.43  23.0   06.24   0.0   9.6   0.0   7.0  24.5   17.43     E
 7  28.7  32.3   23.43  22.4   07.02   0.0  10.4   0.0   7.5  30.6   17.17   ESE
 8  30.4  38.0   13.07  25.1   05.11   0.0  12.1   0.0   7.8  37.8   20.17   ONO
 9  27.3  31.2   14.34  23.8   07.22   0.0   9.0   0.0  11.1  39.2   06.42   ONO
10  25.2  28.2   15.31  21.4   05.22   0.0   6.9   4.8  11.3  39.2   12.12    NO
11  24.6  28.5   16.43  19.8   05.33   0.0   6.3   0.0   6.5  31.7   08.38   ENE
12  24.4  29.4   16.29  17.9   05.46   0.0   6.1   0.0   7.6  23.4   12.12     N
13  26.1  30.0   14.31  20.4   06.26   0.0   7.8   0.0   7.8  30.6   18.44   ESE
14  23.8  27.8   10.38  20.5   23.55   0.0   5.5   0.0  10.1  64.8   11.48   NNO
15  22.7  26.1   15.04  19.5   06.07   0.0   4.4   0.0  10.6  31.7   06.30    NO
16  22.5  26.8   19.01  17.0   06.15   0.1   4.3   0.0   9.3  31.7   08.17   NNO
17  23.5  28.5   15.30  17.1   06.18   0.1   5.4   0.0   7.9  23.4   13.31     N
18  24.5  28.4   16.07  19.3   07.15   0.0   6.2   0.0   7.6  24.5   17.55   ESE
19  25.7  29.8   14.35  20.4   07.04   0.0   7.4   0.0   7.5  28.1   18.17    SE
20  19.9  26.8   00.00  17.7   06.30   0.1   1.7  34.2  14.7  52.6   01.32    NO
21  21.6  25.7   16.07  17.7   07.02   0.1   3.4   0.0   8.5  28.1   00.25    NO
22  21.8  26.0   16.18  16.6   06.41   0.3   3.7   0.0   6.6  27.0   09.19   NNO
23  22.5  26.2   15.48  17.1   06.07   0.1   4.3   0.0   7.0  23.4   10.34   NNO
24  23.9  27.1   14.39  18.9   07.16   0.0   5.6   1.4   8.3  33.1   18.42    SE
25  22.6  26.8   17.17  16.5   07.24   0.2   4.5  19.7  11.8  58.7   05.33   SSE
26  22.3  25.2   15.45  17.8   06.44   0.0   4.0   0.0   9.9  33.1   18.57     N
27  21.6  24.6   14.51  19.0   06.19   0.0   3.3   0.0   9.4  40.3   07.49    NO
28  21.3  25.0   14.36  16.8   06.34   0.2   3.1   0.0   7.6  22.0   11.54   ONO
29  21.7  25.9   14.44  16.3   06.30   0.2   3.6   0.0   6.2  24.5   12.33    SE
30  20.8  25.2   14.59  15.6   05.55   0.6   3.1   0.0   6.3  19.4   15.00   NNE
31  20.7  25.7   15.50  15.0   06.09   0.8   3.2   0.0   6.1  20.9   11.52    NO
----------------------------------------------------------------------------------
    24.3  38.0     8    15.0    31     2.8 187.9  60.1   8.2  64.8    14       N

Max >=  30.0: 10
Max <=  20.0:  0
Min <=   0.0:  0
Min <=  -5.0:  0
Max Rain: 34.2 on day 20
Days of Rain: 4 (>= 1.0 mm)  2 (>= 5.0 mm)  1 (>= 20.0 mm)
Heat Base: 18.3  Cool Base: 18.3  Method: Integration