Selezionare il report desiderato (mese/anno)

Report relativo al mese/anno: Ott 2013
                   Monthly Climatological Summary for ott 2013

Name: MeteoBellaria   City: Bellaria I.M. (RN)   State: Italy
Elevation: 4 m  Lat: N 44 08' 38"   Lon: E 012 27' 55"

                  Temperature (C), Rain (mm), Wind Speed (km/h)

                                      Heat  Cool        Avg
    Mean                              Deg   Deg         Wind                 Dom
Day Temp  High   Time   Low    Time   Days  Days  Rain  Speed High   Time    Dir
----------------------------------------------------------------------------------
 1  16.6  20.2   15.45  14.0   04.24   2.0   0.2   0.0  10.9  33.1   00.59    NO
 2  18.0  20.2   11.18  15.7   00.32   0.9   0.6   0.0   9.6  31.7   23.59   ESE
 3  14.9  18.4   14.07  10.2   07.01   3.4   0.0   0.0   8.7  31.7   00.00   ESE
 4  15.1  18.0   13.09  11.4   05.15   3.2   0.0   0.0   7.3  24.5   15.16    SE
 5  13.5  16.2   01.11  11.5   17.21   4.8   0.0  13.8  15.7  41.8   14.34     O
 6  13.3  14.5   13.38  12.0   00.33   5.0   0.0   4.8  12.6  28.1   21.43   ONO
 7  16.1  17.8   11.25  14.5   00.00   2.2   0.0  49.0  16.0  55.1   14.15    NE
 8  14.1  15.5   00.00  13.7   08.25   4.2   0.0   2.1  12.9  31.7   10.44   ONO
 9  15.9  18.6   17.04  14.2   00.00   2.4   0.0   0.0   7.1  20.9   12.09   ONO
10  18.0  23.3   14.15  13.1   05.32   1.6   1.3   0.0  13.5  49.0   15.27     S
11  15.3  19.0   00.00  11.5   09.01   3.0   0.0   9.3  10.9  40.3   04.57   SSE
12  16.4  20.4   13.28  13.1   23.59   2.0   0.1   2.4   7.2  29.5   07.21    SE
13  14.4  18.6   13.16  10.3   07.26   3.9   0.0   0.0   4.9  19.4   08.48   ONO
14  13.7  16.0   15.04  11.5   05.06   4.6   0.0   0.0   6.6  22.0   01.28   ONO
15  14.4  16.4   14.35  12.8   06.43   3.9   0.0   0.3   5.9  17.3   23.14   ONO
16  16.3  21.2   15.33  13.6   23.56   2.4   0.4   5.5   8.7  42.8   13.23   ONO
17  14.3  18.9   16.39   8.7   07.05   4.1   0.0   0.0   4.1  14.8   14.38    NO
18  14.0  17.7   14.07   9.8   07.04   4.3   0.0   0.0   4.8  14.8   12.09   ONO
19  15.2  18.5   15.06  12.3   03.03   3.1   0.0   0.0   3.7  12.2   09.49   OSO
20  16.3  20.6   23.29  11.6   08.17   2.4   0.4   0.0   7.7  39.2   23.52   SSE
21  15.8  19.1   00.00  14.1   22.22   2.5   0.0  17.6   7.7  30.6   00.04     O
22  15.6  17.5   20.52  13.4   04.44   2.7   0.0   0.3   4.0  14.8   05.12   ONO
23  18.0  23.0   16.51  15.2   08.35   0.9   0.7   0.0   8.5  34.2   12.52    SE
24  18.5  20.3   02.07  15.9   10.58   0.4   0.6  17.3   7.0  33.1   10.08   SSE
25  16.0  17.1   13.31  14.2   07.55   2.3   0.0   0.0   3.8  14.8   14.30    NO
26  16.8  17.7   13.50  15.4   09.11   1.5   0.0   0.0   5.0  19.4   12.30    SE
27  17.7  20.7   17.51  15.4   07.56   1.2   0.5   0.0   6.5  30.6   12.32   SSE
28  21.3  26.3   14.20  17.6   06.17   0.0   3.1   0.0   9.8  35.6   13.10   SSO
29  20.2  23.6   10.57  17.8   02.25   0.0   1.9   0.0   9.8  35.6   11.32    SE
30  17.1  18.9   00.00  13.9   05.37   1.3   0.1   0.0   7.6  47.9   22.45   NNE
31  17.0  18.8   00.00  12.3   23.20   1.4   0.0   0.0   9.2  30.6   00.21   ENE
----------------------------------------------------------------------------------
    16.1  26.3    28     8.7    17    77.6   9.9 122.4   8.3  55.1     7      SO

Max >=  30.0:  0
Max <=  20.0: 20
Min <=   0.0:  0
Min <=  -5.0:  0
Max Rain: 49.0 on day 7
Days of Rain: 9 (>= 1.0 mm)  6 (>= 5.0 mm)  1 (>= 20.0 mm)
Heat Base: 18.3  Cool Base: 18.3  Method: Integration