Selezionare il report desiderato (mese/anno)

Report relativo al mese/anno: Dic 2013
                   Monthly Climatological Summary for dic 2013

Name: MeteoBellaria   City: Bellaria I.M. (RN)   State: Italy
Elevation: 4 m  Lat: N 44 08' 38"   Lon: E 012 27' 55"

                  Temperature (C), Rain (mm), Wind Speed (km/h)

                                      Heat  Cool        Avg
    Mean                              Deg   Deg         Wind                 Dom
Day Temp  High   Time   Low    Time   Days  Days  Rain  Speed High   Time    Dir
----------------------------------------------------------------------------------
 1   6.2  11.0   17.07   3.6   05.01  12.1   0.0   0.3  15.2  36.7   00.41    NO
 2   7.2  11.2   15.20   5.1   04.51  11.1   0.0   0.7  12.9  43.9   14.47    NO
 3   5.8  10.0   14.35   2.7   23.09  12.5   0.0   0.0  12.5  39.2   10.23   ONO
 4   4.5  11.0   14.40   0.4   05.54  13.8   0.0   0.0   6.4  23.4   10.10   ONO
 5   3.9  10.6   14.56  -0.4   07.33  14.4   0.0   0.0   4.5  15.8   16.10     O
 6   5.8  12.8   13.35   0.2   03.13  12.5   0.0   0.0   4.7  17.3   09.17   ONO
 7   5.0  10.3   11.52   1.5   03.33  13.3   0.0   0.0   4.7  14.8   01.39   ONO
 8   3.7   9.7   14.50  -0.2   05.11  14.6   0.0   0.0   5.1  20.9   10.21   ONO
 9   3.1   6.9   14.09   0.1   05.57  15.2   0.0   0.0   3.8  12.2   02.02     O
10   3.3   9.3   15.27  -1.5   07.27  15.0   0.0   0.0   4.6  15.8   12.11   ONO
11   3.4   7.7   14.19   0.6   06.36  14.9   0.0   0.3   6.4  18.4   05.16   ONO
12   3.3   5.3   13.51   0.9   23.55  15.0   0.0   0.0   6.6  20.9   15.33   ONO
13   3.4  10.0   14.49  -1.1   03.14  14.9   0.0   0.0   5.2  22.0   11.29   ONO
14   5.3  11.6   11.28   1.2   08.07  13.0   0.0   0.0   4.2  13.3   23.49     O
15   3.7   8.4   15.20   0.4   04.07  14.6   0.0   0.0   9.7  37.8   12.45   ONO
16   3.8   8.9   14.55   0.0   05.03  14.5   0.0   0.0   4.8  13.3   03.56     O
17   3.7  11.2   14.46  -0.6   03.06  14.6   0.0   0.0   4.9  19.4   12.47     O
18   2.8   8.1   12.11  -0.4   03.51  15.5   0.0   0.0   4.5  12.2   03.30   OSO
19   4.7  10.3   15.24  -1.9   07.07  13.6   0.0   0.0   5.8  18.4   14.31   SSO
20   5.1   7.7   12.52   1.7   01.32  13.2   0.0   0.0   7.7  23.4   11.46   ONO
21   6.4  10.0   14.32   3.8   07.14  11.9   0.0   0.0   4.0  18.4   11.56     O
22   4.0   5.5   12.59   2.3   03.39  14.3   0.0   0.0   3.1  11.2   14.42   OSO
23   4.9   6.3   14.17   3.1   00.09  13.4   0.0   0.3   3.3  15.8   03.06     O
24   3.9   8.6   22.45   1.7   08.21  14.4   0.0   0.0   4.3  22.0   21.29   SSO
25  13.3  16.0   23.13   8.2   00.07   5.0   0.0   0.0  21.6  64.8   23.08     S
26  12.6  15.5   00.00   6.6   23.59   5.7   0.0   0.0  17.8  62.3   13.17   SSE
27   8.0  11.1   15.27   3.7   04.18  10.3   0.0   1.0  10.6  34.2   11.26   ONO
28   8.1  11.3   23.58   5.2   07.21  10.2   0.0   0.0   5.2  20.9   22.52   OSO
29  10.0  13.7   08.33   7.5   23.58   8.3   0.0   0.0   9.0  36.7   04.54     O
30   7.9   9.4   14.06   7.1   22.57  10.4   0.0   0.0  11.6  33.1   22.50   ONO
31   7.2   9.9   13.28   4.9   06.40  11.1   0.0   0.0   9.1  29.5   01.01   ONO
----------------------------------------------------------------------------------
     5.6  16.0    25    -1.9    19   393.3   0.0   2.6   7.5  64.8    25       O

Max >=  30.0:  0
Max <=  20.0: 31
Min <=   0.0:  8
Min <=  -5.0:  0
Max Rain: 1.0 on day 27
Days of Rain: 1 (>= 1.0 mm)  0 (>= 5.0 mm)  0 (>= 20.0 mm)
Heat Base: 18.3  Cool Base: 18.3  Method: Integration