Selezionare il report desiderato (mese/anno)

Report relativo al mese/anno: Feb 2014
                   Monthly Climatological Summary for feb 2014

Name: MeteoBellaria   City: Bellaria I.M. (RN)   State: Italy
Elevation: 4 m  Lat: N 44 08' 38"   Lon: E 012 27' 55"

                  Temperature (C), Rain (mm), Wind Speed (km/h)

                                      Heat  Cool        Avg
    Mean                              Deg   Deg         Wind                 Dom
Day Temp  High   Time   Low    Time   Days  Days  Rain  Speed High   Time    Dir
----------------------------------------------------------------------------------
 1   7.3   9.0   12.48   5.4   03.35  11.0   0.0   0.7   7.1  24.5   00.45   ONO
 2   7.0   8.9   00.07   4.6   05.34  11.3   0.0  15.2   9.8  23.4   12.03   ONO
 3   8.4   9.8   12.49   7.1   06.41   9.9   0.0   4.1   5.5  17.3   09.38   ONO
 4   7.9   8.9   14.56   7.0   22.44  10.4   0.0   1.4   6.6  19.4   12.19   ONO
 5   9.3  13.8   13.39   5.2   07.37   9.0   0.0   0.7   9.0  47.9   22.38   SSE
 6   8.3  10.5   16.14   4.3   23.46  10.0   0.0   0.7   9.9  39.2   01.25   OSO
 7  10.4  16.4   14.07   3.1   02.19   7.9   0.0   0.0  10.6  56.2   18.48     S
 8   9.7  13.4   00.00   5.5   07.25   8.6   0.0   0.0   8.7  45.4   20.43   SSO
 9  11.2  13.9   01.54   8.4   13.07   7.1   0.0   0.3  14.5  52.6   00.21    SO
10  11.0  14.5   19.00   9.0   11.29   7.3   0.0   0.7  16.0  42.8   09.47   SSE
11   7.8   9.2   00.00   6.7   07.26  10.5   0.0   2.8   6.7  22.0   05.27   ONO
12   9.0  12.9   14.20   6.1   23.27   9.3   0.0   0.0   9.8  34.2   10.36   ONO
13  10.3  16.0   14.08   3.8   04.52   8.0   0.0   0.0   9.4  45.4   23.14     S
14   9.3  12.5   00.00   6.0   07.07   9.0   0.0   1.7   9.8  30.6   09.35    NO
15   8.7  12.1   13.37   4.7   05.02   9.6   0.0   0.0   6.0  19.4   07.09    NO
16   9.4  16.4   19.38   4.5   06.11   8.9   0.0   0.0   6.0  25.6   12.06   ONO
17  11.4  17.5   10.26   5.3   05.48   6.9   0.0   0.0   8.0  40.3   10.37   SSO
18   9.3  11.1   17.41   6.5   06.25   9.0   0.0   0.0   7.0  22.0   09.08   ONO
19  10.8  13.2   20.07   8.7   23.26   7.5   0.0   1.4   6.7  64.8   16.39   ONO
20   9.0  10.2   17.47   8.1   02.12   9.3   0.0  30.4   7.9  28.1   18.08   ONO
21  10.0  12.6   14.51   7.9   07.34   8.3   0.0   0.3   7.9  23.4   01.09   ONO
22   9.4  13.5   10.29   6.5   22.42   8.9   0.0   1.0   9.8  34.2   12.51   ONO
23   8.6  12.0   15.13   6.2   07.21   9.7   0.0   2.8  11.0  29.5   00.13    NO
24   7.9  12.2   15.45   3.9   07.04  10.4   0.0   0.0   9.1  27.0   08.42   ONO
25   7.8  12.1   10.07   2.7   06.58  10.5   0.0   0.0   6.2  19.4   13.14   SSE
26  10.0  14.9   12.07   4.3   06.34   8.3   0.0   2.4   8.4  28.1   11.50     S
27   9.1  14.0   11.23   6.2   05.30   9.2   0.0   0.0   6.7  27.0   11.25   SSO
28   9.0  12.7   15.14   6.1   01.55   9.3   0.0   1.0   6.9  33.1   16.54   SSE
----------------------------------------------------------------------------------
     9.2  17.5    17     2.7    25   255.1   0.0  67.6   8.6  64.8    19     OSO

Max >=  30.0:  0
Max <=  20.0: 28
Min <=   0.0:  0
Min <=  -5.0:  0
Max Rain: 30.4 on day 20
Days of Rain: 11 (>= 1.0 mm)  2 (>= 5.0 mm)  1 (>= 20.0 mm)
Heat Base: 18.3  Cool Base: 18.3  Method: Integration