Selezionare il report desiderato (mese/anno)

Report relativo al mese/anno: Mar 2014
                   Monthly Climatological Summary for mar 2014

Name: MeteoBellaria   City: Bellaria I.M. (RN)   State: Italy
Elevation: 4 m  Lat: N 44 08' 38"   Lon: E 012 27' 55"

                  Temperature (C), Rain (mm), Wind Speed (km/h)

                                      Heat  Cool        Avg
    Mean                              Deg   Deg         Wind                 Dom
Day Temp  High   Time   Low    Time   Days  Days  Rain  Speed High   Time    Dir
----------------------------------------------------------------------------------
 1  10.0  13.0   15.27   7.7   23.35   8.3   0.0   0.3  11.7  41.8   14.15   SSE
 2   8.0  10.5   15.31   5.1   07.42  10.3   0.0   0.0   8.9  31.7   09.51   ONO
 3   9.9  12.1   14.22   7.3   03.47   8.4   0.0   0.0   9.8  35.6   19.23   ESE
 4  10.4  13.1   15.11   8.4   05.49   7.9   0.0  19.7  21.4  72.4   06.39   ENE
 5  10.1  12.5   14.42   7.4   04.40   8.2   0.0  21.7  11.7  36.7   08.08   NNO
 6  10.5  13.1   15.50   7.9   07.10   7.8   0.0   0.0   6.1  24.5   13.14    NO
 7  10.1  14.0   12.58   6.2   07.00   8.2   0.0   0.0   7.3  27.0   08.21    NO
 8  10.0  13.6   14.53   6.4   05.21   8.3   0.0   0.0   7.5  29.5   13.12   NNO
 9   9.7  14.1   15.31   5.2   06.28   8.6   0.0   0.0   8.9  23.4   04.15    NO
10  11.3  14.0   13.25   5.7   02.27   7.0   0.0   0.0  11.9  37.8   07.48    NE
11  10.7  13.6   13.47   5.0   23.48   7.6   0.0   0.0  12.8  41.8   05.48    NE
12   9.7  15.3   15.31   4.4   01.15   8.6   0.0   0.0   8.7  31.7   09.58   ONO
13  10.1  15.6   11.26   5.1   06.38   8.2   0.0   0.0   5.9  22.0   09.55   OSO
14  10.1  15.1   15.49   4.7   05.15   8.2   0.0   0.0   4.6  15.8   13.34    SE
15  10.3  14.7   14.16   5.1   02.44   8.0   0.0   0.0   6.1  24.5   16.46    SE
16  10.5  13.8   11.48   7.1   05.38   7.8   0.0   0.0   7.7  29.5   05.45   ONO
17  11.1  16.0   14.43   5.7   07.28   7.2   0.0   0.0   4.0  14.8   11.25     E
18  11.6  14.6   16.11   7.6   07.33   6.7   0.0   0.3   5.3  18.4   16.41    NE
19  13.7  16.4   12.15  10.3   05.56   4.6   0.0   0.0   5.8  20.9   13.26   ESE
20  12.3  15.9   16.24   7.7   04.39   6.0   0.0   0.0   6.6  24.5   12.18     E
21  12.1  14.7   22.07   9.3   07.07   6.2   0.0   0.0   5.4  19.4   03.11   NNO
22  16.0  19.3   11.48  11.8   07.00   2.3   0.1   0.0  11.2  45.4   20.40     S
23  13.8  17.3   14.51   9.4   18.30   4.5   0.0   0.3  17.7  74.5   15.18   SSO
24   8.3  11.0   00.20   6.5   23.44  10.0   0.0   0.3  14.0  45.4   14.09     O
25   8.8  11.8   12.24   4.5   05.39   9.5   0.0   0.3   7.1  24.5   15.28   ESE
26   9.6  11.8   23.26   6.0   05.27   8.7   0.0   3.1   9.8  31.7   13.40     E
27  11.7  12.9   11.01   9.6   02.23   6.6   0.0  13.1  18.6  43.9   10.19   ENE
28  12.0  17.2   17.23   8.3   23.39   6.3   0.0   3.8   9.8  29.5   09.30    NO
29  11.6  16.3   11.14   5.9   06.07   6.7   0.0   0.0   6.8  23.4   09.10    NO
30  12.0  16.7   14.08   6.6   05.36   6.1   0.0   0.0   5.1  17.3   14.46   ESE
31  13.2  17.6   18.07   7.8   05.15   5.1   0.0   0.0   5.8  23.4   17.19    SE
----------------------------------------------------------------------------------
    10.9  19.3    22     4.4    12   227.9   0.1  62.9   9.2  74.5    23      NE

Max >=  30.0:  0
Max <=  20.0: 31
Min <=   0.0:  0
Min <=  -5.0:  0
Max Rain: 21.7 on day 5
Days of Rain: 5 (>= 1.0 mm)  3 (>= 5.0 mm)  1 (>= 20.0 mm)
Heat Base: 18.3  Cool Base: 18.3  Method: Integration