Selezionare il report desiderato (mese/anno)

Report relativo al mese/anno: Mag 2014
                   Monthly Climatological Summary for mag 2014

Name: MeteoBellaria   City: Bellaria I.M. (RN)   State: Italy
Elevation: 4 m  Lat: N 44 08' 38"   Lon: E 012 27' 55"

                  Temperature (C), Rain (mm), Wind Speed (km/h)

                                      Heat  Cool        Avg
    Mean                              Deg   Deg         Wind                 Dom
Day Temp  High   Time   Low    Time   Days  Days  Rain  Speed High   Time    Dir
----------------------------------------------------------------------------------
 1  15.3  19.2   14.25  10.9   05.37   3.1   0.1   0.0   8.2  27.0   09.43   ONO
 2  14.2  17.6   10.21  12.3   03.07   4.1   0.0   4.8   7.1  37.8   12.58    SE
 3  14.3  16.8   15.14  12.2   01.58   4.0   0.0  10.3  11.0  55.1   09.02   NNE
 4  14.6  16.4   14.21  10.5   23.39   3.7   0.0   1.4  13.6  49.0   08.12   ENE
 5  13.8  17.6   16.52   7.1   06.07   4.5   0.0   0.0   7.6  33.1   08.49   ESE
 6  15.0  19.4   16.18   8.6   05.38   3.4   0.1   0.0   7.6  33.1   16.24    SE
 7  16.5  21.1   14.12  10.9   04.45   2.2   0.5   0.0   7.5  30.6   15.48   SSO
 8  16.3  19.3   11.11  12.5   06.09   2.1   0.1   0.3  10.7  31.7   01.43   ONO
 9  16.4  20.6   17.11   9.6   06.10   2.5   0.5   0.0   7.2  23.4   17.39   ESE
10  18.5  21.9   15.23  13.7   06.30   1.3   1.4   0.0   6.7  28.1   16.39   ESE
11  21.5  25.1   14.47  17.5   06.08   0.1   3.3   0.0  14.8  76.0   23.30   OSO
12  17.5  21.0   00.00  14.2   05.51   1.1   0.3   0.0  12.8  45.4   00.08   ONO
13  14.6  16.9   12.25  10.7   23.31   3.7   0.0   1.4  11.9  36.7   23.32    NO
14  15.7  22.1   16.28   9.4   05.27   3.4   0.8   0.0  13.7  58.7   18.32    NO
15  16.0  20.4   14.56   9.9   06.29   2.8   0.5   0.0   9.2  33.1   09.01    NO
16  17.2  21.1   17.07  12.9   03.27   1.8   0.7   0.0  14.3  51.5   16.53   ONO
17  17.0  19.9   12.06  13.1   06.50   1.5   0.3   0.0  12.4  40.3   16.39    SE
18  17.7  21.3   12.07  11.7   06.54   1.8   1.1   0.0   9.0  35.6   15.37    SE
19  17.2  20.1   13.31  13.0   05.32   1.3   0.2   0.0   6.5  25.6   13.32   ESE
20  18.4  20.7   15.42  14.3   06.10   0.7   0.8   0.0   8.7  27.0   18.56   ESE
21  18.6  21.5   13.17  13.7   05.43   1.1   1.5   0.0   9.3  30.6   15.43   ESE
22  19.9  23.1   23.54  15.5   05.25   0.6   2.2   0.0   8.6  33.1   17.49   ESE
23  22.6  25.9   16.09  20.5   23.52   0.0   4.3   0.3  10.3  35.6   08.57   SSO
24  20.5  24.1   14.26  15.6   06.19   0.4   2.6   0.0   8.7  27.0   18.18   ESE
25  19.1  23.0   15.21  13.1   05.57   1.2   2.0   0.0   7.7  28.1   14.26     E
26  20.0  22.1   14.13  16.6   06.35   0.1   1.9   0.0   6.9  23.4   13.27     E
27  19.5  23.0   17.33  14.5   05.09   0.6   1.8   0.0  14.1  46.4   12.58     O
28  19.5  22.4   11.46  16.5   01.07   0.4   1.6   0.3  10.8  34.2   17.06   SSO
29  18.2  21.5   14.58  13.0   06.09   1.3   1.2   1.4  10.1  34.2   11.32   NNO
30  19.1  22.5   16.11  14.3   05.35   0.9   1.7   0.7   9.0  35.6   23.05   ESE
31  17.9  20.7   17.03  13.4   23.59   1.1   0.6  11.4  12.0  60.1   01.43   ENE
----------------------------------------------------------------------------------
    17.5  25.9    23     7.1     5    56.8  32.1  32.3   9.9  76.0    11      SE

Max >=  30.0:  0
Max <=  20.0:  9
Min <=   0.0:  0
Min <=  -5.0:  0
Max Rain: 11.4 on day 31
Days of Rain: 6 (>= 1.0 mm)  2 (>= 5.0 mm)  0 (>= 20.0 mm)
Heat Base: 18.3  Cool Base: 18.3  Method: Integration