Selezionare il report desiderato (mese/anno)

Report relativo al mese/anno: Giu 2014
                   Monthly Climatological Summary for giu 2014

Name: MeteoBellaria   City: Bellaria I.M. (RN)   State: Italy
Elevation: 4 m  Lat: N 44 08' 38"   Lon: E 012 27' 55"

                  Temperature (C), Rain (mm), Wind Speed (km/h)

                                      Heat  Cool        Avg
    Mean                              Deg   Deg         Wind                 Dom
Day Temp  High   Time   Low    Time   Days  Days  Rain  Speed High   Time    Dir
----------------------------------------------------------------------------------
 1  17.6  22.6   17.48  11.3   03.24   2.1   1.4   4.5   7.5  29.5   03.44    SE
 2  18.2  22.6   16.17  12.0   04.12   1.8   1.7   0.0   8.9  27.0   15.06   ESE
 3  19.5  22.9   16.16  14.1   06.34   0.8   2.0   0.0   7.1  24.5   14.42     E
 4  19.5  23.1   16.50  13.1   05.36   1.2   2.4   0.0   7.9  25.6   14.34   ESE
 5  21.7  25.6   11.20  17.7   05.58   0.0   3.5   0.0   9.7  36.7   16.41    SE
 6  21.4  24.9   11.09  15.5   06.07   0.3   3.4   0.0   7.4  27.0   09.44   ENE
 7  22.6  26.6   18.38  16.8   05.49   0.1   4.4   0.0   6.2  20.9   15.39     E
 8  23.9  27.7   19.09  18.3   06.06   0.0   5.6   0.0   6.3  20.9   14.11     E
 9  24.0  28.1   16.20  18.1   05.06   0.0   5.7   0.0   6.4  18.4   17.24    NE
10  24.5  29.2   12.55  17.4   05.37   0.1   6.3   0.0   5.9  20.9   17.12     E
11  26.4  32.2   18.35  19.2   05.58   0.0   8.1   0.0   5.7  20.9   10.43     E
12  26.4  30.8   12.35  19.4   04.45   0.0   8.1   0.0   7.6  27.0   23.32   ESE
13  26.2  29.0   14.06  21.8   06.07   0.0   7.9   0.0   7.0  33.1   01.47   ENE
14  22.4  25.7   03.03  17.4   04.45   0.0   4.2  13.5  10.5  49.0   03.31     E
15  23.0  23.6   00.50  22.6   10.54   0.0   4.7   0.0  16.8  40.3   02.14     E
16  19.3  26.7   18.46  17.8   23.44   0.0   1.1  20.0  11.7  49.0   01.02    SE
17  20.4  23.0   16.31  16.8   03.44   0.2   2.3   2.4  11.4  35.6   08.50   NNO
18  20.2  23.2   19.03  15.5   04.28   0.5   2.4   0.0   9.1  31.7   00.34    NO
19  21.2  26.2   16.06  15.0   04.07   0.7   3.6   0.0   9.7  34.2   08.17    NO
20  23.8  29.2   17.44  17.3   06.23   0.0   5.6   0.0   8.8  36.7   18.37   ONO
21  23.1  24.9   17.14  21.0   23.58   0.0   4.8   0.0  15.6  51.5   03.26   NNO
22  23.1  26.3   12.50  17.6   05.24   0.0   4.8   0.0   8.1  33.1   16.56   NNO
23  25.2  29.8   18.22  20.6   02.27   0.0   6.9   0.0   9.6  33.1   15.27    NO
24  24.9  26.8   15.28  21.6   03.56   0.0   6.6   0.0   9.4  34.2   20.42   ONO
25  22.6  26.0   14.58  19.8   13.24   0.0   4.3  12.4   8.6  61.2   10.53     N
26  20.7  25.6   11.20  17.0   23.55   0.2   2.6  36.2   7.4  37.8   14.44     N
27  21.4  25.4   16.36  16.3   03.06   0.4   3.5   0.0   7.5  22.0   15.00     N
28  23.4  26.4   16.44  18.3   05.24   0.0   5.1   0.0   8.3  30.6   17.51     N
29  24.9  29.4   12.01  20.5   02.17   0.0   6.6   0.0   8.6  30.6   17.35     N
30  21.2  25.0   17.14  16.8   03.35   0.2   3.1   9.3  11.9  45.4   01.24     N
----------------------------------------------------------------------------------
    22.4  32.2    11    11.3     1     8.6 132.7  98.3   8.9  61.2    25      NE

Max >=  30.0:  2
Max <=  20.0:  0
Min <=   0.0:  0
Min <=  -5.0:  0
Max Rain: 36.2 on day 26
Days of Rain: 7 (>= 1.0 mm)  5 (>= 5.0 mm)  2 (>= 20.0 mm)
Heat Base: 18.3  Cool Base: 18.3  Method: Integration