Selezionare il report desiderato (mese/anno)

Report relativo al mese/anno: Lug 2014
                   Monthly Climatological Summary for lug 2014

Name: MeteoBellaria   City: Bellaria I.M. (RN)   State: Italy
Elevation: 4 m  Lat: N 44 08' 38"   Lon: E 012 27' 55"

                  Temperature (C), Rain (mm), Wind Speed (km/h)

                                      Heat  Cool        Avg
    Mean                              Deg   Deg         Wind                 Dom
Day Temp  High   Time   Low    Time   Days  Days  Rain  Speed High   Time    Dir
----------------------------------------------------------------------------------
 1  21.7  25.1   14.26  15.0   05.21   0.5   3.9   0.0  14.1  54.0   16.09     N
 2  22.9  26.1   13.56  18.7   04.59   0.0   4.6   0.0   8.4  22.0   18.22     N
 3  23.0  25.1   12.44  20.4   23.57   0.0   4.7   0.0   8.4  28.1   13.52     N
 4  22.3  26.0   16.26  16.5   05.51   0.2   4.2   0.0   8.2  41.8   14.24     N
 5  23.4  26.8   14.19  19.2   05.58   0.0   5.1   0.0   9.4  25.6   08.43     N
 6  24.4  27.0   15.13  19.3   05.44   0.0   6.1   0.0   7.6  24.5   15.12     N
 7  25.4  28.1   14.07  20.0   05.37   0.0   7.1   0.0   8.4  36.7   18.11     N
 8  24.4  26.8   00.00  18.1   23.58   0.0   6.2   0.7   8.7  52.6   23.19    NO
 9  21.2  26.2   15.29  16.3   05.32   0.3   3.2  12.1  11.6  39.2   14.46     N
10  17.3  20.4   16.11  15.4   07.14   1.3   0.3   7.9  12.8  41.8   09.58     N
11  20.7  24.7   16.13  15.2   06.22   0.7   3.1   0.0   8.4  25.6   17.39     N
12  21.8  27.5   16.10  17.0   05.48   0.1   3.6   1.0   8.1  36.7   19.11   NNO
13  21.2  24.7   18.58  18.1   08.08   0.0   2.9   5.5   6.1  22.0   15.55     N
14  21.5  25.3   18.21  18.4   06.02   0.0   3.2   0.0   6.9  35.6   12.36     N
15  22.7  26.7   14.57  17.4   05.45   0.1   4.5   0.0   9.2  29.5   09.41     N
16  24.2  28.5   17.32  18.9   06.28   0.0   5.9   0.0   8.4  25.6   07.48     N
17  24.9  29.6   16.18  19.5   06.14   0.0   6.6   0.0   7.4  24.5   11.30     N
18  25.1  29.3   18.00  20.6   06.07   0.0   6.8   0.0   7.8  20.9   08.28     N
19  25.3  29.4   14.41  18.8   05.39   0.0   7.0   0.0   8.2  27.0   19.33    NO
20  27.1  30.7   14.45  20.2   10.30   0.0   8.9   0.0   5.4  24.5   16.24   ONO
21  24.7  28.6   02.40  18.7   13.04   0.0   6.4   4.1   8.4  42.8   12.00    NO
22  21.6  24.9   17.03  17.3   05.33   0.1   3.4   0.0   8.2  29.5   08.13     N
23  24.0  24.0   00.00  24.0   00.00   0.0   5.7   0.0   5.2   9.7   00.00     N
24  23.6  24.0   00.00  20.4   23.39   0.0   5.3   0.0   5.0  11.2   22.50     N
25  23.0  25.9   16.51  20.0   04.08   0.0   4.7   0.0   7.9  23.4   18.31     E
26  22.2  27.4   10.58  17.5   17.09   0.0   4.0  18.3   8.6  58.7   16.20    SE
27  20.9  24.8   19.20  17.7   01.52   0.1   2.7   0.0   8.2  24.5   09.23    NO
28  23.7  27.8   14.45  18.0   06.17   0.0   5.4   0.0   8.3  30.6   19.18    SE
29  22.8  26.7   16.49  20.3   23.54   0.0   4.5   6.9   7.7  27.0   15.49     S
30  20.7  24.6   13.04  18.1   05.59   0.0   2.4  19.7   9.7  31.7   17.24   ONO
31  23.0  26.6   17.41  19.9   05.12   0.0   4.7   0.0   6.9  19.4   08.09   NNO
----------------------------------------------------------------------------------
    22.9  30.7    20    15.0     1     3.4 147.1  76.2   8.3  58.7    26       N

Max >=  30.0:  1
Max <=  20.0:  0
Min <=   0.0:  0
Min <=  -5.0:  0
Max Rain: 19.7 on day 30
Days of Rain: 8 (>= 1.0 mm)  6 (>= 5.0 mm)  0 (>= 20.0 mm)
Heat Base: 18.3  Cool Base: 18.3  Method: Integration