Selezionare il report desiderato (mese/anno)

Report relativo al mese/anno: Gen 2015
                   Monthly Climatological Summary for gen 2015

Name: MeteoBellaria   City: Bellaria I.M. (RN)   State: Italy
Elevation: 4 m  Lat: N 44 08' 38"   Lon: E 012 27' 55"

                  Temperature (C), Rain (mm), Wind Speed (km/h)

                                      Heat  Cool        Avg
    Mean                              Deg   Deg         Wind                 Dom
Day Temp  High   Time   Low    Time   Days  Days  Rain  Speed High   Time    Dir
----------------------------------------------------------------------------------
 1   0.8   4.1   14.37  -2.1   05.33  17.5   0.0   0.0  16.7  41.8   00.26    NO
 2   3.7   7.7   15.00  -0.2   05.26  14.6   0.0   0.0   7.4  24.5   00.23   ONO
 3   5.0   9.3   15.46   0.9   07.11  13.3   0.0   0.0   4.0  23.4   21.02   ONO
 4   5.8  11.4   15.02   1.5   03.41  12.5   0.0   0.0   6.4  25.6   14.49   ONO
 5   5.8  13.0   14.54   0.7   07.59  12.5   0.0   0.0   7.1  23.4   13.17     O
 6   5.1   9.2   15.10   0.2   08.24  13.2   0.0   0.0   5.8  19.4   11.19   ONO
 7   3.9   7.3   15.22  -0.1   06.33  14.4   0.0   0.0   4.5  15.8   11.37     O
 8   6.0   8.9   14.13   2.6   23.19  12.3   0.0   0.0   4.8  15.8   11.50    NO
 9   4.5   8.5   13.56   1.5   03.51  13.8   0.0   0.0   3.6  12.2   02.48     O
10   5.4   9.2   15.08   2.2   00.00  12.9   0.0   0.0   4.1  17.3   09.02   ONO
11   5.0   8.6   13.49   2.7   08.47  13.3   0.0   0.0   8.0  43.9   14.49    NO
12   7.5  13.0   11.38   3.5   03.39  10.8   0.0   0.0   8.0  23.4   01.22     O
13   6.0  11.2   10.50   0.4   07.24  12.3   0.0   0.0   4.6  15.8   14.07   ONO
14   6.5  10.4   12.53   2.6   08.24  11.8   0.0   0.0   4.1  17.3   13.12   ONO
15   5.7   9.5   10.23   2.0   05.40  12.6   0.0   0.0   4.2  15.8   11.28    SO
16  11.5  15.1   21.51   8.2   00.14   6.8   0.0   0.0   9.1  31.7   15.02   SSE
17  14.1  17.1   10.32  10.2   23.51   4.2   0.0   0.0  16.4  49.0   01.58   SSO
18   8.6  13.4   11.26   3.7   23.50   9.7   0.0   0.0   4.5  19.4   16.12   SSO
19   5.4   9.2   15.42   2.8   02.51  12.9   0.0   0.0   5.4  20.9   10.53   ONO
20   5.0   5.8   23.38   3.6   01.14  13.3   0.0   3.8  10.4  30.6   13.09   ONO
21   6.9   8.7   12.26   4.9   01.39  11.4   0.0   1.7   4.2  14.8   15.02    NO
22   6.1   8.1   06.40   4.8   03.31  12.2   0.0  12.1   9.4  31.7   18.17   ONO
23   8.0  11.2   16.09   5.2   08.52  10.3   0.0   1.0  16.8  39.2   17.53   NNO
24   9.3  11.1   14.34   7.1   06.21   9.0   0.0   0.0   9.6  31.7   00.08   NNO
25   9.3   9.8   02.15   8.7   22.07   9.0   0.0   0.0  14.6  47.9   09.17   ENE
26   7.0   9.0   12.13   0.8   23.48  11.3   0.0   0.0  11.9  40.3   01.24   ENE
27   3.3   7.5   11.13  -0.5   06.54  15.0   0.0   0.0   8.1  23.4   20.53   ONO
28   3.4   8.4   14.58   0.6   22.13  14.9   0.0   0.0  10.4  34.2   13.39   ONO
29   5.8  10.3   12.11   0.6   00.00  12.5   0.0   0.3  11.9  39.2   16.21     S
30   5.1  11.9   07.11   0.6   12.39  13.2   0.0   9.3  12.1  49.0   07.36     O
31   6.9  11.9   14.32   2.7   00.38  11.4   0.0   0.0   7.6  24.5   17.28     S
----------------------------------------------------------------------------------
     6.2  17.1    17    -2.1     1   374.9   0.0  28.2   8.2  49.0    17     ONO

Max >=  30.0:  0
Max <=  20.0: 31
Min <=   0.0:  4
Min <=  -5.0:  0
Max Rain: 12.1 on day 22
Days of Rain: 5 (>= 1.0 mm)  2 (>= 5.0 mm)  0 (>= 20.0 mm)
Heat Base: 18.3  Cool Base: 18.3  Method: Integration