Selezionare il report desiderato (mese/anno)

Report relativo al mese/anno: Feb 2015
                   Monthly Climatological Summary for feb 2015

Name: MeteoBellaria   City: Bellaria I.M. (RN)   State: Italy
Elevation: 4 m  Lat: N 44 08' 38"   Lon: E 012 27' 55"

                  Temperature (C), Rain (mm), Wind Speed (km/h)

                                      Heat  Cool        Avg
    Mean                              Deg   Deg         Wind                 Dom
Day Temp  High   Time   Low    Time   Days  Days  Rain  Speed High   Time    Dir
----------------------------------------------------------------------------------
 1   4.3   7.9   16.17   0.7   23.42  14.0   0.0   0.0  10.6  40.3   06.17   ONO
 2   3.9  10.2   15.12  -0.5   07.09  14.4   0.0   0.0   5.5  19.4   14.27   OSO
 3   6.9  10.0   12.32   3.1   00.08  11.4   0.0   0.0   6.8  28.1   10.48     S
 4   6.2   9.2   00.47   4.9   11.15  12.1   0.0  16.2  13.1  50.0   08.40   NNO
 5   7.0  10.1   12.18   3.8   18.46  11.3   0.0  61.1  17.9  72.4   22.35    NE
 6   7.2   8.4   08.16   6.0   23.39  11.1   0.0  87.6  31.4  94.3   07.27   ENE
 7   4.6   6.8   02.31   1.6   23.25  13.7   0.0   0.7  15.9  42.8   02.19     N
 8   4.4   7.0   21.37   1.1   08.12  13.9   0.0   0.0  11.7  69.8   20.27   NNE
 9   5.0   8.7   15.06   1.3   09.37  13.3   0.0   0.0  11.6  47.9   00.15     E
10   4.8   9.5   12.55   0.5   07.43  13.5   0.0   0.0   5.1  18.4   10.43   NNO
11   4.9   9.0   15.57   0.6   07.01  13.4   0.0   0.0   6.0  23.4   09.48    NO
12   4.8   8.9   16.25   0.8   07.03  13.5   0.0   0.0   5.0  19.4   13.37   ONO
13   5.4   8.6   13.36   0.5   07.12  12.9   0.0   0.0   4.3  17.3   11.07    NO
14   6.5   9.4   16.13   3.8   07.57  11.8   0.0   0.0   5.8  27.0   17.05     S
15   8.1  10.2   12.39   4.0   03.43  10.2   0.0   0.0   9.3  29.5   11.13    SE
16   9.4  10.7   15.11   6.2   01.46   8.9   0.0  20.4  11.3  40.3   09.28     E
17   9.2  12.4   16.20   6.5   07.56   9.1   0.0   0.0  10.4  31.7   23.53   NNO
18   6.6   9.7   14.40   1.2   23.28  11.7   0.0   0.0  10.0  36.7   02.18   NNE
19   4.2   9.1   15.05  -0.2   05.35  14.1   0.0   0.0   6.2  22.0   10.31     O
20   4.4   8.9   15.55  -0.3   05.09  13.9   0.0   0.0   4.6  15.8   12.41    SE
21   8.2  12.2   12.07   1.9   03.35  10.1   0.0   0.0  13.4  55.1   10.48   SSE
22   8.1   9.4   14.08   7.1   08.07  10.2   0.0   4.5  13.4  35.6   16.04    NO
23   8.5  11.5   15.52   6.7   07.38   9.8   0.0   0.7   8.6  25.6   00.36   ONO
24   8.8  11.0   12.22   5.6   07.40   9.5   0.0   4.5   8.4  55.1   23.05    NE
25   8.7  10.8   14.44   6.8   08.51   9.6   0.0   7.6  17.6  64.8   03.09   NNO
26   8.3  10.4   14.04   6.7   02.18  10.0   0.0   0.3   8.7  24.5   11.14   NNO
27   8.4  11.7   13.15   6.1   23.34   9.9   0.0   0.0   6.1  23.4   09.51    NO
28   7.5  12.2   15.56   4.0   03.53  10.8   0.0   0.0   5.6  25.6   09.27    NO
----------------------------------------------------------------------------------
     6.6  12.4    17    -0.5     2   328.1   0.0 203.6  10.1  94.3     6       N

Max >=  30.0:  0
Max <=  20.0: 28
Min <=   0.0:  3
Min <=  -5.0:  0
Max Rain: 87.6 on day 6
Days of Rain: 7 (>= 1.0 mm)  5 (>= 5.0 mm)  3 (>= 20.0 mm)
Heat Base: 18.3  Cool Base: 18.3  Method: Integration