Selezionare il report desiderato (mese/anno)

Report relativo al mese/anno: Apr 2015
                   Monthly Climatological Summary for apr 2015

Name: MeteoBellaria   City: Bellaria I.M. (RN)   State: Italy
Elevation: 4 m  Lat: N 44 08' 38"   Lon: E 012 27' 55"

                  Temperature (C), Rain (mm), Wind Speed (km/h)

                                      Heat  Cool        Avg
    Mean                              Deg   Deg         Wind                 Dom
Day Temp  High   Time   Low    Time   Days  Days  Rain  Speed High   Time    Dir
----------------------------------------------------------------------------------
 1  15.4  19.8   16.38   9.4   23.58   3.2   0.3   0.0  18.0  70.9   10.24    NO
 2  11.5  15.7   11.17   4.6   07.02   6.8   0.0   0.0   6.3  29.5   16.41   SSE
 3  12.7  15.0   00.00  10.6   22.07   5.6   0.0   0.0  18.9  50.0   05.15   ESE
 4   9.4  11.5   00.42   7.0   07.11   8.9   0.0  21.4   9.2  35.6   23.59    NO
 5   9.7  10.9   20.38   7.4   07.56   8.6   0.0  18.6  24.2  62.3   02.36    NE
 6   9.8  11.9   16.17   4.8   23.05   8.5   0.0   0.0  14.7  47.9   00.48    NE
 7   8.5  12.2   17.48   3.9   03.46   9.8   0.0   0.3  13.6  60.1   10.09     N
 8  10.0  16.5   17.41   2.4   06.46   8.3   0.0   0.0   7.2  22.0   16.55     S
 9  10.5  14.1   17.24   4.9   04.29   7.8   0.0   0.0   7.8  23.4   18.18    SE
10  11.3  14.6   13.03   5.9   06.26   7.0   0.0   0.0   7.1  25.6   14.34   ESE
11  13.2  16.7   14.07  10.4   01.10   5.1   0.0   0.0   7.9  31.7   16.55    SE
12  13.1  16.5   18.07   8.4   07.00   5.2   0.0   0.0   5.5  22.0   09.57   NNO
13  14.2  18.8   17.52   8.5   06.28   4.1   0.0   0.0   6.8  22.0   18.50    SE
14  15.2  18.7   12.30  11.7   07.29   3.1   0.0   0.0   6.3  19.4   13.11     E
15  14.8  17.9   19.01   9.6   05.58   3.5   0.0   0.0   5.7  23.4   16.26   ESE
16  16.9  20.6   13.58  11.2   05.00   1.9   0.4   0.0   5.8  25.6   17.02   ESE
17  16.8  19.6   02.07  14.2   07.23   1.6   0.1   1.0   9.1  47.9   05.57     S
18  13.4  17.3   11.25   9.3   23.37   4.9   0.0  34.2  12.1  58.7   18.37     E
19  11.6  13.8   13.57   6.4   23.57   6.7   0.0   0.3  12.2  42.8   02.35   ENE
20  10.7  16.2   15.23   3.9   04.52   7.6   0.0   0.0   7.3  27.0   09.33    NO
21  13.7  19.5   15.12   7.2   06.33   4.7   0.0   0.0   6.4  22.0   16.30    SE
22  15.5  19.0   14.46  10.4   07.08   2.9   0.0   0.0   7.2  25.6   17.30    SE
23  19.1  24.3   15.53  15.6   05.49   0.8   1.6   0.0  11.2  52.6   17.54   SSO
24  16.5  18.7   11.03  13.9   06.21   1.9   0.0   0.0   8.4  27.0   15.06   ESE
25  14.3  17.0   15.15   9.6   06.22   4.0   0.0   0.0   6.8  25.6   17.37   ESE
26  15.5  17.6   11.59  13.2   05.27   2.8   0.0   6.9   7.3  36.7   19.30   ESE
27  16.2  19.5   12.42  14.1   23.08   2.2   0.0   2.1  12.7  50.0   14.15    SE
28  13.5  15.2   17.54  12.0   08.59   4.8   0.0  11.7   9.7  34.2   12.51   ONO
29  14.9  17.5   14.39  10.7   06.37   3.4   0.0   0.0   9.3  35.6   12.42   ESE
30  15.8  20.1   13.50  13.2   02.22   2.7   0.1   5.2   7.7  35.6   13.00   ONO
----------------------------------------------------------------------------------
    13.5  24.3    23     2.4     8   148.4   2.5 101.7   9.8  70.9     1       E

Max >=  30.0:  0
Max <=  20.0: 27
Min <=   0.0:  0
Min <=  -5.0:  0
Max Rain: 34.2 on day 18
Days of Rain: 8 (>= 1.0 mm)  6 (>= 5.0 mm)  2 (>= 20.0 mm)
Heat Base: 18.3  Cool Base: 18.3  Method: Integration