Selezionare il report desiderato (mese/anno)

Report relativo al mese/anno: Mag 2015
                   Monthly Climatological Summary for mag 2015

Name: MeteoBellaria   City: Bellaria I.M. (RN)   State: Italy
Elevation: 4 m  Lat: N 44 08' 38"   Lon: E 012 27' 55"

                  Temperature (C), Rain (mm), Wind Speed (km/h)

                                      Heat  Cool        Avg
    Mean                              Deg   Deg         Wind                 Dom
Day Temp  High   Time   Low    Time   Days  Days  Rain  Speed High   Time    Dir
----------------------------------------------------------------------------------
 1  17.5  22.7   15.14  12.0   02.36   2.0   1.2   0.0  13.7  49.0   12.47   SSO
 2  18.2  20.6   13.32  15.4   23.46   0.7   0.6   0.0   8.3  35.6   00.55   ESE
 3  18.3  21.3   10.53  14.8   01.28   0.8   0.8   0.0   5.1  20.9   14.33   ESE
 4  18.2  20.7   13.35  16.5   01.55   0.6   0.5   0.0   5.4  18.4   15.58    NE
 5  17.4  19.1   13.17  15.7   06.14   1.0   0.1   0.0   7.0  19.4   05.59     N
 6  17.5  20.3   19.33  15.9   04.07   1.0   0.2   0.0   5.9  30.6   15.40     E
 7  18.6  21.6   14.36  14.1   06.26   0.7   1.0   0.0   7.4  23.4   10.58     N
 8  19.2  22.1   13.23  14.5   06.08   0.6   1.6   0.0   6.1  20.9   12.58     E
 9  20.5  25.1   17.06  15.2   06.59   0.7   2.8   0.0   9.8  37.8   08.53    NO
10  20.8  23.3   11.31  15.7   06.40   0.2   2.7   0.3   6.1  25.6   00.49     E
11  19.3  22.3   11.13  14.6   02.54   1.0   2.0   0.0  10.7  39.2   15.50    SE
12  19.0  22.0   15.04  14.8   03.03   0.7   1.4   0.0  10.8  35.6   15.48    SE
13  19.8  23.8   14.54  15.1   06.10   0.7   2.2   0.0   5.6  28.1   17.01    SE
14  22.7  26.4   18.16  18.4   00.25   0.0   4.4   0.0   9.8  40.3   00.59     E
15  20.8  24.4   09.52  17.5   23.59   0.0   2.5   0.0  14.4  62.3   16.15    SE
16  17.3  19.4   19.15  14.6   08.07   1.2   0.2   3.8  11.9  37.8   13.23   ONO
17  19.4  22.9   15.23  15.4   04.58   0.7   1.7   0.0   7.8  24.5   08.57     N
18  19.3  23.4   10.24  13.4   06.05   1.2   2.3   0.0   7.8  24.5   17.18    SE
19  20.8  25.5   13.28  15.5   05.46   0.5   3.0   0.0   6.6  33.1   14.34   ESE
20  20.3  25.1   12.35  16.8   23.13   0.2   2.2   4.1   8.2  40.3   16.56   OSO
21  16.7  20.8   14.48  12.9   23.10   2.1   0.5  13.5   9.8  40.3   19.29   NNO
22  13.5  21.0   10.09  11.5   05.36   4.8   0.0  54.4  24.0  61.2   13.50   NNO
23  14.1  17.7   14.57  12.3   05.31   4.2   0.0  26.2  11.6  40.3   02.24    NO
24  15.8  20.0   17.15  12.6   06.56   2.8   0.3  20.0   8.7  25.6   10.07    NO
25  17.7  22.2   15.16  12.3   05.45   1.7   1.2   0.0   8.9  30.6   20.30    SE
26  16.9  19.7   16.08  14.7   06.21   1.6   0.2   3.1   7.8  25.6   18.40   NNO
27  16.4  19.6   18.30  13.4   03.56   2.0   0.1  29.0   6.6  34.2   10.58   NNO
28  17.1  19.4   18.28  12.2   06.36   1.5   0.2   0.0  10.5  30.6   02.23    SE
29  17.3  20.9   16.49  11.9   02.50   1.9   0.9   0.0   8.0  28.1   14.24    SE
30  19.5  23.6   11.48  13.5   05.45   1.1   2.3   0.0   9.1  34.2   17.48    SE
31  19.7  23.2   16.30  14.6   05.21   0.8   2.1   0.0   7.1  25.6   12.23     E
----------------------------------------------------------------------------------
    18.4  26.4    14    11.5    22    39.0  41.2 154.4   9.0  62.3    15     ENE

Max >=  30.0:  0
Max <=  20.0:  7
Min <=   0.0:  0
Min <=  -5.0:  0
Max Rain: 54.4 on day 22
Days of Rain: 8 (>= 1.0 mm)  5 (>= 5.0 mm)  4 (>= 20.0 mm)
Heat Base: 18.3  Cool Base: 18.3  Method: Integration