Selezionare il report desiderato (mese/anno)

Report relativo al mese/anno: Lug 2015
                   Monthly Climatological Summary for lug 2015

Name: MeteoBellaria   City: Bellaria I.M. (RN)   State: Italy
Elevation: 4 m  Lat: N 44 08' 38"   Lon: E 012 27' 55"

                  Temperature (C), Rain (mm), Wind Speed (km/h)

                                      Heat  Cool        Avg
    Mean                              Deg   Deg         Wind                 Dom
Day Temp  High   Time   Low    Time   Days  Days  Rain  Speed High   Time    Dir
----------------------------------------------------------------------------------
 1  23.8  27.8   12.54  17.7   04.54   0.0   5.6   0.0   9.9  33.1   16.08    SE
 2  24.7  27.5   13.39  20.0   05.22   0.0   6.4   0.0   7.7  24.5   14.40   ESE
 3  25.9  29.1   13.56  21.6   05.56   0.0   7.6   0.0   5.1  20.9   13.13   ENE
 4  26.4  28.8   17.21  20.3   05.34   0.0   8.1   0.0   8.3  19.4   16.42   ENE
 5  26.9  29.0   16.38  23.6   07.40   0.0   8.6   0.0   5.3  27.0   18.43    SE
 6  28.1  30.8   10.21  23.8   05.20   0.0   9.8   0.0   6.7  25.6   15.03     E
 7  27.8  30.0   14.34  24.1   04.42   0.0   9.5   0.0   8.2  29.5   14.38     E
 8  29.1  32.4   13.51  23.9   05.46   0.0  10.8   0.0   6.8  24.5   15.19   ESE
 9  25.5  28.4   00.00  23.3   22.59   0.0   7.2   0.0  11.0  47.9   11.37   NNE
10  24.3  26.2   15.15  18.8   05.26   0.0   6.0   0.0   9.2  30.6   08.08   ENE
11  23.1  27.1   14.45  17.1   06.38   0.1   4.9   0.0   8.4  24.5   16.09   ESE
12  25.2  29.0   13.48  20.4   05.29   0.0   6.9   0.0   6.6  23.4   14.45   ESE
13  26.3  29.4   15.43  21.5   05.26   0.0   8.0   0.0   7.5  24.5   18.42     E
14  26.8  28.9   16.42  22.4   06.15   0.0   8.5   0.0   9.7  25.6   17.48   ESE
15  26.5  29.0   13.37  22.4   05.17   0.0   8.2   0.0   8.0  28.1   14.53   ESE
16  28.1  31.2   17.51  24.1   06.34   0.0   9.8   0.0   7.7  27.0   20.11     E
17  28.8  32.0   15.29  23.0   05.05   0.0  10.5   0.0   6.7  24.5   16.37   ESE
18  29.0  33.8   11.34  23.8   05.35   0.0  10.7   0.0   7.8  24.5   09.05   SSE
19  29.5  33.2   19.07  24.2   06.07   0.0  11.2   0.0   7.3  27.0   16.13    SE
20  29.6  32.7   15.20  25.0   05.35   0.0  11.3   0.0   6.8  22.0   17.55   ESE
21  28.8  31.9   13.34  24.0   07.00   0.0  10.5   0.0   6.7  20.9   09.59    NE
22  29.4  33.7   11.59  24.2   05.58   0.0  11.1   0.0   7.1  28.1   19.42   SSE
23  29.3  32.6   10.31  24.2   04.45   0.0  11.0   0.0   7.9  31.7   22.30   ESE
24  28.7  31.7   13.51  24.6   04.46   0.0  10.4   0.0   8.8  23.4   03.44     N
25  28.5  32.8   11.29  22.9   05.56   0.0  10.2   0.0   7.1  25.6   20.09   SSO
26  27.4  29.4   14.53  24.1   06.08   0.0   9.1   0.0  10.7  29.5   12.55     N
27  28.3  33.5   16.19  22.5   06.23   0.0  10.0   0.0  12.4  46.4   10.09     O
28  27.5  31.5   13.06  22.5   06.07   0.0   9.2   0.0  10.4  39.2   17.09     S
29  27.5  32.5   13.48  22.3   03.40   0.0   9.2   0.0  10.8  41.8   11.58   OSO
30  26.7  28.5   15.31  23.6   07.23   0.0   8.4   0.0  11.3  29.5   13.10    NE
31  24.5  26.7   00.00  21.8   05.31   0.0   6.2   1.7  12.0  36.7   05.18     E
----------------------------------------------------------------------------------
    27.2  33.8    18    17.1    11     0.1 274.9   1.7   8.4  47.9     9       E

Max >=  30.0: 16
Max <=  20.0:  0
Min <=   0.0:  0
Min <=  -5.0:  0
Max Rain: 1.7 on day 31
Days of Rain: 1 (>= 1.0 mm)  0 (>= 5.0 mm)  0 (>= 20.0 mm)
Heat Base: 18.3  Cool Base: 18.3  Method: Integration