Selezionare il report desiderato (mese/anno)

Report relativo al mese/anno: Ago 2015
                   Monthly Climatological Summary for ago 2015

Name: MeteoBellaria   City: Bellaria I.M. (RN)   State: Italy
Elevation: 4 m  Lat: N 44 08' 38"   Lon: E 012 27' 55"

                  Temperature (C), Rain (mm), Wind Speed (km/h)

                                      Heat  Cool        Avg
    Mean                              Deg   Deg         Wind                 Dom
Day Temp  High   Time   Low    Time   Days  Days  Rain  Speed High   Time    Dir
----------------------------------------------------------------------------------
 1  22.5  26.5   14.43  18.2   05.21   0.0   4.2  22.4   8.2  29.5   21.34   ESE
 2  22.6  25.7   16.58  19.2   03.52   0.0   4.3   0.0   8.3  24.5   01.29   NNO
 3  24.3  28.3   15.45  19.9   06.37   0.0   6.0   0.0   5.1  22.0   15.30   NNO
 4  25.5  29.3   15.29  20.4   04.57   0.0   7.2   0.0   8.4  25.6   09.26   NNO
 5  26.4  29.9   17.01  21.6   06.41   0.0   8.1   0.0   7.8  27.0   14.25   NNO
 6  26.8  31.0   11.26  21.9   05.06   0.0   8.5   0.0   8.1  28.1   09.22    NO
 7  27.2  31.6   16.17  21.7   04.48   0.0   8.9   0.0   6.3  19.4   09.27   NNO
 8  27.7  32.5   12.52  22.5   06.28   0.0   9.5   0.0   7.5  23.4   15.28     N
 9  27.6  31.2   15.56  23.1   06.18   0.0   9.3   0.0   8.1  27.0   14.28   NNO
10  24.2  28.9   14.19  20.4   20.23   0.0   5.9  16.6  10.0  54.0   16.35   ONO
11  24.5  29.0   16.40  20.1   06.36   0.0   6.2   0.0   7.7  24.5   10.28    NO
12  26.3  30.9   15.04  20.4   05.11   0.0   8.0   0.0   7.7  29.5   09.29    NO
13  26.9  31.6   11.53  21.2   05.45   0.0   8.6   0.0   7.3  22.0   13.01     N
14  27.6  32.0   18.57  22.7   05.38   0.0   9.3   0.0   6.0  29.5   16.39    SE
15  25.7  29.2   12.37  21.2   20.32   0.0   7.4   0.0   8.2  66.2   17.31    NO
16  21.8  25.0   16.31  19.3   21.10   0.0   3.5   0.0   8.3  34.2   10.49   ONO
17  24.3  29.8   16.07  18.8   06.36   0.0   6.0   0.0  12.5  42.8   13.44   ONO
18  23.7  27.8   13.33  17.3   06.18   0.0   5.4   0.0   8.4  28.1   17.42    SE
19  21.9  23.9   00.00  19.9   23.59   0.0   3.6   1.7   9.5  33.1   12.13    NO
20  22.2  26.1   17.08  17.6   04.49   0.1   3.9   4.8   9.8  36.7   03.36    NO
21  21.7  25.4   16.59  18.3   04.47   0.0   3.4   4.8   9.3  31.7   11.08   NNO
22  21.3  25.6   15.31  16.2   06.05   0.3   3.4   0.0   8.2  25.6   08.44    NO
23  21.9  26.3   13.48  15.4   05.22   0.6   4.2   0.0  11.3  39.2   14.57    SE
24  23.0  28.3   15.49  19.1   08.06   0.0   4.7   5.5   9.7  35.6   14.51   SSE
25  24.6  27.7   15.25  21.1   11.37   0.0   6.3   7.9   7.1  35.6   11.06   SSE
26  22.9  26.5   13.36  17.5   06.56   0.0   4.6   0.0   8.3  31.7   08.30    NO
27  23.6  27.2   16.57  18.5   06.48   0.0   5.3   0.0   7.3  23.4   15.01   ESE
28  24.8  27.9   14.37  19.7   06.58   0.0   6.5   0.0   7.5  27.0   17.16   ESE
29  25.0  28.6   16.31  19.8   07.07   0.0   6.7   0.0   5.9  18.4   12.51   ESE
30  25.8  29.4   18.27  21.3   06.26   0.0   7.5   0.0   6.5  27.0   16.41    SE
31  26.0  29.9   15.11  21.6   07.19   0.0   7.7   0.0   6.5  25.6   16.22    SE
----------------------------------------------------------------------------------
    24.5  32.5     8    15.4    23     1.0 194.1  63.7   8.1  66.2    15     NNO

Max >=  30.0:  7
Max <=  20.0:  0
Min <=   0.0:  0
Min <=  -5.0:  0
Max Rain: 22.4 on day 1
Days of Rain: 7 (>= 1.0 mm)  4 (>= 5.0 mm)  1 (>= 20.0 mm)
Heat Base: 18.3  Cool Base: 18.3  Method: Integration