Selezionare il report desiderato (mese/anno)

Report relativo al mese/anno: Set 2015
                   Monthly Climatological Summary for set 2015

Name: MeteoBellaria   City: Bellaria I.M. (RN)   State: Italy
Elevation: 4 m  Lat: N 44 08' 38"   Lon: E 012 27' 55"

                  Temperature (C), Rain (mm), Wind Speed (km/h)

                                      Heat  Cool        Avg
    Mean                              Deg   Deg         Wind                 Dom
Day Temp  High   Time   Low    Time   Days  Days  Rain  Speed High   Time    Dir
----------------------------------------------------------------------------------
 1  25.9  32.3   11.14  20.6   04.25   0.0   7.6   0.0   6.8  29.5   13.15    SE
 2  26.2  29.8   11.05  23.2   06.38   0.0   7.9   0.0   7.9  31.7   15.00   ESE
 3  24.6  28.3   13.07  19.1   05.51   0.0   6.3   0.0   7.9  30.6   18.04   ESE
 4  23.9  26.9   13.16  21.4   19.57   0.0   5.6   9.7   9.6  39.2   16.43   SSE
 5  23.4  28.6   14.55  17.7   23.40   0.0   5.2   0.3  10.1  49.0   18.45     O
 6  19.7  23.2   16.08  15.6   06.37   0.5   2.0   0.0   8.9  25.6   08.58    NO
 7  19.6  23.8   15.26  14.8   07.18   0.8   2.2   0.0   8.9  27.0   09.34    NE
 8  18.9  23.5   16.36  12.9   05.58   1.5   2.0   0.0   6.9  24.5   12.33   NNE
 9  18.5  22.7   13.55  12.2   06.51   1.8   2.0   0.0   9.8  30.6   23.42    NE
10  18.9  22.3   15.07  13.7   07.05   1.1   1.7   0.0   9.3  36.7   01.47     N
11  18.4  22.8   14.59  12.7   06.08   1.7   1.9   0.0   7.8  24.5   17.49    SE
12  20.0  24.0   16.10  14.2   06.18   0.9   2.6   0.0   7.2  23.4   16.11   ESE
13  20.9  25.7   15.22  15.7   06.55   0.4   2.9   0.0   6.3  35.6   15.03     S
14  24.6  28.6   13.18  21.0   00.00   0.0   6.3   0.0  13.6  58.7   14.24     S
15  24.8  28.4   13.23  20.6   23.56   0.0   6.5   0.0  10.0  30.6   12.01   SSE
16  25.8  31.9   15.02  19.0   03.33   0.0   7.5   0.0  11.9  51.5   14.31     S
17  28.4  36.0   14.51  25.5   05.55   0.0  10.1   0.0  10.8  54.0   15.16     S
18  27.4  32.1   12.54  24.2   23.57   0.0   9.1   0.0   9.1  39.2   11.57     O
19  22.9  26.5   13.08  18.0   07.31   0.0   4.6   0.0   7.0  24.5   13.19   ONO
20  20.1  23.9   16.28  16.1   04.07   0.3   2.2   0.0  10.7  37.8   15.00    NO
21  20.6  22.5   11.55  15.3   23.59   0.2   2.5   0.0  11.7  40.3   03.32     E
22  18.1  22.7   15.00  12.6   07.26   1.8   1.6   0.0   8.0  24.5   15.04    SE
23  19.2  24.0   11.46  15.3   23.55   0.6   1.5  12.4  11.8  46.4   11.57   SSO
24  14.7  15.4   17.20  13.7   13.02   3.6   0.0  21.4  18.3  45.4   10.30    NO
25  17.4  20.3   18.10  14.9   06.30   1.4   0.6   0.3   9.8  28.1   10.10    NO
26  18.5  22.2   15.27  15.0   07.06   1.1   1.4   0.0   8.2  28.1   23.45    NE
27  20.1  21.6   15.14  16.1   08.33   0.1   1.8   0.0  13.3  42.8   22.08   ENE
28  18.6  19.5   00.00  18.0   20.25   0.0   0.3   0.0  18.8  50.0   20.42   ENE
29  17.8  18.6   16.04  17.2   07.51   0.5   0.0   0.0  19.3  46.4   02.44   ENE
30  17.4  17.9   11.13  16.8   19.03   0.9   0.0   0.0  17.9  43.9   00.54    NE
----------------------------------------------------------------------------------
    21.2  36.0    17    12.2     9    19.2 105.9  44.1  10.6  58.7    14       E

Max >=  30.0:  4
Max <=  20.0:  4
Min <=   0.0:  0
Min <=  -5.0:  0
Max Rain: 21.4 on day 24
Days of Rain: 3 (>= 1.0 mm)  3 (>= 5.0 mm)  1 (>= 20.0 mm)
Heat Base: 18.3  Cool Base: 18.3  Method: Integration