Selezionare il report desiderato (mese/anno)

Report relativo al mese/anno: Dic 2015
                   Monthly Climatological Summary for dic 2015

Name: MeteoBellaria   City: Bellaria I.M. (RN)   State: Italy
Elevation: 4 m  Lat: N 44 08' 38"   Lon: E 012 27' 55"

                  Temperature (C), Rain (mm), Wind Speed (km/h)

                                      Heat  Cool        Avg
    Mean                              Deg   Deg         Wind                 Dom
Day Temp  High   Time   Low    Time   Days  Days  Rain  Speed High   Time    Dir
----------------------------------------------------------------------------------
 1   7.2  12.3   15.04   2.7   07.35  11.1   0.0   0.0   5.2  17.3   12.15   ONO
 2   7.0  11.6   14.38   3.7   07.54  11.3   0.0   0.0   4.4  15.8   01.47   ONO
 3   5.8  10.9   15.10   1.7   06.39  12.5   0.0   0.0   4.4  17.3   12.56   ONO
 4   7.0  10.6   13.58   2.3   02.07  11.3   0.0   0.0   4.5  17.3   07.02   ONO
 5   7.5   9.0   13.36   6.5   20.27  10.8   0.0   0.0   8.4  22.0   12.36   ONO
 6   6.0   6.7   00.00   5.5   10.06  12.3   0.0   0.0   3.5  15.8   01.00     O
 7   5.0   6.2   01.10   3.5   07.11  13.3   0.0   0.0   5.1  17.3   07.46   ONO
 8   6.4   7.9   14.51   4.3   23.54  11.9   0.0   0.0   4.2  17.3   12.39     O
 9   3.2   4.5   14.43   0.5   08.17  15.1   0.0   0.3   6.0  24.5   22.32   ONO
10   4.2   5.7   14.38   2.6   07.52  14.1   0.0   0.0   9.9  25.6   23.59   ONO
11   2.7   6.5   14.12  -0.2   07.30  15.6   0.0   0.0   5.3  28.1   00.07   ONO
12   2.3   6.5   15.31  -2.0   06.50  16.0   0.0   0.0   4.5  13.3   00.00   ONO
13   4.8   6.3   11.31   2.8   05.40  13.5   0.0   0.0   4.3  15.8   12.55   ONO
14   5.9   9.6   13.27   2.6   23.58  12.4   0.0   0.0   6.1  19.4   09.31   ONO
15   5.7   9.4   14.48   1.4   03.41  12.6   0.0   0.0   3.7   9.7   03.01   OSO
16   6.9  10.2   13.22   4.8   23.59  11.4   0.0   0.0   4.1  14.8   12.41   ONO
17   5.8  10.2   14.33   1.8   07.19  12.5   0.0   0.3   4.2  13.3   13.19     O
18   6.2  10.5   11.17   1.9   06.41  12.1   0.0   0.0   4.1  11.2   14.55   OSO
19   6.7  11.5   15.17   3.0   08.32  11.6   0.0   0.0   4.4  13.3   10.10   ONO
20   6.5  10.7   11.16   1.8   01.45  11.8   0.0   0.0   4.1  18.4   19.24    SO
21   7.0   7.7   13.55   6.0   23.30  11.3   0.0   0.0   5.8  20.9   01.04   ONO
22   6.1   7.2   14.39   5.0   09.04  12.2   0.0   0.3   3.0  17.3   09.49   ONO
23   5.6   6.5   13.55   4.8   08.43  12.7   0.0   0.0   3.2  14.8   21.03    NO
24   4.8   5.7   15.19   3.2   23.59  13.5   0.0   0.0   4.3  14.8   08.37     O
25   5.7   7.5   16.36   3.0   02.17  12.6   0.0   0.3   4.0  15.8   12.37     O
26   5.8   6.6   01.26   5.0   22.34  12.5   0.0   0.0   6.2  20.9   11.06   ONO
27   3.4   5.0   00.00   1.4   08.34  14.9   0.0   0.0   3.2  13.3   01.43   OSO
28   2.3   3.3   14.08   0.7   08.44  16.0   0.0   0.3   3.7  18.4   11.54   ONO
29   2.0   5.0   15.22  -0.7   09.22  16.3   0.0   0.0   3.4  13.3   09.58     O
30   2.0   3.9   23.15   0.5   06.47  16.3   0.0   0.0   7.8  28.1   10.38   ONO
31   4.3   6.9   12.26   1.6   23.49  14.0   0.0   0.0   7.9  18.4   04.25   ONO
----------------------------------------------------------------------------------
     5.2  12.3     1    -2.0    12   405.5   0.0   1.5   4.9  28.1    11     ONO

Max >=  30.0:  0
Max <=  20.0: 31
Min <=   0.0:  3
Min <=  -5.0:  0
Max Rain: 0.3 on day 9
Days of Rain: 0 (>= 1.0 mm)  0 (>= 5.0 mm)  0 (>= 20.0 mm)
Heat Base: 18.3  Cool Base: 18.3  Method: Integration