Selezionare il report desiderato (mese/anno)

Report relativo al mese/anno: Gen 2016
                   Monthly Climatological Summary for gen 2016

Name: MeteoBellaria   City: Bellaria I.M. (RN)   State: Italy
Elevation: 4 m  Lat: N 44 08' 38"   Lon: E 012 27' 55"

                  Temperature (C), Rain (mm), Wind Speed (km/h)

                                      Heat  Cool        Avg
    Mean                              Deg   Deg         Wind                 Dom
Day Temp  High   Time   Low    Time   Days  Days  Rain  Speed High   Time    Dir
----------------------------------------------------------------------------------
 1   2.9   6.7   11.48  -0.2   23.53  15.4   0.0   0.0   5.1  14.8   12.12   ONO
 2   1.6   3.0   15.27  -0.4   00.22  16.7   0.0   6.9   9.1  25.6   23.05   ONO
 3   3.1   4.0   17.18   2.0   23.35  15.2   0.0   5.2  18.1  52.6   09.32   ONO
 4   2.2   3.4   15.06   1.4   11.03  16.1   0.0   0.7   9.5  43.9   10.27   ONO
 5   3.1   4.9   13.06   1.0   03.44  15.2   0.0   1.0   8.8  35.6   15.13   ONO
 6   3.4   4.8   16.09   2.0   12.20  14.9   0.0  22.1   8.3  25.6   14.16   ONO
 7   4.9   9.8   17.28   0.5   04.31  13.4   0.0   0.0   5.6  25.6   19.18    SO
 8   5.7   6.4   12.55   3.8   08.44  12.6   0.0   0.0   6.2  20.9   01.06   ONO
 9   5.9   7.1   15.10   4.4   04.34  12.4   0.0   0.0   4.5  23.4   23.48   ONO
10   8.6  14.4   22.33   4.9   06.00   9.7   0.0   1.7   7.6  30.6   22.09   SSO
11  15.9  18.3   14.53  13.8   01.34   2.4   0.0   0.0  23.0  68.4   09.37    SO
12  13.6  16.3   13.38  11.1   23.01   4.7   0.0   0.0  23.0  63.7   03.21   ONO
13  10.2  14.2   14.18   5.0   21.26   8.1   0.0   0.0  13.6  56.2   13.03   ONO
14   8.0   9.7   10.09   4.4   23.59  10.3   0.0   2.1  11.2  36.7   23.51    SO
15   4.9   8.7   14.09   0.8   23.38  13.4   0.0   0.7  12.0  40.3   14.55   ONO
16   5.3   9.4   13.18   0.7   03.06  13.0   0.0   0.3  17.9  51.5   15.06     N
17   3.6   6.9   00.00  -0.8   08.10  14.7   0.0   0.0  10.4  37.8   01.17   NNO
18   2.3   6.6   15.39  -0.8   23.48  16.0   0.0   0.0   7.4 202.0   04.33   ONO
19   0.2   5.0   15.36  -3.6   07.45  18.1   0.0   0.0   6.6  23.4   10.40   ONO
20   0.7   5.6   15.38  -3.4   06.44  17.6   0.0   0.0   6.0  22.0   10.44   ONO
21   1.7   4.9   14.29  -2.4   07.49  16.6   0.0   0.0   7.0  19.4   00.57   ONO
22   3.3   6.9   15.07  -1.0   23.26  15.1   0.0   0.0  10.8  31.7   10.46   ONO
23   1.4   6.0   15.33  -2.0   05.20  16.9   0.0   0.0   5.3  20.9   11.42     O
24   2.6   7.3   14.15  -2.0   05.27  15.7   0.0   0.0   4.7  19.4   12.18     O
25   3.9   9.8   12.01  -1.5   06.50  14.4   0.0   0.0   5.0  18.4   12.40     O
26   6.5  12.2   11.52   1.3   05.26  11.8   0.0   0.0   4.3  14.8   23.30    SO
27   6.7   9.7   12.30   3.1   08.34  11.6   0.0   0.0   3.4  15.8   13.30   ONO
28   8.2   9.6   01.21   7.4   07.17  10.1   0.0   0.0   1.9   8.6   05.24     S
29   9.8  12.8   10.15   2.2   06.59   8.5   0.0   0.0   4.0  18.4   11.00   SSE
30  12.1  16.6   12.56   7.5   04.52   6.2   0.0   0.0   9.5  36.7   11.57    SO
31  14.0  18.6   13.08   4.9   23.19   4.3   0.0   0.0  13.3  60.1   14.10     O
----------------------------------------------------------------------------------
     5.7  18.6    31    -3.6    19   391.1   0.0  40.7   9.1 202.0    18       O

Max >=  30.0:  0
Max <=  20.0: 31
Min <=   0.0: 11
Min <=  -5.0:  0
Max Rain: 22.1 on day 6
Days of Rain: 6 (>= 1.0 mm)  3 (>= 5.0 mm)  1 (>= 20.0 mm)
Heat Base: 18.3  Cool Base: 18.3  Method: Integration