Selezionare il report desiderato (mese/anno)

Report relativo al mese/anno: Feb 2016
                   Monthly Climatological Summary for feb 2016

Name: MeteoBellaria   City: Bellaria I.M. (RN)   State: Italy
Elevation: 4 m  Lat: N 44 08' 38"   Lon: E 012 27' 55"

                  Temperature (C), Rain (mm), Wind Speed (km/h)

                                      Heat  Cool        Avg
    Mean                              Deg   Deg         Wind                 Dom
Day Temp  High   Time   Low    Time   Days  Days  Rain  Speed High   Time    Dir
----------------------------------------------------------------------------------
 1   6.1   7.6   19.52   3.9   07.30  12.2   0.0   0.0   4.8  18.4   01.20    NO
 2   6.6   7.7   23.22   5.8   06.09  11.7   0.0   0.0   3.0  13.3   14.33     O
 3   9.3  14.8   15.24   6.1   08.18   9.0   0.0   3.4   8.9  66.2   20.41     O
 4   7.3  11.5   13.18   3.6   23.10  11.0   0.0   2.4  15.1  76.0   00.59    NO
 5   6.5  11.1   12.28   1.6   05.57  11.8   0.0   0.0   8.6  33.1   17.58   SSE
 6   5.9  10.8   13.28   0.9   07.38  12.4   0.0   0.0   7.2  28.1   10.44     O
 7  10.9  14.2   22.27   6.3   00.00   7.4   0.0   0.0  16.3  40.3   16.56    SE
 8  10.5  14.4   04.03   7.2   21.06   7.8   0.0   0.0   8.6  34.2   03.51   SSE
 9  13.6  16.8   13.02   9.1   00.33   4.7   0.0   0.0  16.2  60.1   16.25     S
10  11.4  15.5   02.07   6.0   21.53   6.9   0.0   1.4  19.0  79.6   07.00   ONO
11   7.4  11.1   15.35   3.6   07.13  10.9   0.0   0.0   7.9  27.0   09.55     O
12   8.2  10.0   22.21   5.1   00.01  10.1   0.0   3.8   9.1  34.2   19.25   SSE
13   7.2  12.3   20.12   3.1   07.21  11.1   0.0   0.3  10.2  54.0   00.56   ONO
14   7.3  11.1   12.25   6.1   04.48  11.0   0.0   4.1  11.0  49.0   14.00   ONO
15   6.7   7.1   12.21   6.4   03.56  11.6   0.0  19.3   7.7  20.9   04.29   ONO
16   6.9   8.5   20.24   6.5   00.11  11.4   0.0  37.9   7.3  33.1   20.29   ONO
17   7.3   8.5   14.53   5.9   07.19  11.0   0.0   4.1   7.8  33.1   07.00    NO
18   8.6  12.5   15.21   6.3   23.38   9.7   0.0   0.0  11.7  39.2   14.49   ONO
19   9.7  14.4   12.51   4.3   05.23   8.6   0.0   0.0   7.6  40.3   11.30     O
20   7.8  11.6   15.36   4.5   23.34  10.5   0.0   0.0  11.0  45.4   09.54   ONO
21   7.7  12.0   14.31   3.3   05.01  10.6   0.0   0.0   4.6  15.8   15.15     S
22   9.8  15.6   23.24   4.7   06.48   8.5   0.0   0.0   5.2  22.0   22.46   SSO
23  12.4  18.2   12.28   7.8   22.44   5.9   0.0   0.0   7.8  29.5   07.47    SO
24   9.0  11.0   15.10   5.6   04.19   9.3   0.0   1.4   5.6  29.5   12.15    SE
25   8.7   9.8   00.00   7.8   18.37   9.6   0.0   8.3   8.9  34.2   09.27    NO
26   8.5   9.9   20.17   7.2   03.16   9.8   0.0   0.0   8.0  30.6   13.57     E
27   9.4  10.6   23.45   8.1   07.16   8.9   0.0   6.2   9.0  29.5   21.37    SE
28  11.2  12.4   22.33  10.5   00.11   7.1   0.0   4.8  15.5  63.7   20.46   ESE
29  11.0  13.3   12.03   7.6   22.54   7.3   0.0  10.7  11.1  64.8   02.35    SE
----------------------------------------------------------------------------------
     8.7  18.2    23     0.9     6   277.8   0.0 108.1   9.5  79.6    10     OSO

Max >=  30.0:  0
Max <=  20.0: 29
Min <=   0.0:  0
Min <=  -5.0:  0
Max Rain: 37.9 on day 16
Days of Rain: 13 (>= 1.0 mm)  5 (>= 5.0 mm)  1 (>= 20.0 mm)
Heat Base: 18.3  Cool Base: 18.3  Method: Integration