Selezionare il report desiderato (mese/anno)

Report relativo al mese/anno: Apr 2016
                   Monthly Climatological Summary for apr 2016

Name: MeteoBellaria   City: Bellaria I.M. (RN)   State: Italy
Elevation: 4 m  Lat: N 44 08' 38"   Lon: E 012 27' 55"

                  Temperature (C), Rain (mm), Wind Speed (km/h)

                                      Heat  Cool        Avg
    Mean                              Deg   Deg         Wind                 Dom
Day Temp  High   Time   Low    Time   Days  Days  Rain  Speed High   Time    Dir
----------------------------------------------------------------------------------
 1  13.9  15.9   11.57  12.2   23.34   4.4   0.0   0.0   6.0  25.6   10.40    NO
 2  12.7  14.6   15.30  11.1   23.55   5.6   0.0   0.0   4.5  15.8   16.40     N
 3  11.9  14.5   17.45   8.2   06.35   6.4   0.0   0.0   6.3  24.5   17.09   ESE
 4  12.4  14.9   14.08   9.8   03.46   5.9   0.0   0.0   4.7  18.4   13.26   NNE
 5  13.4  15.0   13.59  12.1   22.24   4.9   0.0   0.0   4.7  19.4   13.24   ENE
 6  10.9  13.5   19.52  10.0   07.08   7.5   0.0   0.0   2.3  13.3   19.52     S
 7  12.7  13.6   18.21  11.8   05.27   5.6   0.0   0.0   4.0  12.2   15.18   ESE
 8  13.6  14.4   11.43  12.5   06.14   4.7   0.0   3.4   4.4  15.8   10.10   ESE
 9  13.6  17.1   14.29  11.0   06.51   4.7   0.0   0.7   7.1  28.1   11.44   ONO
10  13.5  16.8   14.48   9.6   05.28   4.8   0.0   0.3   7.8  20.9   11.52   NNO
11  14.5  18.5   09.59   8.7   06.52   3.8   0.0   0.0   7.2  27.0   18.24    SE
12  16.5  20.7   12.09  11.6   07.18   2.1   0.2   0.0  10.8  41.8   17.46    SE
13  15.8  19.3   23.56  12.3   06.28   2.5   0.0   0.0   6.4  28.1   23.37   SSE
14  16.2  19.6   12.16  12.2   06.58   2.2   0.1   0.0  12.3  47.9   12.19     O
15  16.0  22.9   12.42  10.5   04.29   2.9   0.5   0.0   9.1  35.6   11.34     S
16  19.6  25.9   16.40  13.7   04.15   1.2   2.4   0.0  12.1  42.8   15.20   SSO
17  19.8  24.7   13.52  17.0   14.55   0.1   1.6   0.0  10.4  45.4   21.18   SSO
18  17.4  20.4   00.10  14.9   23.59   1.1   0.1   0.0   5.8  28.1   17.09   SSE
19  13.2  15.6   14.34  10.2   23.45   5.1   0.0   3.1   8.3  39.2   09.43   ONO
20  13.1  17.5   13.52   8.0   06.20   5.2   0.0   0.0   6.7  25.6   15.36   ESE
21  12.8  17.3   15.32   6.6   05.48   5.5   0.0   0.0   7.4  27.0   15.51   ESE
22  15.3  18.8   15.02  11.7   02.48   3.0   0.0   0.0   7.3  28.1   17.59   ESE
23  16.2  20.3   16.49  12.6   00.00   2.3   0.2   0.0   6.5  33.1   14.11     O
24  12.5  14.6   11.52  11.1   20.35   5.8   0.0  11.4  15.3  57.6   17.01   NNE
25  11.2  14.3   16.09   8.1   23.28   7.1   0.0   2.1  13.5  45.4   00.18     N
26  13.3  18.2   14.52   7.3   02.52   5.0   0.0   0.0  10.5  41.8   10.40   SSO
27  16.3  20.8   15.35  12.0   05.48   2.5   0.5   0.0  18.4  54.0   16.19     O
28  11.3  12.5   00.29   9.9   07.45   7.0   0.0   3.1   6.4  24.5   09.42     O
29  13.0  15.8   16.10   9.2   01.17   5.3   0.0   0.0   6.9  24.5   10.22   ESE
30  12.7  16.4   14.34   6.9   06.16   5.6   0.0   4.8   9.7  40.3   19.39    SE
----------------------------------------------------------------------------------
    14.2  25.9    16     6.6    21   129.8   5.6  28.9   8.1  57.6    24       S

Max >=  30.0:  0
Max <=  20.0: 23
Min <=   0.0:  0
Min <=  -5.0:  0
Max Rain: 11.4 on day 24
Days of Rain: 6 (>= 1.0 mm)  1 (>= 5.0 mm)  0 (>= 20.0 mm)
Heat Base: 18.3  Cool Base: 18.3  Method: Integration