Selezionare il report desiderato (mese/anno)

Report relativo al mese/anno: Mag 2016
                   Monthly Climatological Summary for mag 2016

Name: MeteoBellaria   City: Bellaria I.M. (RN)   State: Italy
Elevation: 4 m  Lat: N 44 08' 38"   Lon: E 012 27' 55"

                  Temperature (C), Rain (mm), Wind Speed (km/h)

                                      Heat  Cool        Avg
    Mean                              Deg   Deg         Wind                 Dom
Day Temp  High   Time   Low    Time   Days  Days  Rain  Speed High   Time    Dir
----------------------------------------------------------------------------------
 1  13.8  16.1   13.24  12.3   06.48   4.5   0.0  17.9  12.1  35.6   15.07   NNE
 2  14.9  16.8   16.19  11.2   05.12   3.4   0.0   4.1  19.0  49.0   21.00     N
 3  17.5  21.6   17.33  13.2   06.47   1.6   0.7   0.3  12.2  51.5   02.08   NNO
 4  16.4  20.7   15.37  11.2   06.28   2.3   0.4   0.3  11.7  30.6   00.13    NO
 5  15.1  17.9   15.27  10.4   05.43   3.2   0.0   0.0   7.7  28.1   09.34    NE
 6  15.0  19.1   14.14   9.6   05.50   3.3   0.1   0.0   8.4  24.5   08.28     S
 7  15.4  19.4   15.03   9.6   06.18   2.9   0.1   0.0   8.4  28.1   14.37   ESE
 8  16.2  19.3   14.44  12.1   06.17   2.2   0.1   0.0   8.5  33.1   14.52   ESE
 9  17.4  19.9   12.07  15.4   05.17   1.1   0.2   0.0   6.2  18.4   06.46     E
10  17.7  20.0   16.39  15.4   05.08   0.9   0.4   0.0   7.8  28.1   17.39   ESE
11  16.9  18.3   14.18  16.1   01.41   1.4   0.0   2.8   9.7  37.8   17.30    SE
12  18.6  22.6   14.53  16.1   06.37   0.9   1.2   1.4  12.4  47.9   16.13     O
13  18.3  21.2   13.23  14.0   05.13   1.0   1.0   2.8  13.7  55.1   15.12     O
14  17.5  21.8   12.56  14.1   23.56   1.2   0.4   8.6   8.5  45.4   23.33   SSE
15  15.7  18.3   14.45  13.1   06.16   2.6   0.0   1.0  13.1  37.8   03.47     N
16  15.7  17.5   12.38  12.6   03.20   2.6   0.0   5.2  10.2  35.6   11.01   ENE
17  15.3  18.6   14.56  10.2   06.17   3.0   0.0   0.0   7.3  18.4   07.43   ESE
18  15.9  20.3   19.44   9.2   03.30   2.8   0.4   0.0  10.4  39.2   16.55   SSE
19  15.7  20.5   16.05  11.4   21.00   2.8   0.2   5.5  12.6  57.6   16.41     S
20  16.5  21.6   18.51  11.6   00.31   2.6   0.7   2.4  11.2  36.7   10.25    NO
21  18.4  23.9   14.50  11.2   05.55   2.0   2.1   0.0   6.7  19.4   10.56    NO
22  18.2  21.7   14.06  13.0   05.04   1.4   1.3   0.0  10.3  35.6   18.26    SE
23  18.7  24.3   11.03  15.2   13.26   1.0   1.4   0.3  15.8  62.3   12.56    SO
24  16.4  19.8   13.21  11.7   03.40   2.1   0.2   1.0  12.4  36.7   09.35    NO
25  17.3  21.1   19.08  11.0   04.44   2.0   1.0   0.0   7.0  25.6   15.34    SE
----------------------------------------------------------------------------------
    16.6  24.3    23     9.2    18    54.8  11.9  53.6  10.5  62.3    23     NNE

Max >=  30.0:  0
Max <=  20.0: 13
Min <=   0.0:  0
Min <=  -5.0:  0
Max Rain: 17.9 on day 1
Days of Rain: 11 (>= 1.0 mm)  4 (>= 5.0 mm)  0 (>= 20.0 mm)
Heat Base: 18.3  Cool Base: 18.3  Method: Integration