Selezionare il report desiderato (mese/anno)

Report relativo al mese/anno: Giu 2016
                   Monthly Climatological Summary for giu 2016

Name: MeteoBellaria   City: Bellaria I.M. (RN)   State: Italy
Elevation: 4 m  Lat: N 44 08' 38"   Lon: E 012 27' 55"

                  Temperature (C), Rain (mm), Wind Speed (km/h)

                                      Heat  Cool        Avg
    Mean                              Deg   Deg         Wind                 Dom
Day Temp  High   Time   Low    Time   Days  Days  Rain  Speed High   Time    Dir
----------------------------------------------------------------------------------
 1  18.9  22.7   11.31  13.1   05.11   0.9   2.1   0.0  10.9  30.6   16.31    SE
 2  18.8  21.5   13.26  16.0   05.01   0.6   1.2   3.1   7.8  23.4   13.51   SSE
 3  19.1  22.2   10.16  15.2   03.21   0.8   1.6   1.7   7.8 163.0   12.16    SE
 4  19.8  23.7   10.29  16.5   05.08   0.3   1.8   1.0   6.7  24.5   09.51   SSO
 5  20.2  23.1   16.53  16.8   04.58   0.3   2.2   0.0   8.3  24.5   15.26   ESE
 6  20.2  23.4   14.32  16.7   05.30   0.2   2.1   0.0   8.1  28.1   15.39   ONO
 7  21.0  25.0   14.20  15.6   04.15   0.6   3.3   0.0   8.6  29.5   08.17   NNO
 8  21.2  25.2   14.53  15.9   06.02   0.4   3.4   0.0   7.1  27.0   15.29   ESE
 9  19.4  21.1   01.28  16.6   06.40   0.2   1.3   2.8   6.6  28.1   04.57     O
10  20.0  22.9   13.15  17.0   05.42   0.3   2.0   0.7   7.0  22.0   14.58   ONO
11  22.4  27.8   15.17  16.1   04.13   0.4   4.5   0.0   9.4  37.8   17.14    SO
12  20.9  25.4   12.38  17.0   14.13   0.1   2.7  27.6   6.9  58.7   13.54     O
13  19.9  23.9   17.15  15.2   05.29   0.7   2.3   0.0   8.0  24.5   08.25     N
14  19.8  23.8   11.24  16.1   06.21   0.3   1.8  14.1   9.1  30.6   13.34    SO
15  22.7  28.1   17.28  14.9   06.08   0.2   4.7   0.0  12.5  47.9   09.14   OSO
16  23.0  25.1   11.15  19.0   06.14   0.0   4.7   0.0  10.1  39.2   17.41    SE
17  23.5  26.8   18.10  19.0   06.09   0.0   5.2   0.0   9.6  37.8   00.33   ONO
18  20.6  24.1   10.09  15.4   05.35   0.4   2.7   0.0   8.9  28.1   17.41   SSE
19  19.4  22.4   14.55  16.9   04.47   0.2   1.3   0.0  13.6  39.2   15.54   ONO
20  19.8  23.8   17.29  15.6   05.17   0.5   1.9  18.6  10.9  39.2   06.22   NNO
21  20.4  24.5   17.27  14.7   05.08   0.8   2.9   0.0   6.6  22.0   13.39   ESE
22  22.2  26.5   18.05  15.6   05.02   0.4   4.3   0.0   8.6  27.0   10.33   NNO
23  24.4  28.4   15.55  19.8   05.49   0.0   6.1   0.0   8.3  24.5   08.06   NNO
24  26.3  30.5   11.41  20.7   05.49   0.0   8.0   0.0   8.5  25.6   10.31   ONO
25  27.1  30.7   11.55  23.5   05.55   0.0   8.8   0.0   6.2  27.0   15.59    SE
26  26.1  30.3   10.51  21.1   05.14   0.0   7.8   0.0   7.4  28.1   11.56    NE
27  25.3  30.4   15.58  19.5   05.42   0.0   7.0   0.0  13.0  49.0   10.09    NO
28  25.0  26.9   13.25  20.9   23.58   0.0   6.7   0.0  11.3  34.2   04.18     E
29  23.9  27.7   15.31  17.4   05.19   0.1   5.7   0.0   8.7  28.1   19.33    SE
30  25.4  28.8   15.23  20.6   06.05   0.0   7.1   0.0   8.1  29.5   17.37   ESE
----------------------------------------------------------------------------------
    21.9  30.7    25    13.1     1     8.7 117.2  69.6   8.8 163.0     3       O

Max >=  30.0:  4
Max <=  20.0:  0
Min <=   0.0:  0
Min <=  -5.0:  0
Max Rain: 27.6 on day 12
Days of Rain: 7 (>= 1.0 mm)  3 (>= 5.0 mm)  1 (>= 20.0 mm)
Heat Base: 18.3  Cool Base: 18.3  Method: Integration