Selezionare il report desiderato (mese/anno)

Report relativo al mese/anno: Lug 2016
                   Monthly Climatological Summary for lug 2016

Name: MeteoBellaria   City: Bellaria I.M. (RN)   State: Italy
Elevation: 4 m  Lat: N 44 08' 38"   Lon: E 012 27' 55"

                  Temperature (C), Rain (mm), Wind Speed (km/h)

                                      Heat  Cool        Avg
    Mean                              Deg   Deg         Wind                 Dom
Day Temp  High   Time   Low    Time   Days  Days  Rain  Speed High   Time    Dir
----------------------------------------------------------------------------------
 1  25.9  30.0   11.55  21.2   06.08   0.0   7.6   0.0   9.1  29.5   12.48   NNE
 2  26.1  28.9   12.55  21.0   06.09   0.0   7.8   0.0   7.8  30.6   15.46   ESE
 3  26.7  29.4   11.53  23.6   05.54   0.0   8.4   0.0  10.7  35.6   23.39    NE
 4  25.5  27.0   17.04  22.4   23.52   0.0   7.2   0.0  10.7  33.1   00.17   ENE
 5  24.3  27.9   16.06  18.4   05.55   0.0   6.0   0.0   9.4  39.2   22.21     E
 6  25.7  28.7   14.53  21.7   05.18   0.0   7.4   0.0   9.0  25.6   17.54   ESE
 7  25.6  28.4   14.29  20.5   05.47   0.0   7.3   0.0  10.7  34.2   20.10   ESE
 8  26.4  29.1   17.23  21.4   05.46   0.0   8.1   0.0   6.4  19.4   12.15     E
 9  26.7  30.5   15.19  20.5   05.36   0.0   8.4   0.0   7.8  27.0   18.21   ESE
10  26.9  30.2   16.41  22.2   04.44   0.0   8.6   0.0   7.6  23.4   14.55   ESE
11  27.7  30.4   15.01  23.0   05.59   0.0   9.4   0.0   8.3  29.5   18.54   ESE
12  28.8  32.6   10.02  24.1   06.35   0.0  10.5   0.0   8.6  36.7   16.25    SE
13  28.4  31.7   13.04  24.0   23.56   0.0  10.1   0.0   9.8  54.0   22.49   OSO
14  23.2  25.0   15.38  18.4   04.44   0.0   4.9   0.0  14.5  55.1   09.00   NNO
15  21.5  24.4   01.08  18.4   06.28   0.0   3.2  52.4  28.0  72.4   04.10    NE
16  21.7  24.0   12.42  17.2   07.10   0.1   3.4   0.0  18.4  60.1   01.51     E
17  22.6  28.0   11.52  16.0   05.15   0.4   4.7   0.0   8.7  28.1   16.20   SSE
18  24.3  28.7   15.15  18.4   05.57   0.0   6.0   0.0   7.0  25.6   18.19    SE
19  24.5  27.9   10.31  19.2   06.06   0.0   6.2   0.0   8.1  24.5   18.53   ESE
20  25.4  29.2   19.54  20.2   05.50   0.0   7.1   0.0   6.8  29.5   16.30   ESE
21  25.9  29.4   13.24  20.9   06.26   0.0   7.6   0.0   6.2  22.0   15.23   ESE
22  25.8  30.7   13.28  19.4   06.15   0.0   7.5   0.0   7.9  34.2   17.15   ESE
23  25.9  29.0   11.35  21.8   06.32   0.0   7.6   0.0   6.1  30.6   13.51    NO
24  23.5  26.3   16.08  21.6   23.59   0.0   5.2   1.0   8.3  29.5   13.33     O
25  24.4  29.7   16.19  20.2   04.44   0.0   6.2   1.0   6.7  25.6   11.51     O
26  25.5  29.8   17.05  21.0   05.09   0.0   7.2   0.0   8.5  28.1   08.13    NO
27  24.9  29.3   14.44  21.1   03.48   0.0   6.6   0.0   7.8  28.1   08.36   ONO
28  24.3  26.8   15.09  20.8   03.35   0.0   6.0   0.0  10.3  29.5   03.29     N
29  25.0  28.0   16.52  20.2   05.37   0.0   6.7   0.0   7.2  24.5   11.46     E
30  25.9  29.2   14.36  20.8   06.18   0.0   7.6   0.0   7.5  27.0   16.44   ESE
31  27.0  34.3   18.38  21.2   05.29   0.0   8.8   0.0   7.4  33.1   17.10     E
----------------------------------------------------------------------------------
    25.4  34.3    31    16.0    17     0.5 219.3  54.4   9.4  72.4    15       E

Max >=  30.0:  8
Max <=  20.0:  0
Min <=   0.0:  0
Min <=  -5.0:  0
Max Rain: 52.4 on day 15
Days of Rain: 3 (>= 1.0 mm)  1 (>= 5.0 mm)  1 (>= 20.0 mm)
Heat Base: 18.3  Cool Base: 18.3  Method: Integration