Selezionare il report desiderato (mese/anno)

Report relativo al mese/anno: Ago 2016
                   Monthly Climatological Summary for ago 2016

Name: MeteoBellaria   City: Bellaria I.M. (RN)   State: Italy
Elevation: 4 m  Lat: N 44 08' 38"   Lon: E 012 27' 55"

                  Temperature (C), Rain (mm), Wind Speed (km/h)

                                      Heat  Cool        Avg
    Mean                              Deg   Deg         Wind                 Dom
Day Temp  High   Time   Low    Time   Days  Days  Rain  Speed High   Time    Dir
----------------------------------------------------------------------------------
 1  24.2  27.2   16.06  20.0   09.26   0.0   5.9  78.0  10.1  30.6   08.35    NO
 2  24.1  27.3   12.08  20.0   06.33   0.0   5.8   0.0   7.2  22.0   08.03    NO
 3  24.4  28.1   17.29  18.7   06.32   0.0   6.1   0.0   7.1  22.0   15.51     E
 4  25.1  29.0   16.16  19.3   06.32   0.0   6.8   0.0   8.7  31.7   18.48   ESE
 5  25.2  30.1   16.49  19.7   23.58   0.0   6.9  12.8   8.3  40.3   16.50    NO
 6  22.0  26.4   17.31  18.0   05.04   0.0   3.7   3.8  10.5  37.8   07.45    NO
 7  24.4  27.2   15.20  19.1   04.28   0.0   6.1   0.0  12.6  39.2   06.25    NE
 8  23.2  27.4   15.58  17.4   06.16   0.0   4.9   0.0   8.3  28.1   08.29    NO
 9  23.5  28.2   15.53  17.5   05.14   0.1   5.3   0.7   8.1  23.4   12.30   ENE
10  22.1  23.6   15.31  19.1   06.11   0.0   3.8   0.0  11.0  39.2   09.00    NO
11  20.0  22.8   14.20  15.7   07.56   0.3   2.0  16.6  10.8  41.8   04.42   NNE
12  19.3  24.3   15.49  13.5   05.21   1.3   2.4   0.0   6.2  22.0   11.56   NNO
13  20.8  25.7   15.45  14.3   06.13   1.0   3.6   0.0   7.4  19.4   09.05    NO
14  22.4  26.8   14.28  16.4   05.05   0.4   4.5   0.0   8.1  27.0   19.47   ESE
15  23.5  27.7   15.28  17.0   05.44   0.2   5.4   0.0   8.5  30.6   17.22    SE
16  23.8  27.3   15.25  18.4   06.34   0.0   5.5   0.0   8.3  23.4   16.18     E
17  25.5  28.5   13.59  21.6   06.38   0.0   7.2   0.0   9.6  31.7   19.22    SE
18  24.4  26.7   14.51  20.5   06.45   0.0   6.1   0.0   9.4  33.1   00.29   ESE
19  24.5  27.9   13.54  21.1   06.57   0.0   6.2   0.0   6.9  28.1   18.58   SSE
20  24.6  27.3   15.53  20.8   06.37   0.0   6.3   0.0   9.0  28.1   18.38   ESE
21  25.1  27.7   15.54  22.6   03.44   0.0   6.8   4.1   9.5  68.4   23.49     N
22  23.4  25.8   16.36  18.9   23.57   0.0   5.1   1.7  10.4 183.0   11.45    NE
23  22.0  26.7   15.27  15.4   06.09   0.5   4.2   0.0  10.2  37.8   11.05   NNO
24  22.8  27.3   18.25  16.9   03.55   0.1   4.7   0.0   8.4  31.7   08.59   NNO
25  22.7  27.0   15.20  16.8   06.42   0.1   4.5   0.0   8.3  28.1   08.40   NNO
26  22.7  26.7   15.21  17.1   06.13   0.1   4.4   0.0   8.4  29.5   09.15   NNO
27  22.8  27.3   15.15  17.1   05.20   0.2   4.6   0.0   7.3  22.0   15.45    NE
28  23.6  27.2   14.23  18.8   06.46   0.0   5.3   0.0   7.1  20.9   12.23   ESE
29  24.2  28.1   10.26  18.3   07.13   0.0   5.9   0.0   7.5  27.0   17.23    SE
30  24.5  27.5   12.54  20.6   06.18   0.0   6.2   0.0   6.8  24.5   08.28   NNO
31  24.1  26.8   15.58  21.7   23.59   0.0   5.8   0.0   8.8  27.0   08.31    NO
----------------------------------------------------------------------------------
    23.4  30.1     5    13.5    12     4.3 162.0 117.7   8.7 183.0    22     NNE

Max >=  30.0:  1
Max <=  20.0:  0
Min <=   0.0:  0
Min <=  -5.0:  0
Max Rain: 78.0 on day 1
Days of Rain: 6 (>= 1.0 mm)  3 (>= 5.0 mm)  1 (>= 20.0 mm)
Heat Base: 18.3  Cool Base: 18.3  Method: Integration