Selezionare il report desiderato (mese/anno)

Report relativo al mese/anno: Set 2016
                   Monthly Climatological Summary for set 2016

Name: MeteoBellaria   City: Bellaria I.M. (RN)   State: Italy
Elevation: 4 m  Lat: N 44 08' 38"   Lon: E 012 27' 55"

                  Temperature (C), Rain (mm), Wind Speed (km/h)

                                      Heat  Cool        Avg
    Mean                              Deg   Deg         Wind                 Dom
Day Temp  High   Time   Low    Time   Days  Days  Rain  Speed High   Time    Dir
----------------------------------------------------------------------------------
 1  23.3  27.9   15.44  18.0   06.10   0.0   5.1   0.0   7.0  23.4   09.29   NNO
 2  24.0  28.3   15.02  19.0   07.22   0.0   5.7   0.0   6.8  22.0   09.09     E
 3  23.8  27.6   15.28  18.4   07.23   0.0   5.5   0.0   7.4  23.4   15.13    SE
 4  24.1  27.5   15.12  19.3   06.07   0.0   5.8   0.0   6.9  27.0   17.46    SE
 5  24.2  27.5   11.58  20.9   23.16   0.0   5.9   0.0   9.7  34.2   13.51    NE
 6  19.3  25.0   14.44  15.6   07.10   0.5   1.5  14.5  10.8  57.6   21.16   NNE
 7  23.6  25.7   15.50  21.4   00.00   0.0   5.3   1.0  20.8  55.1   05.33    NE
 8  22.3  25.8   16.37  19.1   07.04   0.0   4.0   0.0   8.8  30.6   09.28    NO
 9  22.7  26.9   15.38  18.3   02.29   0.0   4.4   0.0   9.9  25.6   09.16    NO
10  23.2  27.4   16.12  19.0   04.58   0.0   4.9   0.0  10.1  29.5   09.16    NO
11  23.3  26.9   13.36  20.3   03.13   0.0   5.0   0.0   8.3  24.5   08.12    NO
12  23.0  26.6   11.50  18.6   05.23   0.0   4.7   0.0   7.4  23.4   09.31    NO
13  22.8  26.9   14.23  17.4   07.04   0.1   4.6   0.0   7.1  23.4   10.00   NNO
14  22.8  26.0   12.57  18.0   07.10   0.0   4.5   0.0   7.6  27.0   20.45   ESE
15  22.5  26.7   19.21  19.0   06.31   0.0   4.2   1.8   3.9  14.8   19.21    SE
16  20.2  21.6   12.24  18.5   16.07   0.0   1.9  35.9   8.3  35.6   15.42   OSO
17  21.8  26.7   16.33  16.9   05.18   0.2   3.7   0.0   7.9  30.6   08.00   ONO
18  19.8  23.5   13.40  16.4   23.54   0.2   1.7   0.0   7.8  24.5   17.56   OSO
19  18.5  22.8   18.22  15.3   07.25   1.0   1.3   6.6   7.3  31.7   10.53   ONO
20  20.4  24.4   16.04  15.6   07.04   0.6   2.7   0.0   8.5  29.5   16.18   SSE
21  17.0  20.9   18.22  16.3   06.45   1.4   0.1   0.0   3.7  18.4   23.55    SO
22  18.6  22.3   14.44  13.7   23.59   1.0   1.3   0.0   7.6  25.6   09.43    NO
23  17.4  22.5   15.13  11.1   07.05   2.3   1.5   0.0   8.8  27.0   16.00   SSE
24  17.5  25.3   01.23  11.7   07.17   2.3   1.6   0.0   6.5  24.5   10.05   ONO
25  17.6  23.1   16.25  11.9   07.10   2.3   1.6   0.0   7.3  22.0   13.31   ONO
26  17.8  22.7   15.04  12.5   07.13   2.0   1.5   0.0   7.1  22.0   12.50     O
27  17.5  23.0   16.07  12.1   05.43   2.4   1.5   0.0   6.1  19.4   09.45    NO
28  17.6  23.1   16.24  12.0   06.54   2.2   1.5   0.0   6.7  23.4   09.42   ONO
29  17.8  22.8   15.37  11.9   07.15   2.0   1.5   0.0   8.0  27.0   17.34   SSE
30  18.9  23.6   11.03  13.8   05.12   1.4   2.0   0.0   7.1  24.5   17.45   SSE
----------------------------------------------------------------------------------
    20.8  28.3     2    11.1    23    21.9  96.5  59.8   8.0  57.6     6      NO

Max >=  30.0:  0
Max <=  20.0:  0
Min <=   0.0:  0
Min <=  -5.0:  0
Max Rain: 35.9 on day 16
Days of Rain: 5 (>= 1.0 mm)  3 (>= 5.0 mm)  1 (>= 20.0 mm)
Heat Base: 18.3  Cool Base: 18.3  Method: Integration