Selezionare il report desiderato (mese/anno)

Report relativo al mese/anno: Dic 2016
                   Monthly Climatological Summary for dic 2016

Name: MeteoBellaria   City: Bellaria I.M. (RN)   State: Italy
Elevation: 4 m  Lat: N 44 08' 38"   Lon: E 012 27' 55"

                  Temperature (C), Rain (mm), Wind Speed (km/h)

                                      Heat  Cool        Avg
    Mean                              Deg   Deg         Wind                 Dom
Day Temp  High   Time   Low    Time   Days  Days  Rain  Speed High   Time    Dir
----------------------------------------------------------------------------------
 1   4.3   9.4   13.33  -0.7   01.08  14.0   0.0   0.0   4.6  20.9   11.26   OSO
 2   5.9  12.3   12.12   0.9   07.31  12.4   0.0   0.0   4.2  19.4   23.58   ONO
 3   7.0   9.1   13.21   3.6   01.17  11.3   0.0   0.0  12.4  33.1   11.02   ONO
 4   7.5   8.1   13.15   6.8   05.01  10.8   0.0   0.0  12.8  33.1   00.19   ONO
 5   8.0   9.2   12.07   5.8   23.51  10.3   0.0   0.0   8.5  24.5   10.26   ONO
 6   7.2  10.2   12.34   4.3   21.21  11.1   0.0   0.0   6.2  18.4   07.10   ONO
 7   4.6   5.7   02.14   3.0   23.40  13.7   0.0   0.0   6.7  22.0   00.12   ONO
 8   3.1   8.1   12.27  -1.3   07.27  15.2   0.0   0.0   5.6  18.4   01.25   ONO
 9   1.2   4.6   15.37  -2.1   05.40  17.1   0.0   0.3   4.1  15.8   00.11    NO
10   1.5   5.9   13.13  -2.4   08.22  16.8   0.0   0.0   4.2  14.8   00.19    NO
11   1.6   3.3   17.27  -0.4   06.53  16.7   0.0   0.0   6.0  18.4   14.25   ONO
12   4.6   8.8   15.11   2.2   23.04  13.7   0.0   0.0   7.5  27.0   13.13    NO
13   2.3   3.4   04.46  -0.1   07.41  16.0   0.0   0.0   7.4  19.4   22.57   ONO
14   1.4   2.7   17.07   0.2   06.27  16.9   0.0   0.3   7.2  22.0   01.58   ONO
15   1.1   2.0   21.07   0.4   06.16  17.2   0.0   0.0   7.3  18.4   22.56    NO
16   3.5   5.4   15.35   1.9   00.00  14.8   0.0   0.0  11.1  28.1   12.07   ONO
17   3.5   7.2   14.23   0.1   23.53  14.8   0.0   0.0  10.2  25.6   01.43   ONO
18   1.1   5.4   10.58  -3.3   22.35  17.2   0.0   0.0   5.2  15.8   12.15   ONO
19   0.1   4.1   23.54  -3.3   00.00  18.2   0.0   0.0   8.2 179.0   20.37   ONO
20   5.8   7.7   22.31   3.9   02.10  12.5   0.0   4.8  11.1  24.5   04.12   ONO
21   7.5  10.6   15.14   4.2   23.42  10.8   0.0   3.1  14.0  34.2   04.34   ONO
22   6.2  11.4   13.47   2.0   07.38  12.1   0.0   0.0   6.7  25.6   11.17   ONO
23   5.1  10.5   14.27   0.9   08.11  13.2   0.0   0.0   7.4  29.5   11.04   ONO
24   5.3  11.7   14.34   0.8   06.11  13.0   0.0   0.0   5.8  20.9   17.24   ONO
25   5.3  11.0   15.06   1.5   05.16  13.0   0.0   0.0   5.1  19.4   12.11   ONO
26   6.1  12.3   11.16   1.4   07.57  12.2   0.0   0.0   4.8  15.8   20.37   ONO
27   6.4  12.2   15.22   2.7   04.11  11.9   0.0   0.0   6.6  20.9   12.41   ONO
28   6.5  13.9   14.58   1.4   05.48  11.8   0.0   0.0   5.4  42.8   23.55   OSO
29   7.8   9.2   02.17   2.3   23.30  10.6   0.0   0.0  20.9  52.6   03.50   ESE
30   3.2   8.0   14.36   0.5   06.27  15.1   0.0   0.0  11.3  31.7   10.56   ONO
31   2.7   8.0   15.04  -1.1   23.31  15.6   0.0   0.0   8.4  24.5   10.55   ONO
----------------------------------------------------------------------------------
     4.4  13.9    28    -3.3    18   430.0   0.0   8.5   8.0 179.0    19     ONO

Max >=  30.0:  0
Max <=  20.0: 31
Min <=   0.0:  9
Min <=  -5.0:  0
Max Rain: 4.8 on day 20
Days of Rain: 2 (>= 1.0 mm)  0 (>= 5.0 mm)  0 (>= 20.0 mm)
Heat Base: 18.3  Cool Base: 18.3  Method: Integration