Selezionare il report desiderato (mese/anno)

Report relativo al mese/anno: Gen 2017
                   Monthly Climatological Summary for gen 2017

Name: MeteoBellaria   City: Bellaria I.M. (RN)   State: Italy
Elevation: 4 m  Lat: N 44 08' 38"   Lon: E 012 27' 55"

                  Temperature (C), Rain (mm), Wind Speed (km/h)

                                      Heat  Cool        Avg
    Mean                              Deg   Deg         Wind                 Dom
Day Temp  High   Time   Low    Time   Days  Days  Rain  Speed High   Time    Dir
----------------------------------------------------------------------------------
 1   1.9   8.2   15.47  -2.7   07.13  16.4   0.0   0.0   5.2  18.4   10.46     O
 2   3.4   6.5   15.46  -0.5   06.52  14.9   0.0   0.0   4.4  17.3   18.41   ONO
 3   4.2   8.7   15.30   1.7   23.54  14.1   0.0  23.5  10.5  30.6   09.53    NO
 4   3.5   7.4   15.23   0.6   06.07  14.8   0.0   0.0   7.8  23.4   22.19   ONO
 5   4.2   7.5   12.46   0.6   08.33  14.1   0.0   0.0  21.0  66.2   18.21     N
 6   3.1   5.2   00.00   1.5   23.59  15.2   0.0   0.0  25.2  58.7   01.18    NE
 7   0.8   3.7   12.54  -3.1   23.52  17.5   0.0   0.0  11.0  43.9   01.14     E
 8  -0.7   2.4   15.53  -3.7   00.51  19.0   0.0   0.0   7.6  24.5   23.48   ONO
 9   0.7   4.4   13.03  -3.1   07.57  17.6   0.0   0.0   7.8  24.5   02.47   ONO
10   2.9   5.3   04.08  -0.7   00.00  15.4   0.0   0.0  16.8  52.6   05.21     E
11  -0.6   2.5   15.15  -4.0   23.58  18.9   0.0   0.0   9.3  31.7   09.23    NO
12   0.3   2.5   15.27  -4.1   00.29  18.0   0.0   0.0   6.0  19.4   16.26   ONO
13   1.5   3.5   19.54 -22.4   19.45  16.8   0.0  10.7  13.0  74.5   20.22    NO
14   3.7   9.0   14.09  -0.4   23.50  14.6   0.0   0.0   6.7  29.5   00.00     O
15   1.5   7.0   20.59  -1.0   03.12  16.8   0.0   4.1  12.8  40.3   13.12    NO
16   3.4   5.6   11.12   0.1   06.23  14.9   0.0   0.3  25.1  63.7   14.35   NNE
17   4.5   5.5   19.45   2.9   14.14  13.8   0.0   9.7  34.4  73.4   11.05    NE
18   5.5   6.3   14.16   4.7   01.21  12.8   0.0   0.0  26.8  55.1   21.50    NE
19   5.0   6.3   14.49   1.5   23.39  13.3   0.0   0.0  16.5  45.4   00.28   NNE
20   2.5   4.9   15.44  -0.2   04.16  15.8   0.0   0.0  11.4  37.8   11.06   ONO
21   2.8   4.4   15.07   1.2   06.08  15.5   0.0   0.0  10.5  27.0   05.45   ONO
22   4.0   5.4   14.56   2.6   00.00  14.3   0.0   0.0  10.0  25.6   11.29   ONO
23   4.5   5.4   23.53   3.3   08.26  13.8   0.0   0.0  11.5  29.5   06.30   ONO
24   6.0   9.9   15.26   1.7   23.08  12.3   0.0   0.0   8.5  28.1   10.54   ONO
25   2.8   7.7   13.50  -0.4   23.15  15.5   0.0   0.0   8.5  30.6   03.24   ONO
26   1.0   5.1   13.17  -2.2   04.50  17.3   0.0   0.0   6.9  22.0   11.23   ONO
27   0.6   4.8   14.23  -2.9   03.19  17.6   0.0   0.0   6.0  17.3   12.54    NO
28   1.5   5.8   14.48  -3.3   05.57  16.8   0.0   0.0   6.1  19.4   10.47   ONO
29   3.4   5.8   14.50  -0.6   23.53  14.9   0.0   0.0   5.9  18.4   00.11    NO
30   2.6   6.4   16.44  -2.5   07.19  15.7   0.0   0.0   3.7  17.3   10.29   NNO
31   5.2   7.8   15.01   2.2   00.12  13.1   0.0   0.0   3.9  50.0   21.05    NO
----------------------------------------------------------------------------------
     2.8   9.9    24   -22.4    13   481.5   0.0  48.3  11.6  74.5    13     NNO

Max >=  30.0:  0
Max <=  20.0: 31
Min <=   0.0: 18
Min <=  -5.0:  1
Max Rain: 23.5 on day 3
Days of Rain: 4 (>= 1.0 mm)  3 (>= 5.0 mm)  1 (>= 20.0 mm)
Heat Base: 18.3  Cool Base: 18.3  Method: Integration