Selezionare il report desiderato (mese/anno)

Report relativo al mese/anno: Feb 2017
                   Monthly Climatological Summary for feb 2017

Name: MeteoBellaria   City: Bellaria I.M. (RN)   State: Italy
Elevation: 4 m  Lat: N 44 08' 38"   Lon: E 012 27' 55"

                  Temperature (C), Rain (mm), Wind Speed (km/h)

                                      Heat  Cool        Avg
    Mean                              Deg   Deg         Wind                 Dom
Day Temp  High   Time   Low    Time   Days  Days  Rain  Speed High   Time    Dir
----------------------------------------------------------------------------------
 1   5.8   6.6   10.43   4.7   05.11  12.5   0.0   0.0   4.6  17.3   12.57   NNO
 2   6.7   7.9   12.35   5.7   03.51  11.6   0.0   6.9   3.2  18.4   07.09    NO
 3  10.7  17.6   14.32   4.6   07.00   7.6   0.0   1.4   9.8  51.5   12.19   SSO
 4   9.0  14.8   18.12   5.8   09.40   9.3   0.0   2.8  10.8  42.8   19.41   OSO
 5   7.3  10.5   18.43   4.9   07.10  11.0   0.0   3.1  10.4  42.8   17.39    SE
 6   7.1   9.0   23.29   5.4   06.56  11.2   0.0  22.1  15.7  46.4   11.48    NO
 7   8.1  10.6   11.32   4.7   23.52  10.2   0.0   0.3   6.4  22.0   00.39    NO
 8   6.0   9.3   13.42   2.0   05.20  12.3   0.0   0.0   7.4  28.1   22.21    NE
 9   6.9   7.8   12.54   5.0   22.25  11.4   0.0   0.0  14.1  34.2   03.20   NNE
10   5.5   6.5   14.17   4.4   06.54  12.8   0.0   0.0  10.8  28.1   11.18   ONO
11   6.4   7.5   12.45   5.3   04.45  11.9   0.0   0.0   7.0  24.5   04.19   ONO
12   7.4   8.6   14.07   6.5   01.01  10.9   0.0   0.0   4.3  12.2   11.38    NO
13   7.9   8.6   13.24   7.3   23.19  10.4   0.0   0.0   3.4  12.2   09.05    NO
14   6.8   9.8   13.14   3.3   22.51  11.5   0.0   0.0   7.0 165.0   12.47    NO
15   6.6  12.2   12.48   2.4   03.51  11.7   0.0   0.0   6.1  22.0   12.30     O
16   7.3  11.6   11.02   2.6   06.26  11.0   0.0   0.0   5.8  18.4   14.25   SSO
17   8.7  12.5   17.16   3.6   04.07   9.6   0.0   1.0   4.9  28.1   21.43   ESE
18   8.2  11.3   16.13   3.1   23.45  10.1   0.0   0.3   6.4  27.0   05.18   NNO
19   5.7  10.4   11.14   1.4   06.14  12.6   0.0   0.0   7.0  20.9   19.37   SSE
20   5.2   9.2   12.06   1.4   23.58  13.1   0.0   0.0   6.7  29.5   12.47    NO
21   4.2   9.2   16.38  -0.4   02.12  14.1   0.0   1.7   3.8  15.8   17.02   ESE
22   5.0   6.4   21.06   4.0   00.12  13.3   0.0   0.7   4.8  17.3   17.26     O
23   4.7   6.9   16.41   1.2   06.56  13.6   0.0   0.0   3.6  13.3   11.40    NO
24  10.5  14.7   08.00   3.4   00.34   7.7   0.0  54.9  10.9  35.6   07.50   SSE
25   7.8  10.7   12.08   4.0   23.34  10.5   0.0  26.9  12.3  69.8   00.16     N
26   6.5  10.5   11.29   2.6   06.30  11.8   0.0   0.0   7.3  18.4   09.28    NO
27   5.8  10.0   13.57   0.8   06.14  12.5   0.0   0.0   5.4  18.4   11.22    NO
28  12.8  16.5   15.42   4.8   00.00   5.5   0.0   0.0  19.9  63.7   15.23     S
----------------------------------------------------------------------------------
     7.2  17.6     3    -0.4    21   311.7   0.0 122.1   7.8 165.0    14     ONO

Max >=  30.0:  0
Max <=  20.0: 28
Min <=   0.0:  1
Min <=  -5.0:  0
Max Rain: 54.9 on day 24
Days of Rain: 9 (>= 1.0 mm)  4 (>= 5.0 mm)  3 (>= 20.0 mm)
Heat Base: 18.3  Cool Base: 18.3  Method: Integration