Selezionare il report desiderato (mese/anno)

Report relativo al mese/anno: Mar 2017
                   Monthly Climatological Summary for mar 2017

Name: MeteoBellaria   City: Bellaria I.M. (RN)   State: Italy
Elevation: 4 m  Lat: N 44 08' 38"   Lon: E 012 27' 55"

                  Temperature (C), Rain (mm), Wind Speed (km/h)

                                      Heat  Cool        Avg
    Mean                              Deg   Deg         Wind                 Dom
Day Temp  High   Time   Low    Time   Days  Days  Rain  Speed High   Time    Dir
----------------------------------------------------------------------------------
 1  10.6  14.7   00.00   5.3   23.53   7.7   0.0   0.0  14.9  78.5   04.41     O
 2  11.3  18.7   12.36   5.3   00.00   7.0   0.0   0.0   6.7  39.2   13.21   OSO
 3   8.7  11.1   10.41   5.5   07.11   9.6   0.0   0.0   7.5  23.4   21.16     E
 4  10.1  16.4   16.13   5.1   07.55   8.2   0.0   0.0  11.0  55.1   16.10     S
 5  12.0  15.3   16.07  10.3   23.35   6.3   0.0   0.0  11.9  47.9   16.34    SO
 6  12.4  17.7   13.04   3.2   09.58   5.9   0.0   8.6   9.8  47.9   17.08    SO
 7  10.4  13.4   16.14   7.6   06.07   7.9   0.0  10.0  14.9  50.0   04.26    NO
 8   9.4  14.0   16.22   4.1   06.42   8.9   0.0   0.0  11.5  36.7   12.18    NO
 9   9.9  15.8   16.10   3.5   06.13   8.4   0.0   0.0   5.7  20.9   14.40    NO
10  11.6  18.0   14.37   5.5   06.43   6.7   0.0   0.0   7.4  28.1   18.47   NNO
11   9.4  12.5   10.54   2.7   06.37   8.9   0.0   0.0   6.5  31.7   02.12    SE
12   9.0  12.1   13.52   4.5   00.17   9.3   0.0   0.0  10.4  35.6   15.41    SE
13   7.6  11.8   13.44   2.0   06.39  10.7   0.0   0.0   6.4  19.4   12.42   ENE
14   8.9  13.5   15.44   3.8   03.31   9.4   0.0   0.0   6.8  18.4   21.42   SSE
15  10.4  13.7   17.45   7.1   06.18   7.9   0.0   0.0   6.1  22.0   15.23   ESE
16   9.9  14.3   09.22   5.4   02.49   8.4   0.0   0.0   6.5  19.4   13.47   ESE
17  10.2  13.9   16.23   5.6   05.24   8.1   0.0   0.0   5.3  23.4   17.48    SE
18  15.8  22.4   14.57   8.9   00.30   3.3   0.8   0.0   8.9  36.7   14.33     O
19  13.3  16.3   10.17  10.7   05.25   5.0   0.0   0.0   5.8  20.9   13.03    NE
20  10.1  11.7   13.50   7.9   05.50   8.2   0.0   0.0   6.4  19.4   16.51    NE
21  10.4  12.2   21.18   8.1   06.23   7.9   0.0   0.0   4.6  15.8   17.08   ESE
22  12.4  14.8   11.42  10.0   07.15   5.9   0.0   0.0   6.7  88.2   23.11    SE
23  14.3  17.4   11.10  12.0   05.31   4.0   0.0   0.0   9.0  88.2   00.00    SE
24  12.5  14.9   14.53   8.6   06.25   5.8   0.0   0.0   4.7  15.8   13.26    NE
25  13.4  17.7   10.40   9.4   06.56   4.9   0.0   0.0   7.4  22.0   11.19   ESE
26  13.4  17.6   12.58  10.4   22.45   4.7   0.0   0.7  12.4  37.8   19.09    NE
27  11.4  13.3   15.57   5.9   23.58   6.9   0.0   0.0  15.9  45.4   01.44    NE
28   9.6  14.9   16.37   2.8   06.17   8.7   0.0   0.0   7.3  24.5   10.15   ONO
29  13.6  18.4   17.17   7.0   06.43   4.7   0.0   0.0   8.4  25.6   11.09   ONO
30  16.1  19.2   12.45   9.7   07.59   2.3   0.1   0.0   6.6  18.4   10.49   NNO
31  14.9  17.2   20.37   9.8   07.32   3.4   0.0   0.0   9.7  27.0   14.51    SE
----------------------------------------------------------------------------------
    11.4  22.4    18     2.0    13   215.0   0.9  19.3   8.5  88.2    22     ENE

Max >=  30.0:  0
Max <=  20.0: 30
Min <=   0.0:  0
Min <=  -5.0:  0
Max Rain: 10.0 on day 7
Days of Rain: 2 (>= 1.0 mm)  2 (>= 5.0 mm)  0 (>= 20.0 mm)
Heat Base: 18.3  Cool Base: 18.3  Method: Integration