Selezionare il report desiderato (mese/anno)

Report relativo al mese/anno: Apr 2017
                   Monthly Climatological Summary for apr 2017

Name: MeteoBellaria   City: Bellaria I.M. (RN)   State: Italy
Elevation: 4 m  Lat: N 44 08' 38"   Lon: E 012 27' 55"

                  Temperature (C), Rain (mm), Wind Speed (km/h)

                                      Heat  Cool        Avg
    Mean                              Deg   Deg         Wind                 Dom
Day Temp  High   Time   Low    Time   Days  Days  Rain  Speed High   Time    Dir
----------------------------------------------------------------------------------
 1  16.2  21.3   13.07  13.6   08.16   2.4   0.3   0.0   9.9  36.7   16.17    SE
 2  14.2  16.6   13.18  11.5   05.14   4.1   0.0   0.0   9.5  25.6   13.55     E
 3  16.0  21.7   17.36  10.7   06.22   3.0   0.7   0.0   9.9  37.8   10.53    NO
 4  16.1  20.0   15.03  11.5   05.57   2.3   0.1   0.0  10.3  25.6   16.43   NNO
 5  13.5  16.5   13.05   9.7   05.17   4.8   0.0   0.0   8.0  28.1   14.47   NNO
 6  12.6  17.2   16.31   8.8   04.25   5.7   0.0   2.1   8.1  51.5   11.23    SE
 7  12.4  16.7   13.54   7.0   04.27   5.9   0.0   0.0   9.3  30.6   14.17    SE
 8  12.8  17.3   13.34   7.4   05.20   5.5   0.0   0.0   7.5  27.0   15.49   ESE
 9  13.5  16.9   13.18   8.8   06.10   4.8   0.0   0.0   7.4  22.0   15.34   ESE
10  14.3  17.8   15.25   8.9   06.08   4.0   0.0   0.0   6.0  22.0   13.54   ESE
11  15.4  20.1   11.34  10.3   07.07   2.9   0.1   0.0   7.2  40.3   20.09   ENE
12  15.6  17.2   16.25  11.8   07.32   2.7   0.0   0.0   9.2  31.7   00.08   ESE
13  15.8  20.0   15.13  10.6   05.45   2.7   0.2   0.0   7.4  29.5   17.11    SE
14  15.9  20.2   14.23  11.1   03.52   2.6   0.2   0.0   7.5  28.1   19.32     E
15  16.2  19.4   09.45  12.4   06.50   2.1   0.1  10.3   6.4  20.9   12.46   ESE
16  16.0  18.6   14.10  13.3   05.14   2.3   0.0  11.7  14.0  66.2   23.17   NNE
17  13.6  15.2   12.25 -12.7   13.49   4.7   0.0   8.6  14.8  57.6   00.47    SE
18  10.0  16.2   11.23 -32.7   01.06   8.3   0.0  41.4  15.6  83.2   13.20   NNE
19   9.4  14.9   17.07   5.1   05.11   8.9   0.0   1.4  14.0  73.4   18.42    NO
20   9.4  13.1   14.01   2.8   06.10   8.9   0.0   0.0  10.0  35.6   01.00   NNE
21   9.3  12.2   14.20   4.1   07.11   9.0   0.0   0.0   9.2  36.7   00.27    SE
22  11.0  16.2   15.40   3.9   05.56   7.3   0.0   0.0  10.0  35.6   16.50   SSE
23  14.1  18.3   11.10   9.9   00.53   4.2   0.0   0.0   8.9  31.7   19.52     E
24  13.5  17.6   11.03   7.6   06.45   4.8   0.0   0.0   9.4  28.1   14.34    SE
25  16.0  21.9   16.47  10.4   05.52   2.7   0.5   0.0  10.2  39.2   15.59     S
26  17.7  21.3   16.07  14.7   05.07   1.3   0.6   0.0  15.1  46.4   22.32     S
27  19.0  21.8   13.22  15.0   23.59   0.1   0.9   8.6  23.7  55.1   15.25     S
28  15.2  19.6   17.32  11.5   23.28   3.2   0.1   4.1  11.9  46.4   15.52   ONO
29  11.9  15.5   14.08   8.0   23.50   6.4   0.0   0.0   9.6  36.7   11.11     N
30  11.4  16.5   19.19   4.8   06.14   6.9   0.0   0.0   6.2  20.9   09.28   NNO
----------------------------------------------------------------------------------
    13.9  21.9    25   -32.7    18   134.5   3.8  88.2  10.2  83.2    18     ESE

Max >=  30.0:  0
Max <=  20.0: 23
Min <=   0.0:  2
Min <=  -5.0:  2
Max Rain: 41.4 on day 18
Days of Rain: 8 (>= 1.0 mm)  5 (>= 5.0 mm)  1 (>= 20.0 mm)
Heat Base: 18.3  Cool Base: 18.3  Method: Integration