Selezionare il report desiderato (mese/anno)

Report relativo al mese/anno: Mag 2017
                   Monthly Climatological Summary for mag 2017

Name: MeteoBellaria   City: Bellaria I.M. (RN)   State: Italy
Elevation: 4 m  Lat: N 44 08' 38"   Lon: E 012 27' 55"

                  Temperature (C), Rain (mm), Wind Speed (km/h)

                                      Heat  Cool        Avg
    Mean                              Deg   Deg         Wind                 Dom
Day Temp  High   Time   Low    Time   Days  Days  Rain  Speed High   Time    Dir
----------------------------------------------------------------------------------
 1  12.9  19.9   16.33   7.1   03.55   5.5   0.1   0.7  11.7  55.1   14.21   SSE
 2  12.5  15.8   16.56   6.4   05.42   5.8   0.0   0.0  10.1  35.6   16.19   ESE
 3  13.9  18.1   11.20   9.3   03.10   4.4   0.0   1.7   7.6  30.6   13.59    SE
 4  14.2  16.7   17.36  11.5   07.45   4.1   0.0  31.4   8.3  30.6   22.39    SE
 5  14.7  17.7   12.09  11.0   04.13   3.6   0.0   2.1   8.7  27.0   09.44     E
 6  14.7  16.7   10.16  10.6   05.18   3.6   0.0   9.3  10.6  40.3   14.55    SE
 7  15.0  18.9   13.28  11.7   06.27   3.4   0.0   3.1  13.2  47.9   14.45    NO
 8  16.2  20.9   09.52  10.5   06.21   2.4   0.3   0.3   6.6  29.5   16.31   NNO
 9  14.1  16.1   00.00  10.9   23.50   4.2   0.0  54.5   7.9  28.1   08.13   ONO
10  13.9  17.5   13.56   8.2   05.59   4.4   0.0   0.0   9.4  33.1   12.12   ESE
11  16.0  18.5   13.26  12.3   06.14   2.3   0.0   0.0   9.4  36.7   15.58    SE
12  18.6  22.4   10.32  14.7   05.59   0.7   1.0   0.0   8.6  37.8   16.26    SE
13  20.3  25.2   13.51  17.4   05.23   0.1   2.1   0.0  12.2  42.8   10.39    SO
14  19.9  22.9   13.59  15.3   06.25   0.4   2.1   0.0   7.3  28.1   17.59   ESE
15  19.0  22.5   15.48  16.3   03.49   0.4   1.1   1.7   8.2  30.6   09.17    NO
16  19.5  24.1   18.42  14.8   04.42   0.9   2.1   0.0   9.3  28.1   05.56    NO
17  19.6  24.9   16.36  13.2   05.23   1.3   2.6   0.0   6.4  20.9   08.34   NNO
18  18.7  22.3   14.07  12.4   05.42   1.3   1.8   0.0   7.6  25.6   16.10   ESE
19  22.2  27.9   16.06  16.4   02.17   0.3   4.3   0.0   9.0  39.2   11.05    SO
20  17.8  19.7   19.07  15.7   23.44   0.6   0.2  10.7   8.4  30.6   14.21    NO
21  18.4  22.9   17.17  14.1   04.39   1.5   1.6   5.5   9.4  31.7   11.10    NO
22  19.3  24.3   17.35  12.5   05.13   1.5   2.5   0.0   6.5  17.3   13.28    SE
23  21.4  26.1   19.08  15.2   05.00   0.7   3.8   0.0   6.6  20.9   18.15   SSE
24  21.8  25.3   15.20  17.8   05.19   0.0   3.5   0.0   7.8  28.1   19.46    SE
25  19.9  21.4   01.41  15.9   23.58   0.1   1.6   3.4  16.1  45.4   01.39    SE
26  18.3  22.3   15.38  12.3   05.13   1.7   1.6   0.0   6.5  19.4   14.16    SE
27  19.3  24.3   16.45  12.4   04.17   1.6   2.5   0.0   6.3  19.4   08.52     E
28  20.9  25.3   16.18  14.5   03.56   0.8   3.3   0.0   7.3  24.5   17.48    SE
29  20.8  25.4   14.57  15.2   04.36   0.7   3.2   0.0   9.4  34.2   20.33   ESE
30  22.1  24.8   13.52  16.7   05.38   0.2   4.0   0.0   7.4  31.7   16.04   ESE
31  23.8  27.2   10.42  18.5   06.00   0.0   5.5   0.0   6.5  29.5   17.14    SE
----------------------------------------------------------------------------------
    18.1  27.9    19     6.4     2    58.5  50.8 124.4   8.7  55.1     1      SE

Max >=  30.0:  0
Max <=  20.0: 11
Min <=   0.0:  0
Min <=  -5.0:  0
Max Rain: 54.5 on day 9
Days of Rain: 10 (>= 1.0 mm)  5 (>= 5.0 mm)  2 (>= 20.0 mm)
Heat Base: 18.3  Cool Base: 18.3  Method: Integration