Selezionare il report desiderato (mese/anno)

Report relativo al mese/anno: Giu 2017
                   Monthly Climatological Summary for giu 2017

Name: MeteoBellaria   City: Bellaria I.M. (RN)   State: Italy
Elevation: 4 m  Lat: N 44 08' 38"   Lon: E 012 27' 55"

                  Temperature (C), Rain (mm), Wind Speed (km/h)

                                      Heat  Cool        Avg
    Mean                              Deg   Deg         Wind                 Dom
Day Temp  High   Time   Low    Time   Days  Days  Rain  Speed High   Time    Dir
----------------------------------------------------------------------------------
 1  23.1  26.5   10.54  17.9   06.17   0.0   4.8   0.0   8.7  30.6   16.30    SE
 2  22.8  26.6   15.48  17.2   06.06   0.0   4.5   0.0   6.8  25.6   18.57   ESE
 3  23.5  27.0   10.21  17.5   06.21   0.0   5.3   0.0   6.7  25.6   18.25    SE
 4  23.8  29.5   14.09  15.5   05.47   0.0   5.5   9.0  10.0  37.8   17.25   SSE
 5  23.0  26.1   14.11  18.2   05.26   0.0   4.7   0.0   8.3  30.6   13.15   ESE
 6  23.1  28.2   14.36  18.8   05.21   0.0   4.8   0.0  10.0  66.2   18.25   OSO
 7  22.9  26.8   11.39  17.3   05.04   0.1   4.7   0.0   8.0  57.6   23.19   ESE
 8  21.1  23.0   14.38  15.2   23.58   0.1   2.9   0.0  10.2  39.2   00.15     E
 9  19.4  24.9   16.07  11.7   05.29   1.6   2.8   0.0   7.0  20.9   14.07   ENE
10  21.5  25.4   17.46  16.8   04.23   0.3   3.5   0.0   6.3  20.9   17.53    SE
11  22.3  25.6   15.49  16.2   05.25   0.2   4.2   0.0   8.6  30.6   14.25   ESE
12  22.9  26.5   12.25  17.6   05.59   0.0   4.7   0.0  11.0  35.6   17.35    SE
13  24.5  27.9   09.50  20.0   05.19   0.0   6.2   0.0   7.5  29.5   16.56   ESE
14  25.6  29.5   14.09  22.2   02.34   0.0   7.3   0.0   8.1  34.2   20.50   ESE
15  23.5  26.0   15.18  20.7   01.44   0.0   5.2   0.0   9.5  31.7   00.11     E
16  24.5  27.2   14.06  20.0   06.19   0.0   6.2   0.0   8.5  28.1   21.33   ESE
17  25.5  27.0   10.44  22.4   06.17   0.0   7.2   0.0  11.0  30.6   11.51   ESE
18  24.2  25.6   17.38  19.4   23.59   0.0   5.9   0.0  13.6  41.8   01.45   ESE
19  22.3  26.6   15.53  -7.6   20.23   0.5   4.4   0.0   7.4  20.9   09.51     N
20  23.1  27.0   14.46  16.5   06.09   0.2   5.0   0.0   8.6  30.6   19.16   ESE
21  24.9  29.8   15.49  19.7   05.59   0.0   6.6   0.0   7.4  23.4   16.08   ESE
22  26.3  29.8   16.47  20.8   06.10   0.0   8.0   0.0   7.5 170.0   18.31    SE
23  27.7  31.5   10.51  23.4   02.55   0.0   9.4   0.0   8.9  31.7   19.29    SE
24  27.7  30.8   11.43  24.4   02.40   0.0   9.4   0.0   7.5  34.2   16.36   ESE
25  27.2  32.3   14.05  23.6   05.53   0.0   8.9   0.0   8.2  56.2   15.39   ENE
26  25.6  27.7   14.35  21.3   06.14   0.0   7.3   0.0   8.4  25.6   15.31     E
27  25.7  28.3   15.17  22.2   05.47   0.0   7.4   0.0  11.4  36.7   17.02   ESE
28  25.6  32.3   17.26  18.3   21.38   0.0   7.3   0.0  11.7  63.7   17.37   SSO
29  25.6  30.9   17.51  19.8   00.34   0.0   7.3   0.0  18.9  62.3   12.42     O
30  22.4  26.8   11.56  18.7   06.27   0.0   4.1   0.0  10.6  49.0   15.37    SO
----------------------------------------------------------------------------------
    24.0  32.3    25    -7.6    19     3.0 175.5   9.0   9.2 170.0    22      SE

Max >=  30.0:  5
Max <=  20.0:  0
Min <=   0.0:  1
Min <=  -5.0:  1
Max Rain: 9.0 on day 4
Days of Rain: 1 (>= 1.0 mm)  1 (>= 5.0 mm)  0 (>= 20.0 mm)
Heat Base: 18.3  Cool Base: 18.3  Method: Integration