Selezionare il report desiderato (mese/anno)

Report relativo al mese/anno: Lug 2017
                   Monthly Climatological Summary for lug 2017

Name: MeteoBellaria   City: Bellaria I.M. (RN)   State: Italy
Elevation: 4 m  Lat: N 44 08' 38"   Lon: E 012 27' 55"

                  Temperature (C), Rain (mm), Wind Speed (km/h)

                                      Heat  Cool        Avg
    Mean                              Deg   Deg         Wind                 Dom
Day Temp  High   Time   Low    Time   Days  Days  Rain  Speed High   Time    Dir
----------------------------------------------------------------------------------
 1  22.7  26.2   10.58  18.3   05.56   0.0   4.4   0.0  10.9  34.2   15.02   SSE
 2  21.9  25.6   14.13  15.1   05.58   0.4   4.0   0.0   9.6  35.6   08.59   NNO
 3  23.5  27.0   09.28  17.8   04.08   0.0   5.2   0.0  10.8  35.6   15.21    SE
 4  24.3  26.7   10.31  19.3   05.54   0.0   6.0   0.0  12.8  39.2   15.07    SE
 5  23.8  27.2   16.43  18.7   05.00   0.0   5.5   0.0   7.5  24.5   18.10   ESE
 6  25.4  28.3   11.25  19.5   05.47   0.0   7.1   0.0   7.8 159.0   08.44    SE
 7  28.1  29.8   19.58  24.3   23.59   0.0   9.9   0.0   9.6  27.0   18.52   SSE
 8  26.7  30.8   11.26  21.2   06.19   0.0   8.4   0.0   7.0  20.9   13.18   ESE
 9  26.4  38.4   10.21  13.9   23.39   0.0   8.1   0.0   9.7 201.0   10.21     E
10  28.6  33.5   13.16  25.5   04.13   0.0  10.4   0.0   8.9  36.7   12.44   SSE
11  26.3  29.6   10.20  23.0   05.58   0.0   8.0   0.0  10.3  56.2   18.50   ESE
12  25.7  30.1   17.08  20.6   05.01   0.0   7.4   0.0   7.3  49.0   10.11     E
13  26.5  29.6   17.13  21.4   05.27   0.0   8.2   0.0   6.9  27.0   14.57     E
14  25.6  27.5   00.00  22.5   23.59   0.0   7.3   0.0   9.2  45.4   11.12    NE
15  24.2  27.4   13.38  19.6   06.23   0.0   5.9   0.0   9.5  42.8   23.35    NE
16  24.3  26.4   18.04  20.0   23.59   0.0   6.0   0.0  15.8  60.1   03.13   ENE
17  22.5  27.1   14.50  16.4   04.34   0.3   4.5   0.0   7.1  24.5   08.27   NNO
18  23.2  27.7   14.58  16.2   05.18   0.3   5.2   0.0   8.0  24.5   19.02   ESE
19  24.6  29.0   10.23  18.5   06.40   0.0   6.3   0.0   8.0  25.6   15.25     E
20  26.4  30.6   11.38  20.8   04.11   0.0   8.1   0.0   9.2  27.0   19.34   ESE
21  26.1  28.8   14.55  21.0   06.14   0.0   7.8   0.0   9.1  29.5   19.22     E
22  27.5  30.3   10.15  22.2   05.58   0.0   9.2   0.0   9.0  33.1   17.59    SE
23  28.0  31.4   11.19  23.8   02.19   0.0   9.7   0.0   8.0  29.5   12.42     E
24  27.3  32.7   13.53  22.7   23.49   0.0   9.0   0.0   9.2  64.8   17.01    SO
25  23.7  26.9   19.20  18.6   21.25   0.0   5.4   6.2  10.8  84.6   20.59     E
26  23.0  27.3   12.47  17.2   05.15   0.1   4.8   0.0  10.8  69.8   08.57     O
27  23.8  27.1   13.12  17.2   05.49   0.0   5.6   0.0  10.2  37.8   09.35   ENE
28  25.4  30.3   11.18  19.6   04.08   0.0   7.1   0.0   9.5  34.2   17.05   SSE
29  25.8  28.8   11.47  21.0   05.27   0.0   7.5   0.0   9.3  30.6   17.05     E
30  25.6  27.6   16.20  23.0   06.30   0.0   7.3   6.2  11.0  40.3   09.08   NNE
31  26.1  28.7   16.15  22.4   04.13   0.0   7.8   0.0   7.5  27.0   15.47     E
----------------------------------------------------------------------------------
    25.3  38.4     9    13.9     9     1.1 217.1  12.4   9.4 201.0     9       E

Max >=  30.0:  9
Max <=  20.0:  0
Min <=   0.0:  0
Min <=  -5.0:  0
Max Rain: 6.2 on day 25
Days of Rain: 2 (>= 1.0 mm)  2 (>= 5.0 mm)  0 (>= 20.0 mm)
Heat Base: 18.3  Cool Base: 18.3  Method: Integration