Selezionare il report desiderato (mese/anno)

Report relativo al mese/anno: Ago 2017
                   Monthly Climatological Summary for ago 2017

Name: MeteoBellaria   City: Bellaria I.M. (RN)   State: Italy
Elevation: 4 m  Lat: N 44 08' 38"   Lon: E 012 27' 55"

                  Temperature (C), Rain (mm), Wind Speed (km/h)

                                      Heat  Cool        Avg
    Mean                              Deg   Deg         Wind                 Dom
Day Temp  High   Time   Low    Time   Days  Days  Rain  Speed High   Time    Dir
----------------------------------------------------------------------------------
 1  26.4  29.8   16.29  21.1   05.54   0.0   8.1   0.0   7.8  27.0   15.35     E
 2  28.1  31.8   19.06  22.8   05.14   0.0   9.8   0.0   7.0  22.0   16.16   ESE
 3  28.8  32.5   11.16  24.5   05.19   0.0  10.5   0.0   6.5 159.0   11.03   ESE
 4  29.8  33.2   18.27  24.5   06.26   0.0  11.5   0.0   7.0  25.6   19.19    SE
 5  30.1  34.2   19.08  25.4   05.49   0.0  11.8   0.0   7.1  25.6   16.11    SE
 6  28.4  32.5   09.49  24.0   05.47   0.0  10.1   0.0   7.8  46.4   20.24   NNE
 7  25.8  27.8   15.27  -7.0   11.37   0.0   7.6   0.0  11.0 168.0   11.37    NE
 8  26.1  29.2   16.25  20.8   06.15   0.0   7.8   0.0   9.3  33.1   12.48   ESE
 9  27.8  30.9   13.49  23.2   07.05   0.0   9.5   0.0   8.3  35.6   12.14   ENE
10  26.7  30.8   12.49  21.2   15.27   0.0   8.4   2.4   7.1  94.3   15.03     N
11  25.3  30.3   14.40  19.8   10.09   0.0   7.0   2.4  12.8 162.0   23.28     O
12  22.0  25.2   14.08  19.0   05.35   0.0   3.7   0.0   7.8  33.1   14.50   NNO
13  23.4  27.1   16.42  18.1   03.52   0.0   5.2   0.0   7.8 164.0   12.46   SSE
14  24.0  27.6   15.27  18.1   05.24   0.0   5.7   0.0   6.3  20.9   16.49   ESE
15  24.5  29.1   18.39  18.6   06.20   0.0   6.2   2.4   6.3  24.5   15.40   ESE
16  25.2  45.4   14.19  19.9   05.41   0.0   6.9   0.0   5.6 163.0   14.48     E
17  25.5  29.3   14.26  20.4   06.31   0.0   7.2   0.0   6.7  20.9   08.42     N
18  26.0  29.8   12.57  20.3   06.26   0.0   7.7   0.0   8.8 165.0   19.21    SE
19  27.3  32.3   10.50  23.4   03.45   0.0   9.0   0.0   7.9  30.6   17.04   SSE
20  24.1  31.9   18.28  21.2   06.17   0.0   5.8   0.0  11.7  56.2   02.24     N
21  23.0  25.7   16.18  18.0   04.49   0.0   4.7   0.0  10.6  43.9   09.45   ENE
22  22.0  25.4   15.43  16.3   07.31   0.2   3.9   0.0   9.4  34.2   05.50     E
23  22.0  26.3   16.08  15.3   06.35   0.5   4.2   0.0   9.0  28.1   14.17    SE
24  23.6  27.9   03.23  18.2   04.57   0.0   5.3   0.0   9.0  35.6   16.35    SE
25  25.1  28.5   16.07  20.5   07.06   0.0   6.8   0.0   7.7  24.5   18.44   ESE
26  25.2  28.4   16.44  20.0   08.53   0.0   6.9   0.0   7.5  22.0   13.47     E
27  26.4  31.2   18.45  20.7   07.17   0.0   8.1   0.0   7.1  22.0   09.53   ESE
28  26.7  30.5   18.56  22.3   05.01   0.0   8.4   0.0  10.8  70.9   21.27   ESE
29  24.4  27.2   15.04  19.8   06.58   0.0   6.1   0.0   7.4  22.0   13.36     E
30  23.7  27.5   14.30  17.5   06.49   0.0   5.4   0.0   8.8  30.6   18.58   ESE
31  25.1  28.9   14.07  20.0   07.19   0.0   6.8   0.0   7.3  33.1   16.24   ESE
----------------------------------------------------------------------------------
    25.6  45.4    16    -7.0     7     0.7 226.1   7.2   8.2 168.0     7       E

Max >=  30.0: 13
Max <=  20.0:  0
Min <=   0.0:  1
Min <=  -5.0:  1
Max Rain: 2.4 on day 10
Days of Rain: 3 (>= 1.0 mm)  0 (>= 5.0 mm)  0 (>= 20.0 mm)
Heat Base: 18.3  Cool Base: 18.3  Method: Integration