Selezionare il report desiderato (mese/anno)

Report relativo al mese/anno: Set 2017
                   Monthly Climatological Summary for set 2017

Name: MeteoBellaria   City: Bellaria I.M. (RN)   State: Italy
Elevation: 4 m  Lat: N 44 08' 38"   Lon: E 012 27' 55"

                  Temperature (C), Rain (mm), Wind Speed (km/h)

                                      Heat  Cool        Avg
    Mean                              Deg   Deg         Wind                 Dom
Day Temp  High   Time   Low    Time   Days  Days  Rain  Speed High   Time    Dir
----------------------------------------------------------------------------------
 1  25.7  30.7   18.22  21.0   10.19   0.0   7.4   0.0   9.2  37.8   16.15    SO
 2  22.2  26.4   13.25  16.7   23.48   0.1   4.0   0.0  10.1  42.8   16.22   NNO
 3  18.0  22.8   17.40  14.4   06.53   1.4   1.1   1.7  13.2  41.8   03.37   ONO
 4  20.0  25.0   11.20  13.0   07.12   1.4   3.1   0.0  10.8  35.6   17.41   SSE
 5  21.6  25.3   11.25  16.2   07.20   0.3   3.6   1.7   9.1  28.1   15.28    SE
 6  22.2  25.7   14.44  16.4   06.50   0.3   4.1   1.7   7.1  23.4   13.33   ESE
 7  23.1  26.1   14.37  18.7   23.52   0.0   4.8   0.7   9.0  55.1   23.35    SE
 8  20.4  23.5   13.55  16.9   07.03   0.2   2.3   0.3  11.4  51.5   00.15     N
 9  22.7  27.9   16.12  16.9   06.40   0.2   4.6   0.3  10.9  36.7   16.15    SO
10  20.6  23.6   07.07  -6.0   16.56   0.1   2.4   8.6  11.9  46.4   08.15   SSE
11  19.7  28.8   04.39  17.8   07.44   0.0   1.5   1.4  10.4  34.2   17.46   ONO
12  19.9  26.8   13.32  15.6   23.56   0.6   2.2   0.3  13.5  61.2   10.19   ONO
13  18.6  22.9   15.31  13.6   06.09   1.4   1.8   0.0   6.9  24.5   18.22    SE
14  22.4  28.9   16.25  15.1   04.40   0.7   4.8   0.0  11.6  49.0   15.14   OSO
15  22.3  27.0   13.43  18.5   23.44   0.0   4.0   1.4   8.3  29.5   14.54    SO
16  18.4  21.1   13.34  16.2   06.07   0.6   0.8   8.3   8.5  25.6   13.51    NO
17  19.8  24.1   14.08  16.8   05.08   0.4   1.9   0.7  13.5  55.1   15.59     O
18  18.2  22.7   13.33  14.6   23.58   1.3   1.2  46.9   9.1  46.4   13.16     O
19  13.6  14.8   13.37  12.6   15.06   4.7   0.0  13.1  15.2  57.6   11.49   ONO
20  12.9  19.8   21.37  12.7   00.00   5.4   0.0   0.0  12.0  12.2   00.00     O
21  15.9  21.0   15.31   9.4   07.10   3.0   0.7   0.0   6.0  18.4   17.01     S
22  16.6  21.5   18.15  11.3   07.15   2.5   0.9   0.0   6.4  22.0   19.41   SSE
23  17.4  22.1   11.44  12.2   06.57   2.0   1.1   0.0   6.1  18.4   12.33     S
24  16.7  21.5   10.56  13.7   05.38   2.0   0.4   1.7   6.1  47.9   13.48    NO
25  15.9  18.7   16.37  14.2   08.49   2.4   0.0   8.6  12.4  36.7   05.53   ONO
26  16.9  20.5   14.24  14.0   06.44   1.9   0.5   1.0   9.6  30.6   10.12    NO
27  17.2  21.7   16.12  12.9   02.54   2.1   1.0   0.0  10.0  33.1   09.29   ONO
28  17.3  21.3   13.28  13.8   04.23   1.9   0.8   0.0   9.2  37.8   09.37   ONO
29  16.1  20.6   15.44  11.6   06.14   2.7   0.5   0.0   8.0  29.5   09.00   ONO
30  15.7  20.0   13.27  11.2   06.39   3.0   0.4   0.0   7.6  27.0   09.16     O
----------------------------------------------------------------------------------
    18.9  30.7     1    -6.0    10    42.6  61.9  98.4   9.8  61.2    12       O

Max >=  30.0:  1
Max <=  20.0:  4
Min <=   0.0:  1
Min <=  -5.0:  1
Max Rain: 46.9 on day 18
Days of Rain: 12 (>= 1.0 mm)  5 (>= 5.0 mm)  1 (>= 20.0 mm)
Heat Base: 18.3  Cool Base: 18.3  Method: Integration