Selezionare il report desiderato (mese/anno)

Report relativo al mese/anno: Nov 2017
                   Monthly Climatological Summary for nov 2017

Name: MeteoBellaria   City: Bellaria I.M. (RN)   State: Italy
Elevation: 4 m  Lat: N 44 08' 38"   Lon: E 012 27' 55"

                  Temperature (C), Rain (mm), Wind Speed (km/h)

                                      Heat  Cool        Avg
    Mean                              Deg   Deg         Wind                 Dom
Day Temp  High   Time   Low    Time   Days  Days  Rain  Speed High   Time    Dir
----------------------------------------------------------------------------------
 1  10.4  16.2   15.16   5.1   06.52   7.9   0.0   0.0   6.3  24.5   14.13   SSE
 2  11.1  16.1   15.28   5.4   06.33   7.2   0.0   0.0   5.0  15.8   09.51   SSO
 3  13.6  16.3   14.24   9.9   23.56   4.7   0.0   0.0   5.8  19.4   08.58   ONO
 4  12.3  16.2   15.24   7.9   04.40   6.0   0.0   0.3   3.7  13.3   12.10   OSO
 5  14.4  17.1   13.41   9.9   02.56   3.9   0.0   3.1  13.4  43.9   15.31    SE
 6  12.7  15.3   00.13   9.2   07.25   5.6   0.0  29.0  13.8 160.0   07.17   NNO
 7  11.4  14.9   16.12   9.4   05.51   6.9   0.0  30.0  10.4  34.2   16.41   OSO
 8  11.0  14.0   14.37   8.3   23.28   7.3   0.0   1.0  10.9  37.8   01.51   ONO
 9  10.8  14.7   13.31   5.7   05.30   7.5   0.0   0.0   4.8  15.8   22.13   ONO
10  10.5  12.6   14.54   7.7   23.56   7.8   0.0   6.6  10.2  33.1   10.48   ONO
11   9.1  13.3   13.39   5.2   07.02   9.2   0.0   0.0   4.6  14.8   12.17   OSO
12  10.1  15.2   23.57   4.8   03.52   8.2   0.0   1.4   6.8  25.6   22.12   OSO
13   8.0  16.4   02.08   4.0   09.08  10.3   0.0 109.0  29.7  84.6   16.49   NNO
14  11.3  12.1   21.24   9.3   00.00   7.0   0.0   5.2  28.2  70.9   00.36    NE
15   7.5  11.9   01.44   5.2   05.48  10.8   0.0  12.4  16.3  43.9   00.34    NO
16   8.5  11.7   15.45   6.8   22.09   9.8   0.0   3.4  13.2  39.2   09.03   ONO
17   9.5  12.0   13.37   6.5   05.59   8.8   0.0   0.0  10.0  29.5   09.17   ONO
18   9.2  13.1   14.47   6.1   23.46   9.1   0.0   0.0  11.0  30.6   09.52   ONO
19   7.7  13.6   15.21 -24.0   22.15  10.6   0.0   0.0   6.8  18.4   11.37   ONO
20   7.8  13.0   15.10   3.9   07.21  10.5   0.0   0.0   7.1  28.1   14.26   SSO
21   6.8  13.6   23.11 -13.6   23.51  11.5   0.0   0.0   4.1 207.0   15.41     O
22   5.4  15.4   23.12 -15.4   23.52  12.9   0.0   0.0   4.9  17.3   07.03   ONO
23   7.4  16.9   19.12 -24.0   20.40  10.9   0.0  13.4   5.9 213.0   20.38   ONO
24   8.8  11.2   15.18   6.0   06.24   9.5   0.0   0.0   4.6  13.3   09.20   ONO
25  12.8  17.6   19.56   8.0   00.00   5.5   0.0   0.0  10.3 168.0   16.47   SSO
26   8.1  10.1   00.00 -15.4   17.57  10.2   0.0  14.1  17.1 170.0   17.57    NO
27   4.9   9.7   15.19   1.5   23.45  13.4   0.0   1.0  11.8  28.1   09.49   ONO
28   6.1  11.5   15.12   0.5   05.09  12.2   0.0   0.0   8.5  27.0   15.40   SSO
29   5.3  35.9   01.09   3.8   23.47  13.0   0.0  10.0   9.3  27.0   23.59   ONO
30   5.2   9.6   15.10   2.3   23.15  13.1   0.0   1.0   8.2  30.6   07.13   ONO
----------------------------------------------------------------------------------
     9.3  35.9    29   -24.0    19   271.3   0.0 240.9   9.8 213.0    23     ONO

Max >=  30.0:  1
Max <=  20.0: 29
Min <=   0.0:  5
Min <=  -5.0:  5
Max Rain: 109.0 on day 13
Days of Rain: 15 (>= 1.0 mm)  9 (>= 5.0 mm)  3 (>= 20.0 mm)
Heat Base: 18.3  Cool Base: 18.3  Method: Integration