Selezionare il report desiderato (mese/anno)

Report relativo al mese/anno: Dic 2017
                   Monthly Climatological Summary for dic 2017

Name: MeteoBellaria   City: Bellaria I.M. (RN)   State: Italy
Elevation: 4 m  Lat: N 44 08' 38"   Lon: E 012 27' 55"

                  Temperature (C), Rain (mm), Wind Speed (km/h)

                                      Heat  Cool        Avg
    Mean                              Deg   Deg         Wind                 Dom
Day Temp  High   Time   Low    Time   Days  Days  Rain  Speed High   Time    Dir
----------------------------------------------------------------------------------
 1   3.7   8.2   13.28  -0.5   07.33  14.6   0.0   0.0   8.9  33.1   18.31   ONO
 2   7.2  10.0   12.36   4.1   06.24  11.1   0.0   5.5  17.3  49.0   17.55   NNE
 3   5.1   8.8   00.00   3.3   05.13  13.2   0.0   5.2  14.8  39.2   09.21    NO
 4   4.6   8.9   14.31   1.8   06.31  13.7   0.0   1.4   9.1  29.5   03.46   ONO
 5   3.7   8.8   11.44  -0.4   07.31  14.6   0.0   0.0   4.9  20.9   00.53   ONO
 6   4.8  11.0   15.09  -0.1   04.55  13.5   0.0   0.0   3.7  15.8   01.40    SO
 7   7.9  13.8   14.33   1.0   07.43  10.4   0.0   0.0   4.4  15.8   23.55   SSO
 8  11.7  14.0   13.22   5.3   23.46   6.6   0.0   0.0  14.3  39.2   12.25   SSO
 9   3.7   7.0   03.50   1.1   20.15  14.6   0.0  22.8  13.4  51.5   06.54   ONO
10   4.1  10.1   20.07  -0.9   03.27  14.2   0.0   0.0  14.1  43.9   16.27   SSO
11   9.4  17.5   23.28   1.0   03.00   8.9   0.0   3.8  21.6  74.5   23.04     S
12  13.2  18.0   04.42   9.9   23.04   5.1   0.0  11.0  15.5  66.2   00.07     S
13   7.6  10.2   01.11   4.5   23.20  10.7   0.0   0.0   6.2  28.1   00.08     O
14  10.3  15.9   22.56   4.8   00.00   8.0   0.0   0.0  11.5  50.0   19.00   OSO
15  12.8  16.8   12.21   5.2   22.48   5.5   0.0   4.8  15.2  64.8   05.53     O
16   5.5   7.9   02.09   2.9   06.42  12.8   0.0  18.6  14.1  45.4   22.16   ONO
17   3.8   8.4   06.48   0.9   07.17  14.5   0.0   0.0  15.1  45.4   01.06    NO
18   2.8   7.5   12.50  -1.1   05.56  15.5   0.0   0.0   5.2  17.3   06.43   ONO
19   2.4   6.0   14.23   0.1   22.25  15.9   0.0   0.0   8.4  31.7   11.21   ONO
20   1.6   4.3   14.59   0.0   00.23  16.7   0.0   0.0  10.0  30.6   12.11   ONO
21   2.1   5.9   15.26  -0.1   07.48  16.2   0.0   0.0  10.0 166.0   02.50   ONO
22   2.3   7.0   14.32  -1.8   07.20  16.0   0.0   0.0   8.2  27.0   13.51   ONO
23   3.3   8.9   14.11  -1.0   07.52  15.0   0.0   0.0   4.2  13.3   11.22     O
24   4.1  10.9   13.14  -0.2   07.41  14.2   0.0   0.0   4.1  12.2   01.55   OSO
25   5.6  10.2   23.23   0.7   07.29  12.7   0.0   0.0   2.8  12.2   23.44    SO
26  10.4  15.2   13.16   5.5   03.14   7.9   0.0   0.0  11.0  33.1   11.53   SSO
27  10.7  12.4   12.37   9.2   15.56   7.6   0.0   0.0  16.2  42.8   14.15   SSE
28   6.0  10.0   01.03   3.4   08.12  12.3   0.0   4.1  11.5  36.7   20.26    NO
29   5.4   8.4   15.00   2.5   23.29  12.9   0.0  14.8   9.1  30.6   10.27   ONO
30   3.4   7.0   15.42   1.4   22.28  14.9   0.0   0.0   5.4  22.0   05.02     O
31   4.6   7.4   13.37   0.8   02.07  13.7   0.0   0.0   4.0  12.2   02.12     O
----------------------------------------------------------------------------------
     5.9  18.0    12    -1.8    22   383.5   0.0  92.0  10.1 166.0    21       O

Max >=  30.0:  0
Max <=  20.0: 31
Min <=   0.0: 10
Min <=  -5.0:  0
Max Rain: 22.8 on day 9
Days of Rain: 10 (>= 1.0 mm)  6 (>= 5.0 mm)  1 (>= 20.0 mm)
Heat Base: 18.3  Cool Base: 18.3  Method: Integration